CRAN Package Check Results for Package mem

Last updated on 2014-12-21 11:46:37.

Flavor Version Tinstall Tcheck Ttotal Status Flags
r-devel-linux-x86_64-debian-clang 1.4 0.78 15.06 15.84 OK
r-devel-linux-x86_64-debian-gcc 1.4 0.68 14.50 15.18 OK
r-devel-linux-x86_64-fedora-clang 1.4 32.70 OK
r-devel-linux-x86_64-fedora-gcc 1.4 29.15 OK
r-devel-osx-x86_64-clang 1.4 33.34 OK
r-devel-windows-ix86+x86_64 1.4 3.00 25.00 28.00 OK
r-patched-linux-x86_64 1.4 0.72 14.99 15.71 OK
r-patched-solaris-sparc 1.4 168.80 OK
r-patched-solaris-x86 1.4 42.90 OK
r-release-linux-ix86 1.4 1.03 21.22 22.26 OK
r-release-linux-x86_64 1.4 0.75 15.42 16.18 OK
r-release-osx-x86_64-mavericks 1.4 OK
r-release-osx-x86_64-snowleopard 1.4 OK
r-release-windows-ix86+x86_64 1.4 4.00 25.00 29.00 OK
r-oldrel-windows-ix86+x86_64 1.3 3.00 25.00 28.00 NOTE

Check Details

Version: 1.3
Check: dependencies in R code
Result: NOTE
    Packages in Depends field not imported from:
     'boot' 'sm'
     These packages need to be imported from (in the NAMESPACE file)
     for when this namespace is loaded but not attached.
    See the information on DESCRIPTION files in the chapter 'Creating R
    packages' of the 'Writing R Extensions' manual.
Flavor: r-oldrel-windows-ix86+x86_64