CRAN Package Check Results for Package mem

Last updated on 2015-01-30 18:51:31.

Flavor Version Tinstall Tcheck Ttotal Status Flags
r-devel-linux-x86_64-debian-clang 1.4 0.66 14.17 14.84 OK
r-devel-linux-x86_64-debian-gcc 1.4 0.66 13.36 14.02 OK
r-devel-linux-x86_64-fedora-clang 1.4 30.71 OK
r-devel-linux-x86_64-fedora-gcc 1.4 28.92 OK
r-devel-osx-x86_64-clang 1.4 34.40 OK
r-devel-windows-ix86+x86_64 1.4 3.00 21.00 24.00 OK
r-patched-linux-x86_64 1.4 0.74 15.80 16.53 OK
r-patched-solaris-sparc 1.4 178.90 OK
r-patched-solaris-x86 1.4 43.40 OK
r-release-linux-ix86 1.4 1.02 21.27 22.30 OK
r-release-linux-x86_64 1.4 0.73 14.86 15.59 OK
r-release-osx-x86_64-mavericks 1.4 OK
r-release-osx-x86_64-snowleopard 1.4 OK
r-release-windows-ix86+x86_64 1.4 3.00 25.00 28.00 OK
r-oldrel-windows-ix86+x86_64 1.3 3.00 25.00 28.00 NOTE

Check Details

Version: 1.3
Check: dependencies in R code
Result: NOTE
    Packages in Depends field not imported from:
     'boot' 'sm'
     These packages need to be imported from (in the NAMESPACE file)
     for when this namespace is loaded but not attached.
    See the information on DESCRIPTION files in the chapter 'Creating R
    packages' of the 'Writing R Extensions' manual.
Flavor: r-oldrel-windows-ix86+x86_64