CRAN Package Check Results for Package mem

Last updated on 2014-11-28 01:48:09.

Flavor Version Tinstall Tcheck Ttotal Status Flags
r-devel-linux-x86_64-debian-clang 1.4 0.70 14.99 15.69 OK
r-devel-linux-x86_64-debian-gcc 1.4 0.67 15.60 16.27 OK
r-devel-linux-x86_64-fedora-clang 1.4 32.43 OK
r-devel-linux-x86_64-fedora-gcc 1.4 35.63 OK
r-devel-osx-x86_64-clang 1.4 34.45 OK
r-devel-windows-ix86+x86_64 1.4 2.00 23.00 25.00 OK
r-patched-linux-x86_64 1.4 0.72 15.64 16.36 OK
r-patched-solaris-sparc 1.4 168.80 OK
r-patched-solaris-x86 1.4 42.70 OK
r-release-linux-ix86 1.4 1.04 21.25 22.29 OK
r-release-linux-x86_64 1.4 0.71 15.99 16.70 OK
r-release-osx-x86_64-mavericks 1.4 OK
r-release-osx-x86_64-snowleopard 1.4 OK
r-release-windows-ix86+x86_64 1.4 4.00 25.00 29.00 OK
r-oldrel-windows-ix86+x86_64 1.3 3.00 25.00 28.00 NOTE

Check Details

Version: 1.3
Check: dependencies in R code
Result: NOTE
    Packages in Depends field not imported from:
     'boot' 'sm'
     These packages need to be imported from (in the NAMESPACE file)
     for when this namespace is loaded but not attached.
    See the information on DESCRIPTION files in the chapter 'Creating R
    packages' of the 'Writing R Extensions' manual.
Flavor: r-oldrel-windows-ix86+x86_64