CRAN Package Check Results for Package mem

Last updated on 2015-09-02 11:48:31.

Flavor Version Tinstall Tcheck Ttotal Status Flags
r-devel-linux-x86_64-debian-clang 1.4 0.76 13.29 14.06 NOTE
r-devel-linux-x86_64-debian-gcc 1.4 0.64 13.01 13.65 NOTE
r-devel-linux-x86_64-fedora-clang 1.4 26.74 NOTE
r-devel-linux-x86_64-fedora-gcc 1.4 25.42 NOTE
r-devel-osx-x86_64-clang 1.4 26.49 NOTE
r-devel-windows-ix86+x86_64 1.4 5.00 29.00 34.00 NOTE
r-patched-linux-x86_64 1.4 0.66 13.71 14.37 NOTE
r-patched-solaris-sparc 1.4 182.00 NOTE
r-patched-solaris-x86 1.4 39.00 NOTE
r-release-linux-x86_64 1.4 0.66 13.84 14.50 NOTE
r-release-osx-x86_64-mavericks 1.4 NOTE
r-release-windows-ix86+x86_64 1.4 5.00 27.00 32.00 NOTE
r-oldrel-windows-ix86+x86_64 1.4 6.00 41.00 47.00 OK

Check Details

Version: 1.4
Check: DESCRIPTION meta-information
Result: NOTE
    Malformed Title field: should not end in a period.
Flavors: r-devel-linux-x86_64-debian-clang, r-devel-linux-x86_64-debian-gcc, r-devel-linux-x86_64-fedora-clang, r-devel-linux-x86_64-fedora-gcc, r-devel-osx-x86_64-clang, r-devel-windows-ix86+x86_64, r-patched-linux-x86_64, r-patched-solaris-sparc, r-patched-solaris-x86, r-release-linux-x86_64, r-release-osx-x86_64-mavericks, r-release-windows-ix86+x86_64

Version: 1.4
Check: R code for possible problems
Result: NOTE
    calcular.optimo.derivada: no visible global function definition for
     ‘loess’
    calcular.optimo.pendiente: no visible global function definition for
     ‘loess’
    iconfianza.aritmetica: no visible global function definition for
     ‘qnorm’
    iconfianza.aritmetica: no visible global function definition for ‘var’
    iconfianza.completo: no visible global function definition for ‘var’
    iconfianza.completo: no visible global function definition for ‘qnorm’
    iconfianza.percentil.boot : quantile.fun: no visible global function
     definition for ‘quantile’
    iconfianza.percentil.boot : quantile.fun: no visible global function
     definition for ‘var’
    iconfianza.percentil.boot: no visible global function definition for
     ‘quantile’
    iconfianza.percentil.kc: no visible global function definition for
     ‘qnorm’
    iconfianza.x: no visible global function definition for ‘qnorm’
    iconfianza.x: no visible global function definition for ‘var’
    plot.epidemic: no visible global function definition for ‘par’
    plot.epidemic: no visible global function definition for ‘matplot’
    plot.epidemic: no visible global function definition for ‘axis’
    plot.epidemic: no visible global function definition for ‘points’
    plot.epidemic: no visible global function definition for ‘legend’
    plot.flu: no visible global function definition for ‘par’
    plot.flu: no visible global function definition for ‘rgb’
    plot.flu: no visible global function definition for ‘runif’
    plot.flu: no visible global function definition for ‘matplot’
    plot.flu: no visible global function definition for ‘axis’
    plot.flu: no visible global function definition for ‘abline’
    plot.flu: no visible global function definition for ‘legend’
    plot.flu: no visible global function definition for ‘text’
    Undefined global functions or variables:
     abline axis legend loess matplot par points qnorm quantile rgb runif
     text var
    Consider adding
     importFrom("grDevices", "rgb")
     importFrom("graphics", "abline", "axis", "legend", "matplot", "par",
     "points", "text")
     importFrom("stats", "loess", "qnorm", "quantile", "runif", "var")
    to your NAMESPACE.
Flavors: r-devel-linux-x86_64-debian-clang, r-devel-linux-x86_64-debian-gcc, r-devel-linux-x86_64-fedora-clang, r-devel-linux-x86_64-fedora-gcc, r-devel-windows-ix86+x86_64