CRAN Package Check Results for Package mem

Last updated on 2015-05-28 05:46:55.

Flavor Version Tinstall Tcheck Ttotal Status Flags
r-devel-linux-x86_64-debian-clang 1.4 0.79 13.97 14.76 NOTE
r-devel-linux-x86_64-debian-gcc 1.4 0.64 13.72 14.36 NOTE
r-devel-linux-x86_64-fedora-clang 1.4 28.14 NOTE
r-devel-linux-x86_64-fedora-gcc 1.4 25.95 NOTE
r-devel-osx-x86_64-clang 1.4 31.19 NOTE
r-devel-windows-ix86+x86_64 1.4 3.00 25.00 28.00 NOTE
r-patched-linux-x86_64 1.4 0.63 13.72 14.36 NOTE
r-patched-solaris-sparc 1.4 179.10 NOTE
r-patched-solaris-x86 1.4 37.30 NOTE
r-release-linux-x86_64 1.4 0.63 13.38 14.01 NOTE
r-release-osx-x86_64-mavericks 1.4 NOTE
r-release-osx-x86_64-snowleopard 1.4 NOTE
r-release-windows-ix86+x86_64 1.4 3.00 24.00 27.00 NOTE
r-oldrel-windows-ix86+x86_64 1.4 3.00 25.00 28.00 OK

Check Details

Version: 1.4
Check: DESCRIPTION meta-information
Result: NOTE
    Malformed Title field: should not end in a period.
Flavors: r-devel-linux-x86_64-debian-clang, r-devel-linux-x86_64-debian-gcc, r-devel-linux-x86_64-fedora-clang, r-devel-linux-x86_64-fedora-gcc, r-devel-osx-x86_64-clang, r-devel-windows-ix86+x86_64, r-patched-linux-x86_64, r-patched-solaris-sparc, r-patched-solaris-x86, r-release-linux-x86_64, r-release-osx-x86_64-mavericks, r-release-osx-x86_64-snowleopard, r-release-windows-ix86+x86_64