CRAN Package Check Results for Package mem

Last updated on 2014-07-23 22:47:03.

Flavor Version Tinstall Tcheck Ttotal Status Flags
r-devel-linux-x86_64-debian-clang 1.4 0.66 14.76 15.42 OK
r-devel-linux-x86_64-debian-gcc 1.4 0.65 14.86 15.51 OK
r-devel-linux-x86_64-fedora-clang 1.4 15.87 OK
r-devel-linux-x86_64-fedora-gcc 1.4 15.39 OK
r-devel-osx-x86_64-clang 1.4 35.33 OK
r-devel-windows-ix86+x86_64 1.4 2.00 24.00 26.00 OK
r-patched-linux-x86_64 1.4 0.68 14.30 14.99 OK
r-patched-solaris-sparc 1.4 157.70 OK
r-patched-solaris-x86 1.4 43.50 OK
r-release-linux-ix86 1.4 1.03 21.58 22.61 OK
r-release-linux-x86_64 1.4 0.72 14.51 15.23 OK
r-release-osx-x86_64-mavericks 1.4 OK
r-release-osx-x86_64-snowleopard 1.4 OK
r-release-windows-ix86+x86_64 1.4 3.00 26.00 29.00 OK
r-oldrel-windows-ix86+x86_64 1.3 3.00 25.00 28.00 NOTE

Check Details

Version: 1.3
Check: dependencies in R code
Result: NOTE
    Packages in Depends field not imported from:
     'boot' 'sm'
     These packages need to be imported from (in the NAMESPACE file)
     for when this namespace is loaded but not attached.
    See the information on DESCRIPTION files in the chapter 'Creating R
    packages' of the 'Writing R Extensions' manual.
Flavor: r-oldrel-windows-ix86+x86_64