CRAN Package Check Results for Package mem

Last updated on 2014-04-24 23:48:06.

Flavor Version Tinstall Tcheck Ttotal Status Flags
r-devel-linux-x86_64-debian-clang 1.3 0.81 15.04 15.84 NOTE
r-devel-linux-x86_64-debian-gcc 1.3 0.73 15.04 15.78 NOTE
r-devel-linux-x86_64-fedora-clang 1.3 31.01 NOTE
r-devel-linux-x86_64-fedora-gcc 1.3 29.37 NOTE
r-devel-osx-x86_64-clang 1.3 33.40 NOTE
r-devel-osx-x86_64-gcc 1.3 NOTE
r-devel-windows-ix86+x86_64 1.3 3.00 23.00 26.00 NOTE
r-patched-linux-x86_64 1.3 0.74 14.72 15.45 NOTE
r-patched-solaris-sparc 1.3 169.10 NOTE
r-patched-solaris-x86 1.3 42.70 NOTE
r-release-linux-ix86 1.3 1.00 30.00 31.00 NOTE
r-release-linux-x86_64 1.3 0.74 14.93 15.67 NOTE
r-release-osx-x86_64-mavericks 1.3 WARN
r-release-osx-x86_64-snowleopard 1.3 OK
r-release-windows-ix86+x86_64 1.3 3.00 24.00 27.00 NOTE
r-oldrel-windows-ix86+x86_64 1.3 3.00 28.00 31.00 NOTE

Check Details

Version: 1.3
Check: dependencies in R code
Result: NOTE
    Packages in Depends field not imported from:
     ‘boot’ ‘sm’
     These packages need to be imported from (in the NAMESPACE file)
     for when this namespace is loaded but not attached.
    See the information on DESCRIPTION files in the chapter ‘Creating R
    packages’ of the ‘Writing R Extensions’ manual.
Flavors: r-devel-linux-x86_64-debian-clang, r-devel-linux-x86_64-debian-gcc, r-devel-linux-x86_64-fedora-clang, r-devel-linux-x86_64-fedora-gcc, r-devel-osx-x86_64-clang, r-devel-osx-x86_64-gcc, r-devel-windows-ix86+x86_64, r-patched-linux-x86_64, r-patched-solaris-sparc, r-patched-solaris-x86, r-release-linux-ix86, r-release-linux-x86_64, r-release-osx-x86_64-mavericks, r-release-windows-ix86+x86_64, r-oldrel-windows-ix86+x86_64

Version: 1.3
Check: PDF version of manual
Result: WARNING
    LaTeX errors when creating PDF version.
    This typically indicates Rd problems.
    LaTeX errors found:
    ! LaTeX Error: File `upquote.sty' not found.
    
    Type X to quit or <RETURN> to proceed,
    or enter new name. (Default extension: sty)
    
    7eb0ac5/Rd2.tex:8: ==> Fatal error occurred, no output PDF file produced!
Flavor: r-release-osx-x86_64-mavericks