CRAN Package Check Results for Package mem

Last updated on 2014-09-19 11:49:12.

Flavor Version Tinstall Tcheck Ttotal Status Flags
r-devel-linux-x86_64-debian-clang 1.4 0.69 14.82 15.50 OK
r-devel-linux-x86_64-debian-gcc 1.4 0.65 14.94 15.59 OK
r-devel-linux-x86_64-fedora-clang 1.4 29.71 OK
r-devel-linux-x86_64-fedora-gcc 1.4 27.44 OK
r-devel-osx-x86_64-clang 1.4 34.89 OK
r-devel-windows-ix86+x86_64 1.4 2.00 23.00 25.00 OK
r-patched-linux-x86_64 1.4 0.71 14.80 15.51 OK
r-patched-solaris-sparc 1.4 168.80 OK
r-patched-solaris-x86 1.4 41.30 OK
r-release-linux-ix86 1.4 1.04 21.72 22.76 OK
r-release-linux-x86_64 1.4 0.72 15.18 15.90 OK
r-release-osx-x86_64-mavericks 1.4 OK
r-release-osx-x86_64-snowleopard 1.4 OK
r-release-windows-ix86+x86_64 1.4 3.00 24.00 27.00 OK
r-oldrel-windows-ix86+x86_64 1.3 3.00 25.00 28.00 NOTE

Check Details

Version: 1.3
Check: dependencies in R code
Result: NOTE
    Packages in Depends field not imported from:
     'boot' 'sm'
     These packages need to be imported from (in the NAMESPACE file)
     for when this namespace is loaded but not attached.
    See the information on DESCRIPTION files in the chapter 'Creating R
    packages' of the 'Writing R Extensions' manual.
Flavor: r-oldrel-windows-ix86+x86_64