CRAN Package Check Results for Package mem

Last updated on 2014-08-01 08:49:46.

Flavor Version Tinstall Tcheck Ttotal Status Flags
r-devel-linux-x86_64-debian-clang 1.4 0.66 14.18 14.84 OK
r-devel-linux-x86_64-debian-gcc 1.4 0.66 15.43 16.09 OK
r-devel-linux-x86_64-fedora-clang 1.4 30.61 OK
r-devel-linux-x86_64-fedora-gcc 1.4 28.32 OK
r-devel-osx-x86_64-clang 1.4 36.07 OK
r-devel-windows-ix86+x86_64 1.4 3.00 23.00 26.00 OK
r-patched-linux-x86_64 1.4 0.69 15.21 15.90 OK
r-patched-solaris-sparc 1.4 168.80 OK
r-patched-solaris-x86 1.4 42.00 OK
r-release-linux-ix86 1.4 1.02 21.39 22.41 OK
r-release-linux-x86_64 1.4 0.72 14.57 15.29 OK
r-release-osx-x86_64-mavericks 1.4 OK
r-release-osx-x86_64-snowleopard 1.4 OK
r-release-windows-ix86+x86_64 1.4 4.00 33.00 37.00 OK
r-oldrel-windows-ix86+x86_64 1.3 3.00 25.00 28.00 NOTE

Check Details

Version: 1.3
Check: dependencies in R code
Result: NOTE
    Packages in Depends field not imported from:
     'boot' 'sm'
     These packages need to be imported from (in the NAMESPACE file)
     for when this namespace is loaded but not attached.
    See the information on DESCRIPTION files in the chapter 'Creating R
    packages' of the 'Writing R Extensions' manual.
Flavor: r-oldrel-windows-ix86+x86_64