CRAN Package Check Results for Package mem

Last updated on 2017-07-23 17:47:15.

Flavor Version Tinstall Tcheck Ttotal Status Flags
r-devel-linux-x86_64-debian-clang 2.9 3.12 65.77 68.89 NOTE
r-devel-linux-x86_64-debian-gcc 2.9 3.29 64.87 68.16 NOTE
r-devel-linux-x86_64-fedora-clang 2.9 130.59 NOTE
r-devel-linux-x86_64-fedora-gcc 2.9 134.80 OK
r-devel-windows-ix86+x86_64 2.9 13.00 131.00 144.00 OK
r-patched-linux-x86_64 2.9 3.23 70.35 73.59 OK
r-patched-solaris-x86 2.9 174.90 NOTE
r-release-linux-x86_64 2.9 3.19 69.39 72.59 OK
r-release-windows-ix86+x86_64 2.9 10.00 135.00 145.00 OK
r-release-osx-x86_64 2.8 OK
r-oldrel-windows-ix86+x86_64 1.4 3.00 32.00 35.00 NOTE
r-oldrel-osx-x86_64 2.9 ERROR

Check Details

Version: 2.9
Check: package dependencies
Result: NOTE
    Package suggested but not available for checking: ‘magick’
Flavors: r-devel-linux-x86_64-debian-clang, r-devel-linux-x86_64-debian-gcc, r-devel-linux-x86_64-fedora-clang, r-patched-solaris-x86

Version: 1.4
Check: DESCRIPTION meta-information
Result: NOTE
    Malformed Title field: should not end in a period.
Flavor: r-oldrel-windows-ix86+x86_64

Version: 1.4
Check: R code for possible problems
Result: NOTE
    calcular.optimo.derivada: no visible global function definition for
     'loess'
    calcular.optimo.pendiente: no visible global function definition for
     'loess'
    iconfianza.aritmetica: no visible global function definition for
     'qnorm'
    iconfianza.aritmetica: no visible global function definition for 'var'
    iconfianza.completo: no visible global function definition for 'var'
    iconfianza.completo: no visible global function definition for 'qnorm'
    iconfianza.percentil.boot : quantile.fun: no visible global function
     definition for 'quantile'
    iconfianza.percentil.boot : quantile.fun: no visible global function
     definition for 'var'
    iconfianza.percentil.boot: no visible global function definition for
     'quantile'
    iconfianza.percentil.kc: no visible global function definition for
     'qnorm'
    iconfianza.x: no visible global function definition for 'qnorm'
    iconfianza.x: no visible global function definition for 'var'
    plot.epidemic: no visible global function definition for 'par'
    plot.epidemic: no visible global function definition for 'matplot'
    plot.epidemic: no visible global function definition for 'axis'
    plot.epidemic: no visible global function definition for 'points'
    plot.epidemic: no visible global function definition for 'legend'
    plot.flu: no visible global function definition for 'par'
    plot.flu: no visible global function definition for 'rgb'
    plot.flu: no visible global function definition for 'runif'
    plot.flu: no visible global function definition for 'matplot'
    plot.flu: no visible global function definition for 'axis'
    plot.flu: no visible global function definition for 'abline'
    plot.flu: no visible global function definition for 'legend'
    plot.flu: no visible global function definition for 'text'
    Undefined global functions or variables:
     abline axis legend loess matplot par points qnorm quantile rgb runif
     text var
    Consider adding
     importFrom("grDevices", "rgb")
     importFrom("graphics", "abline", "axis", "legend", "matplot", "par",
     "points", "text")
     importFrom("stats", "loess", "qnorm", "quantile", "runif", "var")
    to your NAMESPACE file.
Flavor: r-oldrel-windows-ix86+x86_64

Version: 2.9
Check: whether package can be installed
Result: ERROR
    Installation failed.
Flavor: r-oldrel-osx-x86_64