CRAN Package Check Results for Package mem

Last updated on 2015-03-31 23:49:36.

Flavor Version Tinstall Tcheck Ttotal Status Flags
r-devel-linux-x86_64-debian-clang 1.4 0.66 13.64 14.30 NOTE
r-devel-linux-x86_64-debian-gcc 1.4 0.64 13.42 14.06 NOTE
r-devel-linux-x86_64-fedora-clang 1.4 28.37 NOTE
r-devel-linux-x86_64-fedora-gcc 1.4 29.32 NOTE
r-devel-osx-x86_64-clang 1.4 35.02 NOTE
r-prerel-windows-ix86+x86_64 1.4 3.00 22.00 25.00 NOTE
r-prerel-linux-x86_64 1.4 0.64 13.59 14.23 NOTE
r-prerel-solaris-sparc 1.4 180.10 NOTE
r-prerel-solaris-x86 1.4 38.10 NOTE
r-release-linux-x86_64 1.4 0.72 15.50 16.22 OK
r-release-osx-x86_64-mavericks 1.4 OK
r-release-osx-x86_64-snowleopard 1.4 OK
r-release-windows-ix86+x86_64 1.4 3.00 26.00 29.00 OK
r-oldrel-windows-ix86+x86_64 1.3 3.00 25.00 28.00 NOTE

Check Details

Version: 1.4
Check: DESCRIPTION meta-information
Result: NOTE
    Malformed Title field: should not end in a period.
Flavors: r-devel-linux-x86_64-debian-clang, r-devel-linux-x86_64-debian-gcc, r-devel-linux-x86_64-fedora-clang, r-devel-linux-x86_64-fedora-gcc, r-devel-osx-x86_64-clang, r-prerel-windows-ix86+x86_64, r-prerel-linux-x86_64, r-prerel-solaris-sparc, r-prerel-solaris-x86

Version: 1.3
Check: dependencies in R code
Result: NOTE
    Packages in Depends field not imported from:
     'boot' 'sm'
     These packages need to be imported from (in the NAMESPACE file)
     for when this namespace is loaded but not attached.
    See the information on DESCRIPTION files in the chapter 'Creating R
    packages' of the 'Writing R Extensions' manual.
Flavor: r-oldrel-windows-ix86+x86_64