CRAN Package Check Results for Package meme

Last updated on 2020-09-22 06:47:32 CEST.

Flavor Version Tinstall Tcheck Ttotal Status Flags
r-devel-linux-x86_64-debian-clang 0.2.2 5.72 81.47 87.19 OK
r-devel-linux-x86_64-debian-gcc 0.2.2 0.58 2.36 2.94 ERROR
r-devel-linux-x86_64-fedora-clang 0.2.2 120.68 OK
r-devel-linux-x86_64-fedora-gcc 0.2.2 103.80 OK
r-devel-windows-ix86+x86_64 0.2.2 15.00 88.00 103.00 OK
r-patched-linux-x86_64 0.2.2 4.69 75.62 80.31 OK
r-patched-solaris-x86 0.2.2 173.80 OK
r-release-linux-x86_64 0.2.2 5.43 75.14 80.57 OK
r-release-macos-x86_64 0.2.2 OK
r-release-windows-ix86+x86_64 0.2.2 14.00 80.00 94.00 OK
r-oldrel-macos-x86_64 0.2.2 OK
r-oldrel-windows-ix86+x86_64 0.2.2 8.00 104.00 112.00 OK

Check Details

Version: 0.2.2
Check: whether package can be installed
Result: ERROR
    Installation failed.
Flavor: r-devel-linux-x86_64-debian-gcc