CRAN Package Check Results for Package memgene

Last updated on 2015-02-01 11:47:16.

Flavor Version Tinstall Tcheck Ttotal Status Flags
r-devel-linux-x86_64-debian-clang 1.0 5.88 73.44 79.32 NOTE
r-devel-linux-x86_64-debian-gcc 1.0 7.20 70.82 78.03 NOTE
r-devel-linux-x86_64-fedora-clang 1.0 234.57 NOTE
r-devel-linux-x86_64-fedora-gcc 1.0 161.83 NOTE
r-devel-osx-x86_64-clang 1.0 157.00 NOTE
r-devel-windows-ix86+x86_64 1.0 18.00 108.00 126.00 NOTE
r-patched-linux-x86_64 1.0 7.63 99.98 107.61 NOTE
r-patched-solaris-sparc 1.0 1346.80 NOTE
r-patched-solaris-x86 1.0 318.90 NOTE
r-release-linux-ix86 1.0 8.44 111.21 119.65 NOTE
r-release-linux-x86_64 1.0 10.02 99.11 109.14 NOTE
r-release-osx-x86_64-mavericks 1.0 NOTE
r-release-osx-x86_64-snowleopard 1.0 OK
r-release-windows-ix86+x86_64 1.0 20.00 147.00 167.00 NOTE
r-oldrel-windows-ix86+x86_64 1.0 17.00 127.00 144.00 OK

Check Details

Version: 1.0
Check: dependencies in R code
Result: NOTE
    'library' or 'require' calls in package code:
     ‘adegenet’ ‘geosphere’
     Please use :: or requireNamespace() instead.
     See section 'Suggested packages' in the 'Writing R Extensions' manual.
Flavors: r-devel-linux-x86_64-debian-clang, r-devel-linux-x86_64-debian-gcc, r-devel-linux-x86_64-fedora-clang, r-devel-linux-x86_64-fedora-gcc, r-devel-osx-x86_64-clang, r-devel-windows-ix86+x86_64

Version: 1.0
Check: S3 generic/method consistency
Result: NOTE
    Found the following apparent S3 methods exported but not registered:
     print.mgLandscape
    See section ‘Registering S3 methods’ in the ‘Writing R Extensions’
    manual.
Flavors: r-devel-linux-x86_64-debian-clang, r-devel-linux-x86_64-debian-gcc, r-devel-linux-x86_64-fedora-clang, r-devel-linux-x86_64-fedora-gcc, r-devel-osx-x86_64-clang

Version: 1.0
Check: R code for possible problems
Result: NOTE
    codomToPropShared: no visible global function definition for
     ‘df2genind’
    codomToPropShared: no visible global function definition for
     ‘propShared’
    mgLandscape: no visible global function definition for ‘SpatialPoints’
    mgQuick: no visible global function definition for ‘distm’
    mgQuick: no visible binding for global variable ‘distMeeus’
Flavors: r-devel-linux-x86_64-debian-clang, r-devel-linux-x86_64-debian-gcc, r-devel-linux-x86_64-fedora-clang, r-devel-linux-x86_64-fedora-gcc, r-devel-osx-x86_64-clang, r-devel-windows-ix86+x86_64, r-patched-linux-x86_64, r-patched-solaris-sparc, r-patched-solaris-x86, r-release-linux-ix86, r-release-linux-x86_64, r-release-osx-x86_64-mavericks, r-release-windows-ix86+x86_64