CRAN Package Check Results for Package memgene

Last updated on 2014-07-26 17:47:12.

Flavor Version Tinstall Tcheck Ttotal Status Flags
r-devel-linux-x86_64-debian-clang 1.0 7.01 94.93 101.94 OK
r-devel-linux-x86_64-debian-gcc 1.0 7.05 89.23 96.28 OK
r-devel-linux-x86_64-fedora-clang 1.0 249.81 OK
r-devel-linux-x86_64-fedora-gcc 1.0 235.02 OK
r-devel-osx-x86_64-clang 1.0 187.32 OK
r-devel-windows-ix86+x86_64 1.0 18.00 128.00 146.00 OK
r-patched-linux-x86_64 1.0 6.92 92.89 99.81 OK
r-patched-solaris-sparc 1.0 1187.70 OK
r-patched-solaris-x86 1.0 315.70 OK
r-release-linux-ix86 1.0 7.92 106.41 114.33 OK
r-release-linux-x86_64 1.0 7.05 91.66 98.70 OK
r-release-osx-x86_64-mavericks 1.0 NOTE
r-release-osx-x86_64-snowleopard 1.0 OK
r-release-windows-ix86+x86_64 1.0 18.00 129.00 147.00 OK
r-oldrel-windows-ix86+x86_64 1.0 16.00 115.00 131.00 OK

Check Details

Version: 1.0
Check: re-building of vignette outputs
Result: NOTE
    Error in re-building vignettes:
     ...
    Warning: running command 'kpsewhich framed.sty' had status 1
    Warning in test_latex_pkg("framed", system.file("misc", "framed.sty", package = "knitr")) :
     unable to find LaTeX package 'framed'; will use a copy from knitr
    Error in texi2dvi(file = file, pdf = TRUE, clean = clean, quiet = quiet, :
     Running 'texi2dvi' on 'memgeneTutorial.tex' failed.
    LaTeX errors:
    ! LaTeX Error: File `a4wide.sty' not found.
    
    Type X to quit or <RETURN> to proceed,
    or enter new name. (Default extension: sty)
    
    _test/memgene/vignettes/memgeneTutorial.tex:64: ==> Fatal error occurred, no o
    utput PDF file produced!
    Calls: buildVignettes -> texi2pdf -> texi2dvi
    Execution halted
Flavor: r-release-osx-x86_64-mavericks