CRAN Package Check Results for Package memgene

Last updated on 2014-08-29 02:47:46.

Flavor Version Tinstall Tcheck Ttotal Status Flags
r-devel-linux-x86_64-debian-clang 1.0 6.79 87.46 94.25 NOTE
r-devel-linux-x86_64-debian-gcc 1.0 6.50 86.18 92.68 NOTE
r-devel-linux-x86_64-fedora-clang 1.0 246.00 NOTE
r-devel-linux-x86_64-fedora-gcc 1.0 231.79 NOTE
r-devel-osx-x86_64-clang 1.0 177.00 NOTE
r-devel-windows-ix86+x86_64 1.0 16.00 124.00 140.00 NOTE
r-patched-linux-x86_64 1.0 6.89 92.99 99.88 OK
r-patched-solaris-sparc 1.0 1287.70 OK
r-patched-solaris-x86 1.0 317.40 OK
r-release-linux-ix86 1.0 8.09 107.93 116.02 OK
r-release-linux-x86_64 1.0 6.98 90.76 97.74 OK
r-release-osx-x86_64-mavericks 1.0 NOTE
r-release-osx-x86_64-snowleopard 1.0 OK
r-release-windows-ix86+x86_64 1.0 20.00 130.00 150.00 OK
r-oldrel-windows-ix86+x86_64 1.0 17.00 116.00 133.00 OK

Check Details

Version: 1.0
Check: R code for possible problems
Result: NOTE
    codomToPropShared: no visible global function definition for
     ‘df2genind’
    codomToPropShared: no visible global function definition for
     ‘propShared’
    mgLandscape: no visible global function definition for ‘SpatialPoints’
    mgQuick: no visible global function definition for ‘distm’
    mgQuick: no visible binding for global variable ‘distMeeus’
Flavors: r-devel-linux-x86_64-debian-clang, r-devel-linux-x86_64-debian-gcc, r-devel-linux-x86_64-fedora-clang, r-devel-linux-x86_64-fedora-gcc, r-devel-osx-x86_64-clang, r-devel-windows-ix86+x86_64

Version: 1.0
Check: re-building of vignette outputs
Result: NOTE
    Error in re-building vignettes:
     ...
    Warning: running command 'kpsewhich framed.sty' had status 1
    Warning in test_latex_pkg("framed", system.file("misc", "framed.sty", package = "knitr")) :
     unable to find LaTeX package 'framed'; will use a copy from knitr
    Error in texi2dvi(file = file, pdf = TRUE, clean = clean, quiet = quiet, :
     Running 'texi2dvi' on 'memgeneTutorial.tex' failed.
    LaTeX errors:
    ! LaTeX Error: File `a4wide.sty' not found.
    
    Type X to quit or <RETURN> to proceed,
    or enter new name. (Default extension: sty)
    
    _test/memgene/vignettes/memgeneTutorial.tex:64: ==> Fatal error occurred, no o
    utput PDF file produced!
    Calls: buildVignettes -> texi2pdf -> texi2dvi
    Execution halted
Flavor: r-release-osx-x86_64-mavericks