CRAN Package Check Results for Package memgene

Last updated on 2015-03-06 09:49:36.

Flavor Version Tinstall Tcheck Ttotal Status Flags
r-devel-linux-x86_64-debian-clang 1.0 5.56 76.76 82.33 NOTE
r-devel-linux-x86_64-debian-gcc 1.0 5.06 72.34 77.40 NOTE
r-devel-linux-x86_64-fedora-clang 1.0 165.46 NOTE
r-devel-linux-x86_64-fedora-gcc 1.0 161.19 NOTE
r-devel-osx-x86_64-clang 1.0 150.68 NOTE
r-devel-windows-ix86+x86_64 1.0 14.00 112.00 126.00 NOTE
r-patched-linux-x86_64 1.0 7.70 98.38 106.09 NOTE
r-patched-solaris-sparc 1.0 1366.50 NOTE
r-patched-solaris-x86 1.0 321.70 NOTE
r-release-linux-ix86 1.0 9.74 111.22 120.96 NOTE
r-release-linux-x86_64 1.0 7.57 99.45 107.02 NOTE
r-release-osx-x86_64-mavericks 1.0 NOTE
r-release-osx-x86_64-snowleopard 1.0 OK
r-release-windows-ix86+x86_64 1.0 21.00 141.00 162.00 NOTE
r-oldrel-windows-ix86+x86_64 1.0 20.00 129.00 149.00 OK

Check Details

Version: 1.0
Check: dependencies in R code
Result: NOTE
    'library' or 'require' calls in package code:
     ‘adegenet’ ‘geosphere’
     Please use :: or requireNamespace() instead.
     See section 'Suggested packages' in the 'Writing R Extensions' manual.
Flavors: r-devel-linux-x86_64-debian-clang, r-devel-linux-x86_64-debian-gcc, r-devel-linux-x86_64-fedora-clang, r-devel-linux-x86_64-fedora-gcc, r-devel-osx-x86_64-clang, r-devel-windows-ix86+x86_64, r-patched-linux-x86_64, r-patched-solaris-sparc, r-patched-solaris-x86

Version: 1.0
Check: S3 generic/method consistency
Result: NOTE
    Found the following apparent S3 methods exported but not registered:
     print.mgLandscape
    See section ‘Registering S3 methods’ in the ‘Writing R Extensions’
    manual.
Flavors: r-devel-linux-x86_64-debian-clang, r-devel-linux-x86_64-debian-gcc, r-devel-linux-x86_64-fedora-clang, r-devel-linux-x86_64-fedora-gcc, r-devel-osx-x86_64-clang

Version: 1.0
Check: R code for possible problems
Result: NOTE
    codomToPropShared: no visible global function definition for
     ‘df2genind’
    codomToPropShared: no visible global function definition for
     ‘propShared’
    mgLandscape: no visible global function definition for ‘SpatialPoints’
    mgQuick: no visible global function definition for ‘distm’
    mgQuick: no visible binding for global variable ‘distMeeus’
Flavors: r-devel-linux-x86_64-debian-clang, r-devel-linux-x86_64-debian-gcc, r-devel-linux-x86_64-fedora-clang, r-devel-linux-x86_64-fedora-gcc, r-devel-osx-x86_64-clang, r-devel-windows-ix86+x86_64, r-patched-linux-x86_64, r-patched-solaris-sparc, r-patched-solaris-x86, r-release-linux-ix86, r-release-linux-x86_64, r-release-osx-x86_64-mavericks, r-release-windows-ix86+x86_64