CRAN Package Check Results for Package memgene

Last updated on 2015-07-02 17:47:25.

Flavor Version Tinstall Tcheck Ttotal Status Flags
r-devel-linux-x86_64-debian-clang 1.0 5.41 69.84 75.24 NOTE
r-devel-linux-x86_64-debian-gcc 1.0 5.55 68.35 73.90 NOTE
r-devel-linux-x86_64-fedora-clang 1.0 156.31 NOTE
r-devel-linux-x86_64-fedora-gcc 1.0 150.82 NOTE
r-devel-osx-x86_64-clang 1.0 131.84 NOTE
r-devel-windows-ix86+x86_64 1.0 12.00 107.00 119.00 NOTE
r-patched-linux-x86_64 1.0 7.14 68.28 75.42 NOTE
r-patched-solaris-sparc 1.0 933.80 NOTE
r-patched-solaris-x86 1.0 213.30 NOTE
r-release-linux-x86_64 1.0 5.21 68.25 73.46 NOTE
r-release-osx-x86_64-mavericks 1.0 NOTE
r-release-windows-ix86+x86_64 1.0 15.00 110.00 125.00 NOTE
r-oldrel-windows-ix86+x86_64 1.0 26.00 143.00 169.00 NOTE

Check Details

Version: 1.0
Check: dependencies in R code
Result: NOTE
    'library' or 'require' calls in package code:
     ‘adegenet’ ‘geosphere’
     Please use :: or requireNamespace() instead.
     See section 'Suggested packages' in the 'Writing R Extensions' manual.
Flavors: r-devel-linux-x86_64-debian-clang, r-devel-linux-x86_64-debian-gcc, r-devel-linux-x86_64-fedora-clang, r-devel-linux-x86_64-fedora-gcc, r-devel-osx-x86_64-clang, r-devel-windows-ix86+x86_64, r-patched-linux-x86_64, r-patched-solaris-sparc, r-patched-solaris-x86, r-release-linux-x86_64, r-release-osx-x86_64-mavericks, r-release-windows-ix86+x86_64, r-oldrel-windows-ix86+x86_64

Version: 1.0
Check: S3 generic/method consistency
Result: NOTE
    Found the following apparent S3 methods exported but not registered:
     print.mgLandscape
    See section ‘Registering S3 methods’ in the ‘Writing R Extensions’
    manual.
Flavors: r-devel-linux-x86_64-debian-clang, r-devel-linux-x86_64-debian-gcc, r-devel-linux-x86_64-fedora-clang, r-devel-linux-x86_64-fedora-gcc, r-devel-osx-x86_64-clang, r-patched-linux-x86_64, r-patched-solaris-sparc, r-patched-solaris-x86, r-release-linux-x86_64

Version: 1.0
Check: R code for possible problems
Result: NOTE
    codomToPropShared: no visible global function definition for
     ‘df2genind’
    codomToPropShared: no visible global function definition for
     ‘propShared’
    mgLandscape: no visible global function definition for ‘dist’
    mgLandscape: no visible global function definition for ‘SpatialPoints’
    mgLandscape: no visible global function definition for ‘na.omit’
    mgMEM : .distTransform: no visible global function definition for
     ‘as.dist’
    mgMap : sr.value: no visible global function definition for ‘par’
    mgMap : sr.value : fun: no visible global function definition for
     ‘segments’
    mgMap : sr.value : fun: no visible global function definition for ‘par’
    mgMap : sr.value: no visible global function definition for ‘symbols’
    mgMap : sr.value: no visible global function definition for ‘gray’
    mgMap : sr.value: no visible global function definition for ‘points’
    mgMap : sr.value: no visible global function definition for ‘box’
    mgMap : scatterutil.legend.bw.circle: no visible global function
     definition for ‘par’
    mgMap : scatterutil.legend.bw.circle: no visible global function
     definition for ‘strheight’
    mgMap : scatterutil.legend.bw.circle: no visible global function
     definition for ‘strwidth’
    mgMap : scatterutil.legend.bw.circle: no visible global function
     definition for ‘rect’
    mgMap : scatterutil.legend.bw.circle: no visible global function
     definition for ‘symbols’
    mgMap : scatterutil.legend.circle.grey: no visible global function
     definition for ‘par’
    mgMap : scatterutil.legend.circle.grey: no visible global function
     definition for ‘strwidth’
    mgMap : scatterutil.legend.circle.grey: no visible global function
     definition for ‘strheight’
    mgMap : scatterutil.legend.circle.grey: no visible global function
     definition for ‘rect’
    mgMap : scatterutil.legend.circle.grey: no visible global function
     definition for ‘symbols’
    mgMap : scatterutil.legend.circle.grey: no visible global function
     definition for ‘gray’
    mgMap: no visible global function definition for ‘dev.new’
    mgMap: no visible global function definition for ‘par’
    mgMap: no visible global function definition for ‘plot’
    mgQuick: no visible global function definition for ‘distm’
    mgQuick: no visible binding for global variable ‘distMeeus’
    mgQuick: no visible global function definition for ‘dist’
    mgQuick: no visible global function definition for ‘na.omit’
    mgRDA : .genRDA: no visible global function definition for ‘princomp’
Flavors: r-devel-linux-x86_64-debian-clang, r-devel-linux-x86_64-debian-gcc, r-devel-windows-ix86+x86_64

Version: 1.0
Check: R code for possible problems
Result: NOTE
    codomToPropShared: no visible global function definition for
     ‘df2genind’
    codomToPropShared: no visible global function definition for
     ‘propShared’
    mgLandscape: no visible global function definition for ‘dist’
    mgLandscape: no visible global function definition for ‘SpatialPoints’
    mgLandscape: no visible global function definition for ‘na.omit’
    mgMEM : .distTransform: no visible global function definition for
     ‘as.dist’
    mgMap : sr.value: no visible global function definition for ‘par’
    mgMap : sr.value : fun: no visible global function definition for
     ‘segments’
    mgMap : sr.value : fun: no visible global function definition for ‘par’
    mgMap : sr.value: no visible global function definition for ‘symbols’
    mgMap : sr.value: no visible global function definition for ‘gray’
    mgMap : sr.value: no visible global function definition for ‘points’
    mgMap : sr.value: no visible global function definition for ‘box’
    mgMap : scatterutil.legend.bw.circle: no visible global function
     definition for ‘par’
    mgMap : scatterutil.legend.bw.circle: no visible global function
     definition for ‘strheight’
    mgMap : scatterutil.legend.bw.circle: no visible global function
     definition for ‘strwidth’
    mgMap : scatterutil.legend.bw.circle: no visible global function
     definition for ‘rect’
    mgMap : scatterutil.legend.bw.circle: no visible global function
     definition for ‘symbols’
    mgMap : scatterutil.legend.circle.grey: no visible global function
     definition for ‘par’
    mgMap : scatterutil.legend.circle.grey: no visible global function
     definition for ‘strwidth’
    mgMap : scatterutil.legend.circle.grey: no visible global function
     definition for ‘strheight’
    mgMap : scatterutil.legend.circle.grey: no visible global function
     definition for ‘rect’
    mgMap : scatterutil.legend.circle.grey: no visible global function
     definition for ‘symbols’
    mgMap : scatterutil.legend.circle.grey: no visible global function
     definition for ‘gray’
    mgMap: no visible global function definition for ‘dev.new’
    mgMap: no visible global function definition for ‘par’
    mgMap: no visible global function definition for ‘plot’
    mgQuick: no visible global function definition for ‘distm’
    mgQuick: no visible binding for global variable ‘distMeeus’
    mgQuick: no visible global function definition for ‘dist’
    mgQuick: no visible global function definition for ‘na.omit’
    mgRDA : .genRDA: no visible global function definition for ‘princomp’
    Undefined global functions or variables:
     SpatialPoints as.dist box dev.new df2genind dist distMeeus distm gray
     na.omit par plot points princomp propShared rect segments strheight
     strwidth symbols
Flavors: r-devel-linux-x86_64-fedora-clang, r-devel-linux-x86_64-fedora-gcc

Version: 1.0
Check: R code for possible problems
Result: NOTE
    codomToPropShared: no visible global function definition for
     ‘df2genind’
    codomToPropShared: no visible global function definition for
     ‘propShared’
    mgLandscape: no visible global function definition for ‘SpatialPoints’
    mgQuick: no visible global function definition for ‘distm’
    mgQuick: no visible binding for global variable ‘distMeeus’
    Undefined global functions or variables:
     SpatialPoints df2genind distMeeus distm propShared
Flavor: r-devel-osx-x86_64-clang

Version: 1.0
Check: R code for possible problems
Result: NOTE
    codomToPropShared: no visible global function definition for
     ‘df2genind’
    codomToPropShared: no visible global function definition for
     ‘propShared’
    mgLandscape: no visible global function definition for ‘SpatialPoints’
    mgQuick: no visible global function definition for ‘distm’
    mgQuick: no visible binding for global variable ‘distMeeus’
Flavors: r-patched-linux-x86_64, r-patched-solaris-sparc, r-patched-solaris-x86, r-release-linux-x86_64, r-release-osx-x86_64-mavericks, r-release-windows-ix86+x86_64, r-oldrel-windows-ix86+x86_64