CRAN Package Check Results for Package memisc

Last updated on 2015-01-30 23:48:49.

Flavor Version Tinstall Tcheck Ttotal Status Flags
r-devel-linux-x86_64-debian-clang 0.96-10 4.37 54.54 58.91 NOTE
r-devel-linux-x86_64-debian-gcc 0.96-10 5.08 61.70 66.78 NOTE
r-devel-linux-x86_64-fedora-clang 0.96-10 137.82 NOTE
r-devel-linux-x86_64-fedora-gcc 0.96-10 132.33 NOTE
r-devel-osx-x86_64-clang 0.96-10 119.33 NOTE
r-devel-windows-ix86+x86_64 0.96-10 34.00 91.00 125.00 OK
r-patched-linux-x86_64 0.96-10 5.84 64.90 70.74 NOTE
r-patched-solaris-sparc 0.96-10 816.90 OK
r-patched-solaris-x86 0.96-10 167.70 OK
r-release-linux-ix86 0.96-10 6.89 75.70 82.59 OK
r-release-linux-x86_64 0.96-10 5.81 66.05 71.86 NOTE
r-release-osx-x86_64-mavericks 0.96-10 OK
r-release-osx-x86_64-snowleopard 0.96-10 OK
r-release-windows-ix86+x86_64 0.96-10 24.00 115.00 139.00 OK
r-oldrel-windows-ix86+x86_64 0.96-10 26.00 108.00 134.00 OK

Check Details

Version: 0.96-10
Check: S3 generic/method consistency
Result: NOTE
    Found the following apparent S3 methods exported but not registered:
     getSummary.aftreg getSummary.betareg getSummary.clm getSummary.coxph
     getSummary.expcoef getSummary.expcoef.glm getSummary.glm
     getSummary.hurdle getSummary.ivreg getSummary.lm getSummary.mer
     getSummary.multinom getSummary.phreg getSummary.polr getSummary.simex
     getSummary.survreg getSummary.tobit getSummary.weibreg
     getSummary.expcoef.glm sort.data.frame sort.data.set
    See section ‘Registering S3 methods’ in the ‘Writing R Extensions’
    manual.
Flavors: r-devel-linux-x86_64-debian-clang, r-devel-linux-x86_64-debian-gcc, r-devel-linux-x86_64-fedora-clang, r-devel-linux-x86_64-fedora-gcc, r-devel-osx-x86_64-clang

Version: 0.96-10
Check: R code for possible problems
Result: NOTE
    Found the following calls to attach():
    File ‘memisc/R/attch.R’:
     attach(NULL, name = paste("source:", filename, sep = ""))
    See section ‘Good practice’ in ‘?attach’.
Flavors: r-devel-linux-x86_64-debian-clang, r-devel-linux-x86_64-debian-gcc, r-patched-linux-x86_64, r-release-linux-x86_64