CRAN Package Check Results for Package memisc

Last updated on 2019-01-16 09:50:38 CET.

Flavor Version Tinstall Tcheck Ttotal Status Flags
r-devel-linux-x86_64-debian-clang 0.99.14.12 22.93 132.00 154.93 OK
r-devel-linux-x86_64-debian-gcc 0.99.14.12 20.11 97.76 117.87 OK
r-devel-linux-x86_64-fedora-clang 0.99.14.12 180.70 NOTE
r-devel-linux-x86_64-fedora-gcc 0.99.14.12 168.71 OK
r-devel-windows-ix86+x86_64 0.99.14.12 41.00 150.00 191.00 NOTE
r-patched-linux-x86_64 0.99.14.12 21.17 116.21 137.38 OK
r-patched-solaris-x86 0.99.14.12 200.50 NOTE
r-release-linux-x86_64 0.99.14.12 22.70 116.28 138.98 OK
r-release-windows-ix86+x86_64 0.99.14.12 59.00 148.00 207.00 NOTE
r-release-osx-x86_64 0.99.14.12 NOTE
r-oldrel-windows-ix86+x86_64 0.99.14.12 36.00 227.00 263.00 OK
r-oldrel-osx-x86_64 0.99.14.12 OK

Additional issues

rchk

Check Details

Version: 0.99.14.12
Check: installed package size
Result: NOTE
     installed size is 5.4Mb
     sub-directories of 1Mb or more:
     R 1.1Mb
     doc 3.5Mb
Flavors: r-devel-linux-x86_64-fedora-clang, r-devel-windows-ix86+x86_64, r-patched-solaris-x86, r-release-windows-ix86+x86_64, r-release-osx-x86_64