CRAN Package Check Results for Package memisc

Last updated on 2016-08-28 08:47:24.

Flavor Version Tinstall Tcheck Ttotal Status Flags
r-devel-linux-x86_64-debian-clang 0.99.7-1 5.62 91.08 96.69 OK
r-devel-linux-x86_64-debian-gcc 0.99.7-1 5.63 90.14 95.77 OK
r-devel-linux-x86_64-fedora-clang 0.99.7-1 185.00 OK
r-devel-linux-x86_64-fedora-gcc 0.99.7-1 177.59 OK
r-devel-osx-x86_64-clang 0.99.7-1 149.63 OK
r-devel-windows-ix86+x86_64 0.99.7-1 43.00 226.00 269.00 OK
r-patched-linux-x86_64 0.99.7-1 5.01 87.64 92.65 OK
r-patched-solaris-sparc 0.99.7-1 956.20 NOTE
r-patched-solaris-x86 0.99.7-1 204.40 NOTE
r-release-linux-x86_64 0.99.7-1 5.04 89.89 94.93 OK
r-release-osx-x86_64-mavericks 0.99.7-1 OK
r-release-windows-ix86+x86_64 0.99.7-1 47.00 160.00 207.00 OK
r-oldrel-windows-ix86+x86_64 0.99.7-1 32.00 244.00 276.00 OK

Check Details

Version: 0.99.7-1
Check: installed package size
Result: NOTE
     installed size is 5.2Mb
     sub-directories of 1Mb or more:
     doc 4.0Mb
Flavors: r-patched-solaris-sparc, r-patched-solaris-x86