CRAN Package Check Results for Package memisc

Last updated on 2016-09-29 17:50:24.

Flavor Version Tinstall Tcheck Ttotal Status Flags
r-devel-linux-x86_64-debian-clang 0.99.7-1 5.30 86.91 92.20 OK
r-devel-linux-x86_64-debian-gcc 0.99.7-1 5.37 84.86 90.23 OK
r-devel-linux-x86_64-fedora-clang 0.99.7-1 190.33 OK
r-devel-linux-x86_64-fedora-gcc 0.99.7-1 166.43 OK
r-devel-macos-x86_64-clang 0.99.7-1 136.24 OK
r-devel-windows-ix86+x86_64 0.99.7-1 29.00 209.00 238.00 OK
r-patched-linux-x86_64 0.99.7-1 5.32 84.57 89.89 OK
r-patched-solaris-sparc 0.99.7-1 956.20 NOTE
r-patched-solaris-x86 0.99.7-1 202.40 NOTE
r-release-linux-x86_64 0.99.7-1 5.07 85.42 90.49 OK
r-release-osx-x86_64-mavericks 0.99.7-1 OK
r-release-windows-ix86+x86_64 0.99.7-1 26.00 234.00 260.00 OK
r-oldrel-windows-ix86+x86_64 0.99.7-1 46.00 227.00 273.00 OK

Check Details

Version: 0.99.7-1
Check: installed package size
Result: NOTE
     installed size is 5.2Mb
     sub-directories of 1Mb or more:
     doc 4.0Mb
Flavors: r-patched-solaris-sparc, r-patched-solaris-x86