CRAN Package Check Results for Package memisc

Last updated on 2015-08-02 03:48:16.

Flavor Version Tinstall Tcheck Ttotal Status Flags
r-devel-linux-x86_64-debian-clang 0.97 4.67 84.24 88.91 NOTE
r-devel-linux-x86_64-debian-gcc 0.97 5.03 78.76 83.78 NOTE
r-devel-linux-x86_64-fedora-clang 0.97 178.41 NOTE
r-devel-linux-x86_64-fedora-gcc 0.97 166.22 NOTE
r-devel-osx-x86_64-clang 0.97 142.12 OK
r-devel-windows-ix86+x86_64 0.97 29.00 159.00 188.00 NOTE
r-patched-linux-x86_64 0.97 5.02 80.34 85.35 OK
r-patched-solaris-sparc 0.97 1040.00 OK
r-patched-solaris-x86 0.97 207.80 OK
r-release-linux-x86_64 0.97 4.76 79.82 84.58 OK
r-release-osx-x86_64-mavericks 0.97 OK
r-release-windows-ix86+x86_64 0.97 39.00 214.00 253.00 OK
r-oldrel-windows-ix86+x86_64 0.97 44.00 211.00 255.00 OK

Check Details

Version: 0.97
Check: R code for possible problems
Result: NOTE
    as.data.frame.textfile_bucket: no visible global function definition
     for ‘read.table’
    as.matrix.textfile_bucket: no visible global function definition for
     ‘read.table’
    car_recode: no visible global function definition for ‘na.omit’
    lsl: no visible global function definition for ‘ls.str’
    str.character.item: no visible global function definition for ‘str’
    str.double.item: no visible global function definition for ‘str’
    str.integer.item: no visible global function definition for ‘str’
    str.item.vector: no visible global function definition for ‘str’
    Undefined global functions or variables:
     ls.str na.omit read.table str
    Consider adding
     importFrom("stats", "na.omit")
     importFrom("utils", "ls.str", "read.table", "str")
    to your NAMESPACE.
Flavors: r-devel-linux-x86_64-debian-clang, r-devel-linux-x86_64-debian-gcc, r-devel-linux-x86_64-fedora-clang, r-devel-linux-x86_64-fedora-gcc, r-devel-windows-ix86+x86_64