CRAN Package Check Results for Package memisc

Last updated on 2014-10-30 23:47:20.

Flavor Version Tinstall Tcheck Ttotal Status Flags
r-devel-linux-x86_64-debian-clang 0.96-10 4.96 63.24 68.19 NOTE
r-devel-linux-x86_64-debian-gcc 0.96-10 5.38 61.69 67.07 NOTE
r-devel-linux-x86_64-fedora-clang 0.96-10 139.97 OK
r-devel-linux-x86_64-fedora-gcc 0.96-10 137.05 OK
r-devel-osx-x86_64-clang 0.96-10 119.53 OK
r-devel-windows-ix86+x86_64 0.96-10 23.00 103.00 126.00 OK
r-patched-linux-x86_64 0.96-10 5.68 65.66 71.34 NOTE
r-patched-solaris-sparc 0.96-10 737.50 OK
r-patched-solaris-x86 0.96-10 165.40 OK
r-release-linux-ix86 0.96-9 7.20 79.94 87.14 OK
r-release-linux-x86_64 0.96-9 5.87 63.54 69.41 NOTE
r-release-osx-x86_64-mavericks 0.96-10 OK
r-release-osx-x86_64-snowleopard 0.96-10 OK
r-release-windows-ix86+x86_64 0.96-10 21.00 117.00 138.00 OK
r-oldrel-windows-ix86+x86_64 0.96-10 23.00 103.00 126.00 OK

Check Details

Version: 0.96-10
Check: R code for possible problems
Result: NOTE
    Found the following calls to attach():
    File ‘memisc/R/attch.R’:
     attach(NULL, name = paste("source:", filename, sep = ""))
    See section ‘Good practice’ in ‘?attach’.
Flavors: r-devel-linux-x86_64-debian-clang, r-devel-linux-x86_64-debian-gcc, r-patched-linux-x86_64

Version: 0.96-9
Check: R code for possible problems
Result: NOTE
    Found the following calls to attach():
    File ‘memisc/R/attch.R’:
     attach(NULL, name = paste("source:", filename, sep = ""))
    See section ‘Good practice’ in ‘?attach’.
Flavor: r-release-linux-x86_64