CRAN Package Check Results for Package memisc

Last updated on 2016-12-03 23:47:46.

Flavor Version Tinstall Tcheck Ttotal Status Flags
r-devel-linux-x86_64-debian-clang 0.99.7-1 5.42 96.95 102.37 OK
r-devel-linux-x86_64-debian-gcc 0.99.7-1 5.50 95.82 101.33 OK
r-devel-linux-x86_64-fedora-clang 0.99.7-1 206.06 OK
r-devel-linux-x86_64-fedora-gcc 0.99.7-1 211.31 NOTE --no-stop-on-test-error
r-devel-macos-x86_64-clang 0.99.7-1 157.33 OK
r-devel-windows-ix86+x86_64 0.99.7-1 84.00 248.00 332.00 OK
r-patched-linux-x86_64 0.99.7-1 5.34 85.30 90.64 OK
r-patched-solaris-sparc 0.99.7-1 956.20 NOTE
r-patched-solaris-x86 0.99.7-1 201.60 NOTE
r-release-linux-x86_64 0.99.7-1 5.21 86.60 91.81 OK
r-release-osx-x86_64-mavericks 0.99.7-1 OK
r-release-windows-ix86+x86_64 0.99.7-1 41.00 166.00 207.00 OK
r-oldrel-windows-ix86+x86_64 0.99.7-1 49.00 246.00 295.00 OK

Check Details

Version: 0.99.7-1
Flags: --no-stop-on-test-error
Check: installed package size
Result: NOTE
     installed size is 5.0Mb
     sub-directories of 1Mb or more:
     doc 3.7Mb
Flavor: r-devel-linux-x86_64-fedora-gcc

Version: 0.99.7-1
Check: installed package size
Result: NOTE
     installed size is 5.2Mb
     sub-directories of 1Mb or more:
     doc 4.0Mb
Flavors: r-patched-solaris-sparc, r-patched-solaris-x86