CRAN Package Check Results for Package memisc

Last updated on 2018-11-13 01:46:26 CET.

Flavor Version Tinstall Tcheck Ttotal Status Flags
r-devel-linux-x86_64-debian-clang 0.99.14.12 24.20 130.03 154.23 OK
r-devel-linux-x86_64-debian-gcc 0.99.14.12 21.45 100.07 121.52 OK
r-devel-linux-x86_64-fedora-clang 0.99.14.12 182.03 NOTE
r-devel-linux-x86_64-fedora-gcc 0.99.14.12 174.52 OK
r-devel-windows-ix86+x86_64 0.99.14.12 43.00 221.00 264.00 NOTE
r-patched-linux-x86_64 0.99.14.12 19.43 114.93 134.36 OK
r-patched-solaris-x86 0.99.14.12 201.90 NOTE
r-release-linux-x86_64 0.99.14.12 18.54 114.49 133.03 OK
r-release-windows-ix86+x86_64 0.99.14.12 61.00 137.00 198.00 NOTE
r-release-osx-x86_64 0.99.14.12 NOTE
r-oldrel-windows-ix86+x86_64 0.99.14.12 33.00 157.00 190.00 OK
r-oldrel-osx-x86_64 0.99.14.12 OK

Additional issues

rchk

Check Details

Version: 0.99.14.12
Check: installed package size
Result: NOTE
     installed size is 5.4Mb
     sub-directories of 1Mb or more:
     R 1.1Mb
     doc 3.5Mb
Flavors: r-devel-linux-x86_64-fedora-clang, r-devel-windows-ix86+x86_64, r-patched-solaris-x86, r-release-windows-ix86+x86_64, r-release-osx-x86_64