CRAN Package Check Results for Package memisc

Last updated on 2017-02-20 20:48:00.

Flavor Version Tinstall Tcheck Ttotal Status Flags
r-devel-linux-x86_64-debian-clang 0.99.8 6.09 93.60 99.69 NOTE
r-devel-linux-x86_64-debian-gcc 0.99.8 5.87 96.28 102.15 NOTE
r-devel-linux-x86_64-fedora-clang 0.99.8 200.16 NOTE --no-stop-on-test-error
r-devel-linux-x86_64-fedora-gcc 0.99.8 199.61 NOTE --no-stop-on-test-error
r-devel-macos-x86_64-clang 0.99.8 156.18 NOTE --no-stop-on-test-error
r-devel-windows-ix86+x86_64 0.99.8 33.00 247.00 280.00 OK
r-patched-linux-x86_64 0.99.8 5.17 90.65 95.83 OK
r-patched-solaris-sparc 0.99.8 1027.70 OK
r-patched-solaris-x86 0.99.8 201.00 NOTE
r-release-linux-x86_64 0.99.8 5.14 89.59 94.72 OK
r-release-osx-x86_64-mavericks 0.99.8 OK
r-release-windows-ix86+x86_64 0.99.8 31.00 166.00 197.00 OK
r-oldrel-windows-ix86+x86_64 0.99.8 32.00 188.00 220.00 OK

Check Details

Version: 0.99.8
Check: compiled code
Result: NOTE
    File ‘memisc/libs/memisc.so’:
     Found no calls to: ‘R_registerRoutines’, ‘R_useDynamicSymbols’
    
    It is good practice to register native routines and to disable symbol
    search.
    
    See ‘Writing portable packages’ in the ‘Writing R Extensions’ manual.
Flavors: r-devel-linux-x86_64-debian-clang, r-devel-linux-x86_64-debian-gcc

Version: 0.99.8
Flags: --no-stop-on-test-error
Check: compiled code
Result: NOTE
    File ‘memisc/libs/memisc.so’:
     Found no calls to: ‘R_registerRoutines’, ‘R_useDynamicSymbols’
    
    It is good practice to register native routines and to disable symbol
    search.
    
    See ‘Writing portable packages’ in the ‘Writing R Extensions’ manual.
Flavors: r-devel-linux-x86_64-fedora-clang, r-devel-linux-x86_64-fedora-gcc, r-devel-macos-x86_64-clang

Version: 0.99.8
Check: installed package size
Result: NOTE
     installed size is 5.0Mb
     sub-directories of 1Mb or more:
     doc 3.7Mb
Flavor: r-patched-solaris-x86