CRAN Package Check Results for Package memisc

Last updated on 2019-03-21 04:52:08 CET.

Flavor Version Tinstall Tcheck Ttotal Status Flags
r-devel-linux-x86_64-debian-clang 0.99.17.1 24.39 137.52 161.91 OK
r-devel-linux-x86_64-debian-gcc 0.99.17.1 22.66 102.74 125.40 OK
r-devel-linux-x86_64-fedora-clang 0.99.17.1 192.72 NOTE
r-devel-linux-x86_64-fedora-gcc 0.99.17.1 188.78 OK
r-devel-windows-ix86+x86_64 0.99.17.1 68.00 214.00 282.00 NOTE
r-patched-linux-x86_64 0.99.17.1 21.87 121.76 143.63 OK
r-patched-solaris-x86 0.99.17.1 207.20 NOTE
r-release-linux-x86_64 0.99.17.1 21.80 121.44 143.24 OK
r-release-windows-ix86+x86_64 0.99.14.12 68.00 201.00 269.00 NOTE
r-release-osx-x86_64 0.99.17.1 NOTE
r-oldrel-windows-ix86+x86_64 0.99.17.1 21.00 6.00 27.00 ERROR
r-oldrel-osx-x86_64 0.99.14.12 OK

Check Details

Version: 0.99.17.1
Check: installed package size
Result: NOTE
     installed size is 5.4Mb
     sub-directories of 1Mb or more:
     R 1.1Mb
     doc 3.5Mb
Flavors: r-devel-linux-x86_64-fedora-clang, r-devel-windows-ix86+x86_64, r-patched-solaris-x86, r-release-osx-x86_64

Version: 0.99.14.12
Check: installed package size
Result: NOTE
     installed size is 5.3Mb
     sub-directories of 1Mb or more:
     R 1.1Mb
     doc 3.5Mb
Flavor: r-release-windows-ix86+x86_64

Version: 0.99.17.1
Check: whether package can be installed
Result: ERROR
    Installation failed.
Flavor: r-oldrel-windows-ix86+x86_64