CRAN Package Check Results for Package memisc

Last updated on 2017-05-24 10:48:17.

Flavor Version Tinstall Tcheck Ttotal Status Flags
r-devel-linux-x86_64-debian-clang 0.99.8 6.01 95.87 101.88 NOTE
r-devel-linux-x86_64-debian-gcc 0.99.8 5.94 93.69 99.64 NOTE
r-devel-linux-x86_64-fedora-clang 0.99.8 202.68 NOTE --no-stop-on-test-error
r-devel-linux-x86_64-fedora-gcc 0.99.8 199.20 NOTE --no-stop-on-test-error
r-devel-windows-ix86+x86_64 0.99.8 33.00 186.00 219.00 OK
r-patched-linux-x86_64 0.99.8 5.52 93.85 99.38 NOTE
r-patched-solaris-sparc 0.99.8 1135.80 OK
r-patched-solaris-x86 0.99.8 227.40 NOTE
r-release-linux-x86_64 0.99.8 5.79 92.52 98.31 NOTE
r-release-windows-ix86+x86_64 0.99.8 28.00 247.00 275.00 OK
r-release-osx-x86_64 0.99.8 OK
r-oldrel-windows-ix86+x86_64 0.99.8 39.00 227.00 266.00 OK
r-oldrel-osx-x86_64 0.99.8 OK

Check Details

Version: 0.99.8
Check: compiled code
Result: NOTE
    File ‘memisc/libs/memisc.so’:
     Found no calls to: ‘R_registerRoutines’, ‘R_useDynamicSymbols’
    
    It is good practice to register native routines and to disable symbol
    search.
    
    See ‘Writing portable packages’ in the ‘Writing R Extensions’ manual.
Flavors: r-devel-linux-x86_64-debian-clang, r-devel-linux-x86_64-debian-gcc, r-patched-linux-x86_64, r-release-linux-x86_64

Version: 0.99.8
Flags: --no-stop-on-test-error
Check: compiled code
Result: NOTE
    File ‘memisc/libs/memisc.so’:
     Found no calls to: ‘R_registerRoutines’, ‘R_useDynamicSymbols’
    
    It is good practice to register native routines and to disable symbol
    search.
    
    See ‘Writing portable packages’ in the ‘Writing R Extensions’ manual.
Flavors: r-devel-linux-x86_64-fedora-clang, r-devel-linux-x86_64-fedora-gcc

Version: 0.99.8
Check: installed package size
Result: NOTE
     installed size is 5.2Mb
     sub-directories of 1Mb or more:
     doc 3.7Mb
Flavor: r-patched-solaris-x86