CRAN Package Check Results for Package memisc

Last updated on 2017-12-11 11:54:55 CET.

Flavor Version Tinstall Tcheck Ttotal Status Flags
r-devel-linux-x86_64-debian-clang 0.99.14.7 7.32 132.14 139.46 OK
r-devel-linux-x86_64-debian-gcc 0.99.14.7 8.28 115.66 123.94 OK
r-devel-linux-x86_64-fedora-clang 0.99.14.7 185.64 OK
r-devel-linux-x86_64-fedora-gcc 0.99.14.7 185.19 OK
r-devel-windows-ix86+x86_64 0.99.14.7 51.00 180.00 231.00 OK
r-patched-linux-x86_64 0.99.14.7 10.08 159.73 169.81 OK
r-patched-solaris-x86 0.99.14.7 214.20 NOTE
r-release-linux-x86_64 0.99.14.7 9.68 168.26 177.94 OK
r-release-windows-ix86+x86_64 0.99.14.7 31.00 196.00 227.00 OK
r-release-osx-x86_64 0.99.14.7 OK
r-oldrel-windows-ix86+x86_64 0.99.13 3.00 6.00 9.00 ERROR
r-oldrel-osx-x86_64 0.99.14.7 ERROR

Check Details

Version: 0.99.14.7
Check: installed package size
Result: NOTE
     installed size is 5.3Mb
     sub-directories of 1Mb or more:
     doc 3.7Mb
Flavor: r-patched-solaris-x86

Version: 0.99.13
Check: whether package can be installed
Result: ERROR
    Installation failed.
Flavor: r-oldrel-windows-ix86+x86_64

Version: 0.99.14.7
Check: whether package can be installed
Result: ERROR
    Installation failed.
Flavor: r-oldrel-osx-x86_64