CRAN Package Check Results for Package memisc

Last updated on 2018-02-20 07:48:16 CET.

Flavor Version Tinstall Tcheck Ttotal Status Flags
r-devel-linux-x86_64-debian-clang 0.99.14.9 26.06 123.34 149.40 OK
r-devel-linux-x86_64-debian-gcc 0.99.14.9 22.99 108.74 131.73 OK
r-devel-linux-x86_64-fedora-clang 0.99.14.9 200.87 NOTE
r-devel-linux-x86_64-fedora-gcc 0.99.14.9 195.83 NOTE
r-devel-windows-ix86+x86_64 0.99.14.9 41.00 157.00 198.00 NOTE
r-patched-linux-x86_64 0.99.14.9 8.68 158.18 166.86 OK
r-patched-solaris-x86 0.99.14.9 232.40 NOTE
r-release-linux-x86_64 0.99.14.9 10.43 160.71 171.14 OK
r-release-windows-ix86+x86_64 0.99.14.9 33.00 172.00 205.00 OK
r-release-osx-x86_64 0.99.14.9 OK
r-oldrel-windows-ix86+x86_64 0.99.14.9 46.00 219.00 265.00 OK
r-oldrel-osx-x86_64 0.99.14.9 OK

Check Details

Version: 0.99.14.9
Check: installed package size
Result: NOTE
     installed size is 5.3Mb
     sub-directories of 1Mb or more:
     R 1.1Mb
     doc 3.4Mb
Flavors: r-devel-linux-x86_64-fedora-clang, r-devel-linux-x86_64-fedora-gcc, r-devel-windows-ix86+x86_64, r-patched-solaris-x86