CRAN Package Check Results for Package memisc

Last updated on 2015-04-27 19:47:19.

Flavor Version Tinstall Tcheck Ttotal Status Flags
r-devel-linux-x86_64-debian-clang 0.97 4.66 82.25 86.92 OK
r-devel-linux-x86_64-debian-gcc 0.97 5.30 79.59 84.90 OK
r-devel-linux-x86_64-fedora-clang 0.97 178.25 OK
r-devel-linux-x86_64-fedora-gcc 0.97 164.87 OK
r-devel-osx-x86_64-clang 0.97 142.81 OK
r-devel-windows-ix86+x86_64 0.97 29.00 201.00 230.00 OK
r-patched-linux-x86_64 0.97 5.02 78.78 83.80 OK
r-patched-solaris-sparc 0.96-10 1045.30 OK
r-patched-solaris-x86 0.97 206.00 OK
r-release-linux-x86_64 0.97 4.70 79.15 83.85 OK
r-release-osx-x86_64-mavericks 0.97 OK
r-release-osx-x86_64-snowleopard 0.97 NOTE
r-release-windows-ix86+x86_64 0.97 40.00 189.00 229.00 OK
r-oldrel-windows-ix86+x86_64 0.97 23.00 173.00 196.00 OK

Check Details

Version: 0.97
Check: package dependencies
Result: NOTE
    Packages which this enhances but not available for checking: ‘AER’ ‘car’
Flavor: r-release-osx-x86_64-snowleopard

Version: 0.97
Check: dependencies in R code
Result: NOTE
    Missing or unexported object: ‘lme4::REMLcrit’
Flavor: r-release-osx-x86_64-snowleopard

Version: 0.97
Check: Rd cross-references
Result: NOTE
    Package unavailable to check Rd xrefs: ‘car’
Flavor: r-release-osx-x86_64-snowleopard