CRAN Package Check Results for Package memisc

Last updated on 2014-09-17 16:46:36.

Flavor Version Tinstall Tcheck Ttotal Status Flags
r-devel-linux-x86_64-debian-clang 0.96-9 5.20 60.00 65.21 NOTE
r-devel-linux-x86_64-debian-gcc 0.96-9 5.49 59.09 64.58 NOTE
r-devel-linux-x86_64-fedora-clang 0.96-9 132.19 OK
r-devel-linux-x86_64-fedora-gcc 0.96-9 124.80 OK
r-devel-osx-x86_64-clang 0.96-9 105.61 OK
r-devel-windows-ix86+x86_64 0.96-9 23.00 97.00 120.00 OK
r-patched-linux-x86_64 0.96-9 5.94 61.99 67.92 OK
r-patched-solaris-sparc 0.96-9 776.70 OK
r-patched-solaris-x86 0.96-9 156.90 OK
r-release-linux-ix86 0.96-9 7.17 76.66 83.83 OK
r-release-linux-x86_64 0.96-9 5.94 62.75 68.69 NOTE
r-release-osx-x86_64-mavericks 0.96-9 OK
r-release-osx-x86_64-snowleopard 0.96-9 OK
r-release-windows-ix86+x86_64 0.96-9 25.00 107.00 132.00 OK
r-oldrel-windows-ix86+x86_64 0.96-9 25.00 107.00 132.00 OK

Check Details

Version: 0.96-9
Check: R code for possible problems
Result: NOTE
    Found the following calls to attach():
    File ‘memisc/R/attch.R’:
     attach(NULL, name = paste("source:", filename, sep = ""))
    See section ‘Good practice’ in ‘?attach’.
Flavors: r-devel-linux-x86_64-debian-clang, r-devel-linux-x86_64-debian-gcc, r-release-linux-x86_64