CRAN Package Check Results for Package memisc

Last updated on 2017-08-18 02:49:06.

Flavor Version Tinstall Tcheck Ttotal Status Flags
r-devel-linux-x86_64-debian-clang 0.99.13.2 6.02 96.26 102.28 OK
r-devel-linux-x86_64-debian-gcc 0.99.13.2 6.57 92.34 98.91 OK
r-devel-linux-x86_64-fedora-clang 0.99.13.2 199.97 OK
r-devel-linux-x86_64-fedora-gcc 0.99.13.2 199.53 OK
r-devel-windows-ix86+x86_64 0.99.13.2 29.00 181.00 210.00 OK
r-patched-linux-x86_64 0.99.13.2 6.45 95.19 101.64 OK
r-patched-solaris-x86 0.99.13.2 235.10 NOTE
r-release-linux-x86_64 0.99.13.2 6.84 95.97 102.82 OK
r-release-windows-ix86+x86_64 0.99.13.2 31.00 175.00 206.00 OK
r-release-osx-x86_64 0.99.13.2 OK
r-oldrel-windows-ix86+x86_64 0.99.13 3.00 6.00 9.00 ERROR
r-oldrel-osx-x86_64 0.99.13.2 ERROR

Check Details

Version: 0.99.13.2
Check: installed package size
Result: NOTE
     installed size is 5.2Mb
     sub-directories of 1Mb or more:
     doc 3.7Mb
Flavor: r-patched-solaris-x86

Version: 0.99.13
Check: whether package can be installed
Result: ERROR
    Installation failed.
Flavor: r-oldrel-windows-ix86+x86_64

Version: 0.99.13.2
Check: whether package can be installed
Result: ERROR
    Installation failed.
Flavor: r-oldrel-osx-x86_64