CRAN Package Check Results for Package memisc

Last updated on 2015-09-03 14:48:24.

Flavor Version Tinstall Tcheck Ttotal Status Flags
r-devel-linux-x86_64-debian-clang 0.97 4.36 79.18 83.54 NOTE
r-devel-linux-x86_64-debian-gcc 0.97 4.88 78.20 83.08 NOTE
r-devel-linux-x86_64-fedora-clang 0.97 172.70 NOTE
r-devel-linux-x86_64-fedora-gcc 0.97 165.73 NOTE
r-devel-osx-x86_64-clang 0.97 144.73 OK
r-devel-windows-ix86+x86_64 0.97 43.00 203.00 246.00 NOTE
r-patched-linux-x86_64 0.97 4.94 85.34 90.27 OK
r-patched-solaris-sparc 0.97 1040.00 OK
r-patched-solaris-x86 0.97 218.40 OK
r-release-linux-x86_64 0.97 5.33 82.12 87.46 OK
r-release-osx-x86_64-mavericks 0.97 OK
r-release-windows-ix86+x86_64 0.97 39.00 228.00 267.00 OK
r-oldrel-windows-ix86+x86_64 0.97 49.00 232.00 281.00 OK

Check Details

Version: 0.97
Check: R code for possible problems
Result: NOTE
    as.data.frame.textfile_bucket: no visible global function definition
     for ‘read.table’
    as.matrix.textfile_bucket: no visible global function definition for
     ‘read.table’
    lsl: no visible global function definition for ‘ls.str’
    str.character.item: no visible global function definition for ‘str’
    str.double.item: no visible global function definition for ‘str’
    str.integer.item: no visible global function definition for ‘str’
    str.item.vector: no visible global function definition for ‘str’
    Undefined global functions or variables:
     ls.str read.table str
    Consider adding
     importFrom("utils", "ls.str", "read.table", "str")
    to your NAMESPACE.
Flavors: r-devel-linux-x86_64-debian-clang, r-devel-linux-x86_64-debian-gcc, r-devel-linux-x86_64-fedora-clang, r-devel-linux-x86_64-fedora-gcc, r-devel-windows-ix86+x86_64