CRAN Package Check Results for Package memisc

Last updated on 2014-04-20 21:46:50.

Flavor Version Tinstall Tcheck Ttotal Status Flags
r-devel-linux-x86_64-debian-clang 0.96-9 5.30 64.13 69.43 OK
r-devel-linux-x86_64-debian-gcc 0.96-9 5.71 64.65 70.36 OK
r-devel-linux-x86_64-fedora-clang 0.96-9 146.21 OK
r-devel-linux-x86_64-fedora-gcc 0.96-9 135.93 OK
r-devel-macosx-x86_64-clang 0.96-9 103.45 OK
r-devel-macosx-x86_64-gcc 0.96-9 NOTE
r-devel-windows-ix86+x86_64 0.96-9 23.00 111.00 134.00 OK
r-patched-linux-x86_64 0.96-9 5.81 63.89 69.70 OK
r-patched-solaris-sparc 0.96-9 764.70 OK
r-patched-solaris-x86 0.96-9 163.30 OK
r-release-linux-ix86 OK
r-release-linux-x86_64 0.96-9 5.74 63.82 69.55 OK
r-release-macosx-x86_64 0.96-9 OK
r-release-windows-ix86+x86_64 0.96-9 30.00 116.00 146.00 OK
r-oldrel-windows-ix86+x86_64 0.96-9 22.00 113.00 135.00 OK

Check Details

Version: 0.96-9
Check: package dependencies
Result: NOTE
    Package suggested but not available for checking: ‘car’
Flavor: r-devel-macosx-x86_64-gcc

Version: 0.96-9
Check: Rd cross-references
Result: NOTE
    Package unavailable to check Rd xrefs: ‘car’
Flavor: r-devel-macosx-x86_64-gcc