Last updated on 2018-04-27 04:50:50 CEST.
Flavor | Version | Tinstall | Tcheck | Ttotal | Status | Flags |
---|---|---|---|---|---|---|
r-devel-linux-x86_64-debian-clang | 0.99.14.9 | 25.97 | 104.07 | 130.04 | OK | |
r-devel-linux-x86_64-debian-gcc | 0.99.14.9 | 21.31 | 87.42 | 108.73 | OK | |
r-devel-linux-x86_64-fedora-clang | 0.99.14.9 | 168.35 | NOTE | |||
r-devel-linux-x86_64-fedora-gcc | 0.99.14.9 | 163.67 | NOTE | |||
r-devel-windows-ix86+x86_64 | 0.99.14.9 | 59.00 | 186.00 | 245.00 | NOTE | |
r-patched-linux-x86_64 | 0.99.14.9 | 26.91 | 113.02 | 139.93 | OK | |
r-patched-solaris-x86 | 0.99.14.9 | 199.10 | NOTE | |||
r-release-linux-x86_64 | 0.99.14.9 | 26.47 | 113.19 | 139.66 | OK | |
r-release-windows-ix86+x86_64 | 0.99.14.9 | 59.00 | 186.00 | 245.00 | NOTE | |
r-release-osx-x86_64 | 0.99.14.9 | NOTE | ||||
r-oldrel-windows-ix86+x86_64 | 0.99.14.9 | 29.00 | 157.00 | 186.00 | OK | |
r-oldrel-osx-x86_64 | 0.99.14.9 | OK |
Version: 0.99.14.9
Check: installed package size
Result: NOTE
installed size is 5.3Mb
sub-directories of 1Mb or more:
R 1.1Mb
doc 3.4Mb
Flavors: r-devel-linux-x86_64-fedora-clang, r-devel-linux-x86_64-fedora-gcc, r-devel-windows-ix86+x86_64, r-patched-solaris-x86, r-release-windows-ix86+x86_64, r-release-osx-x86_64