CRAN Package Check Results for Package memisc

Last updated on 2015-03-06 14:47:00.

Flavor Version Tinstall Tcheck Ttotal Status Flags
r-devel-linux-x86_64-debian-clang 0.96-10 4.24 84.55 88.79 WARN
r-devel-linux-x86_64-debian-gcc 0.96-10 4.70 81.02 85.71 WARN
r-devel-linux-x86_64-fedora-clang 0.96-10 176.76 WARN
r-devel-linux-x86_64-fedora-gcc 0.96-10 172.06 WARN
r-devel-osx-x86_64-clang 0.96-10 160.04 WARN
r-devel-windows-ix86+x86_64 0.96-10 27.00 141.00 168.00 WARN
r-patched-linux-x86_64 0.96-10 6.12 105.14 111.26 NOTE
r-patched-solaris-sparc 0.96-10 1367.30 OK
r-patched-solaris-x86 0.96-10 291.70 OK
r-release-linux-ix86 0.96-10 6.90 121.36 128.26 NOTE
r-release-linux-x86_64 0.96-10 5.69 104.07 109.76 NOTE
r-release-osx-x86_64-mavericks 0.96-10 OK
r-release-osx-x86_64-snowleopard 0.96-10 OK
r-release-windows-ix86+x86_64 0.96-10 36.00 182.00 218.00 OK
r-oldrel-windows-ix86+x86_64 0.96-10 31.00 183.00 214.00 OK

Check Details

Version: 0.96-10
Check: use of S3 registration
Result: WARN
    Registered S3 method from a standard package overwritten by 'memisc':
     method from
     aggregate.formula stats
Flavors: r-devel-linux-x86_64-debian-clang, r-devel-linux-x86_64-debian-gcc, r-devel-linux-x86_64-fedora-clang, r-devel-linux-x86_64-fedora-gcc, r-devel-osx-x86_64-clang, r-devel-windows-ix86+x86_64, r-devel-windows-ix86+x86_64

Version: 0.96-10
Check: S3 generic/method consistency
Result: NOTE
    Found the following apparent S3 methods exported but not registered:
     getSummary.aftreg getSummary.betareg getSummary.clm getSummary.coxph
     getSummary.expcoef getSummary.expcoef.glm getSummary.expcoef.glm
     getSummary.glm getSummary.hurdle getSummary.ivreg getSummary.lm
     getSummary.mer getSummary.multinom getSummary.phreg getSummary.polr
     getSummary.simex getSummary.survreg getSummary.tobit
     getSummary.weibreg sort.data.frame sort.data.set
    See section ‘Registering S3 methods’ in the ‘Writing R Extensions’
    manual.
Flavors: r-devel-linux-x86_64-debian-clang, r-devel-linux-x86_64-debian-gcc, r-devel-linux-x86_64-fedora-clang, r-devel-linux-x86_64-fedora-gcc, r-devel-osx-x86_64-clang

Version: 0.96-10
Check: R code for possible problems
Result: NOTE
    Found the following calls to attach():
    File ‘memisc/R/attch.R’:
     attach(NULL, name = paste("source:", filename, sep = ""))
    See section ‘Good practice’ in ‘?attach’.
Flavors: r-devel-linux-x86_64-debian-clang, r-devel-linux-x86_64-debian-gcc, r-patched-linux-x86_64, r-release-linux-ix86, r-release-linux-x86_64