CRAN Package Check Results for Package memisc

Last updated on 2017-04-24 08:48:01.

Flavor Version Tinstall Tcheck Ttotal Status Flags
r-devel-linux-x86_64-debian-clang 0.99.8 6.10 96.20 102.29 NOTE
r-devel-linux-x86_64-debian-gcc 0.99.8 5.65 93.21 98.86 NOTE
r-devel-linux-x86_64-fedora-clang 0.99.8 210.16 NOTE --no-stop-on-test-error
r-devel-linux-x86_64-fedora-gcc 0.99.8 199.31 NOTE --no-stop-on-test-error
r-devel-windows-ix86+x86_64 0.99.8 42.00 250.00 292.00 OK
r-patched-linux-x86_64 0.99.8 5.47 94.81 100.29 NOTE
r-patched-solaris-sparc 0.99.8 1135.80 OK
r-patched-solaris-x86 0.99.8 230.10 NOTE
r-release-linux-x86_64 0.99.8 5.69 93.29 98.99 NOTE
r-release-windows-ix86+x86_64 0.99.8 33.00 185.00 218.00 OK
r-release-osx-x86_64 0.99.8 OK
r-oldrel-windows-ix86+x86_64 0.99.8 34.00 173.00 207.00 OK
r-oldrel-osx-x86_64 0.99.8 OK

Check Details

Version: 0.99.8
Check: compiled code
Result: NOTE
    File ‘memisc/libs/memisc.so’:
     Found no calls to: ‘R_registerRoutines’, ‘R_useDynamicSymbols’
    
    It is good practice to register native routines and to disable symbol
    search.
    
    See ‘Writing portable packages’ in the ‘Writing R Extensions’ manual.
Flavors: r-devel-linux-x86_64-debian-clang, r-devel-linux-x86_64-debian-gcc, r-patched-linux-x86_64, r-release-linux-x86_64

Version: 0.99.8
Flags: --no-stop-on-test-error
Check: compiled code
Result: NOTE
    File ‘memisc/libs/memisc.so’:
     Found no calls to: ‘R_registerRoutines’, ‘R_useDynamicSymbols’
    
    It is good practice to register native routines and to disable symbol
    search.
    
    See ‘Writing portable packages’ in the ‘Writing R Extensions’ manual.
Flavors: r-devel-linux-x86_64-fedora-clang, r-devel-linux-x86_64-fedora-gcc

Version: 0.99.8
Check: installed package size
Result: NOTE
     installed size is 5.2Mb
     sub-directories of 1Mb or more:
     doc 3.7Mb
Flavor: r-patched-solaris-x86