CRAN Package Check Results for Package memisc

Last updated on 2014-12-18 17:51:33.

Flavor Version Tinstall Tcheck Ttotal Status Flags
r-devel-linux-x86_64-debian-clang 0.96-10 5.12 62.54 67.66 NOTE
r-devel-linux-x86_64-debian-gcc 0.96-10 7.24 61.70 68.94 NOTE
r-devel-linux-x86_64-fedora-clang 0.96-10 144.93 OK
r-devel-linux-x86_64-fedora-gcc 0.96-10 129.27 OK
r-devel-osx-x86_64-clang 0.96-10 120.92 OK
r-devel-windows-ix86+x86_64 0.96-10 36.00 104.00 140.00 OK
r-patched-linux-x86_64 0.96-10 6.00 66.12 72.13 NOTE
r-patched-solaris-sparc 0.96-10 737.50 OK
r-patched-solaris-x86 0.96-10 166.30 OK
r-release-linux-ix86 0.96-10 6.89 75.61 82.50 OK
r-release-linux-x86_64 0.96-10 5.72 66.38 72.11 NOTE
r-release-osx-x86_64-mavericks 0.96-10 OK
r-release-osx-x86_64-snowleopard 0.96-10 OK
r-release-windows-ix86+x86_64 0.96-10 23.00 120.00 143.00 OK
r-oldrel-windows-ix86+x86_64 0.96-10 25.00 110.00 135.00 OK

Check Details

Version: 0.96-10
Check: R code for possible problems
Result: NOTE
    Found the following calls to attach():
    File ‘memisc/R/attch.R’:
     attach(NULL, name = paste("source:", filename, sep = ""))
    See section ‘Good practice’ in ‘?attach’.
Flavors: r-devel-linux-x86_64-debian-clang, r-devel-linux-x86_64-debian-gcc, r-patched-linux-x86_64, r-release-linux-x86_64