CRAN Package Check Results for Package memisc

Last updated on 2015-05-27 09:47:55.

Flavor Version Tinstall Tcheck Ttotal Status Flags
r-devel-linux-x86_64-debian-clang 0.97 4.47 80.40 84.87 OK
r-devel-linux-x86_64-debian-gcc 0.97 4.69 77.61 82.30 OK
r-devel-linux-x86_64-fedora-clang 0.97 170.46 OK
r-devel-linux-x86_64-fedora-gcc 0.97 162.10 OK
r-devel-osx-x86_64-clang 0.97 143.89 OK
r-devel-windows-ix86+x86_64 0.97 28.00 137.00 165.00 OK
r-patched-linux-x86_64 0.97 4.75 81.24 85.99 OK
r-patched-solaris-sparc 0.97 1024.80 OK
r-patched-solaris-x86 0.97 206.30 OK
r-release-linux-x86_64 0.97 4.87 85.79 90.66 OK
r-release-osx-x86_64-mavericks 0.97 OK
r-release-osx-x86_64-snowleopard 0.97 NOTE
r-release-windows-ix86+x86_64 0.97 24.00 134.00 158.00 WARN
r-oldrel-windows-ix86+x86_64 0.97 30.00 244.00 274.00 OK

Check Details

Version: 0.97
Check: package dependencies
Result: NOTE
    Packages which this enhances but not available for checking: ‘AER’ ‘car’
Flavor: r-release-osx-x86_64-snowleopard

Version: 0.97
Check: dependencies in R code
Result: NOTE
    Missing or unexported object: ‘lme4::REMLcrit’
Flavor: r-release-osx-x86_64-snowleopard

Version: 0.97
Check: Rd cross-references
Result: NOTE
    Package unavailable to check Rd xrefs: ‘car’
Flavor: r-release-osx-x86_64-snowleopard

Version: 0.97
Check: whether package can be installed
Result: WARN
    Found the following significant warnings:
     Warning: S3 methods 'print.sparseSummary', 'print.diagSummary', 'c.abIndex', 'as.array.Matrix', 'as.matrix.Matrix', 'as.vector.Matrix' were declared in NAMESPACE but not found
Flavor: r-release-windows-ix86+x86_64