CRAN Package Check Results for Package memisc

Last updated on 2018-06-21 11:50:14 CEST.

Flavor Version Tinstall Tcheck Ttotal Status Flags
r-devel-linux-x86_64-debian-clang 0.99.14.9 20.92 118.63 139.55 OK
r-devel-linux-x86_64-debian-gcc 0.99.14.9 23.25 96.75 120.00 OK
r-devel-linux-x86_64-fedora-clang 0.99.14.9 178.01 NOTE
r-devel-linux-x86_64-fedora-gcc 0.99.14.9 170.68 OK
r-devel-windows-ix86+x86_64 0.99.14.9 62.00 200.00 262.00 NOTE
r-patched-linux-x86_64 0.99.14.9 21.39 115.44 136.83 OK
r-patched-solaris-x86 0.99.14.9 194.00 NOTE
r-release-linux-x86_64 0.99.14.9 21.15 113.54 134.69 OK
r-release-windows-ix86+x86_64 0.99.14.9 42.00 135.00 177.00 NOTE
r-release-osx-x86_64 0.99.14.9 NOTE
r-oldrel-windows-ix86+x86_64 0.99.14.9 37.00 153.00 190.00 OK
r-oldrel-osx-x86_64 0.99.14.9 OK

Check Details

Version: 0.99.14.9
Check: installed package size
Result: NOTE
     installed size is 5.3Mb
     sub-directories of 1Mb or more:
     R 1.1Mb
     doc 3.4Mb
Flavors: r-devel-linux-x86_64-fedora-clang, r-devel-windows-ix86+x86_64, r-patched-solaris-x86, r-release-windows-ix86+x86_64, r-release-osx-x86_64