CRAN Package Check Results for Package memisc

Last updated on 2017-10-18 23:47:53.

Flavor Version Tinstall Tcheck Ttotal Status Flags
r-devel-linux-x86_64-debian-clang 0.99.14.3 5.83 97.61 103.44 OK
r-devel-linux-x86_64-debian-gcc 0.99.14.3 7.30 99.53 106.83 OK
r-devel-linux-x86_64-fedora-clang 0.99.14.3 209.10 OK
r-devel-linux-x86_64-fedora-gcc 0.99.14.3 216.09 OK
r-devel-windows-ix86+x86_64 0.99.14.3 54.00 181.00 235.00 OK
r-patched-linux-x86_64 0.99.14.3 6.62 98.21 104.82 OK
r-patched-solaris-x86 0.99.14.3 236.90 NOTE
r-release-linux-x86_64 0.99.14.3 6.69 97.40 104.09 OK
r-release-windows-ix86+x86_64 0.99.14.3 42.00 241.00 283.00 OK
r-release-osx-x86_64 0.99.14.3 OK
r-oldrel-windows-ix86+x86_64 0.99.13 3.00 6.00 9.00 ERROR
r-oldrel-osx-x86_64 0.99.14.3 ERROR

Check Details

Version: 0.99.14.3
Check: installed package size
Result: NOTE
     installed size is 5.2Mb
     sub-directories of 1Mb or more:
     doc 3.7Mb
Flavor: r-patched-solaris-x86

Version: 0.99.13
Check: whether package can be installed
Result: ERROR
    Installation failed.
Flavor: r-oldrel-windows-ix86+x86_64

Version: 0.99.14.3
Check: whether package can be installed
Result: ERROR
    Installation failed.
Flavor: r-oldrel-osx-x86_64