CRAN Package Check Results for Package memisc

Last updated on 2017-06-25 22:48:00.

Flavor Version Tinstall Tcheck Ttotal Status Flags
r-devel-linux-x86_64-debian-clang 0.99.8 5.90 93.86 99.76 NOTE
r-devel-linux-x86_64-debian-gcc 0.99.8 5.72 93.70 99.42 NOTE
r-devel-linux-x86_64-fedora-clang 0.99.8 209.80 NOTE
r-devel-linux-x86_64-fedora-gcc 0.99.8 200.13 NOTE
r-devel-windows-ix86+x86_64 0.99.8 46.00 173.00 219.00 OK
r-patched-linux-x86_64 0.99.8 5.75 95.25 101.00 NOTE
r-patched-solaris-sparc 0.99.8 1135.80 OK
r-patched-solaris-x86 0.99.8 234.70 NOTE
r-release-linux-x86_64 0.99.8 5.80 95.78 101.59 NOTE
r-release-windows-ix86+x86_64 0.99.8 38.00 248.00 286.00 OK
r-release-osx-x86_64 0.99.8 OK
r-oldrel-windows-ix86+x86_64 0.99.8 31.00 229.00 260.00 OK
r-oldrel-osx-x86_64 0.99.8 OK

Additional issues

rchk

Check Details

Version: 0.99.8
Check: compiled code
Result: NOTE
    File ‘memisc/libs/memisc.so’:
     Found no calls to: ‘R_registerRoutines’, ‘R_useDynamicSymbols’
    
    It is good practice to register native routines and to disable symbol
    search.
    
    See ‘Writing portable packages’ in the ‘Writing R Extensions’ manual.
Flavors: r-devel-linux-x86_64-debian-clang, r-devel-linux-x86_64-debian-gcc, r-devel-linux-x86_64-fedora-clang, r-devel-linux-x86_64-fedora-gcc, r-patched-linux-x86_64, r-release-linux-x86_64

Version: 0.99.8
Check: installed package size
Result: NOTE
     installed size is 5.2Mb
     sub-directories of 1Mb or more:
     doc 3.7Mb
Flavor: r-patched-solaris-x86