CRAN Package Check Results for Package memisc

Last updated on 2014-11-26 07:47:08.

Flavor Version Tinstall Tcheck Ttotal Status Flags
r-devel-linux-x86_64-debian-clang 0.96-10 5.06 63.72 68.78 NOTE
r-devel-linux-x86_64-debian-gcc 0.96-10 5.72 61.57 67.29 NOTE
r-devel-linux-x86_64-fedora-clang 0.96-10 140.95 OK
r-devel-linux-x86_64-fedora-gcc 0.96-10 133.95 OK
r-devel-osx-x86_64-clang 0.96-10 118.83 OK
r-devel-windows-ix86+x86_64 0.96-10 22.00 99.00 121.00 OK
r-patched-linux-x86_64 0.96-10 6.22 67.87 74.09 NOTE
r-patched-solaris-sparc 0.96-10 737.50 OK
r-patched-solaris-x86 0.96-10 165.60 OK
r-release-linux-ix86 0.96-10 6.87 75.77 82.64 OK
r-release-linux-x86_64 0.96-10 6.04 67.64 73.68 NOTE
r-release-osx-x86_64-mavericks 0.96-10 OK
r-release-osx-x86_64-snowleopard 0.96-10 OK
r-release-windows-ix86+x86_64 0.96-10 23.00 114.00 137.00 OK
r-oldrel-windows-ix86+x86_64 0.96-10 23.00 109.00 132.00 OK

Check Details

Version: 0.96-10
Check: R code for possible problems
Result: NOTE
    Found the following calls to attach():
    File ‘memisc/R/attch.R’:
     attach(NULL, name = paste("source:", filename, sep = ""))
    See section ‘Good practice’ in ‘?attach’.
Flavors: r-devel-linux-x86_64-debian-clang, r-devel-linux-x86_64-debian-gcc, r-patched-linux-x86_64, r-release-linux-x86_64