CRAN Package Check Results for Package memisc

Last updated on 2017-03-27 17:47:34.

Flavor Version Tinstall Tcheck Ttotal Status Flags
r-devel-linux-x86_64-debian-clang 0.99.8 5.78 95.28 101.05 NOTE
r-devel-linux-x86_64-debian-gcc 0.99.8 6.07 93.67 99.74 NOTE
r-devel-linux-x86_64-fedora-clang 0.99.8 225.69 NOTE --no-stop-on-test-error
r-devel-linux-x86_64-fedora-gcc 0.99.8 197.91 NOTE --no-stop-on-test-error
r-devel-macos-x86_64-clang 0.99.8 155.68 NOTE --no-stop-on-test-error
r-devel-windows-ix86+x86_64 0.99.8 33.00 280.00 313.00 OK
r-patched-linux-x86_64 0.99.8 5.45 93.48 98.93 NOTE
r-patched-solaris-sparc 0.99.8 1135.80 OK
r-patched-solaris-x86 0.99.8 233.20 NOTE
r-release-linux-x86_64 0.99.8 5.44 89.39 94.83 OK
r-release-osx-x86_64-mavericks 0.99.8 OK
r-release-windows-ix86+x86_64 0.99.8 43.00 217.00 260.00 OK
r-oldrel-windows-ix86+x86_64 0.99.8 34.00 174.00 208.00 OK

Check Details

Version: 0.99.8
Check: compiled code
Result: NOTE
    File ‘memisc/libs/memisc.so’:
     Found no calls to: ‘R_registerRoutines’, ‘R_useDynamicSymbols’
    
    It is good practice to register native routines and to disable symbol
    search.
    
    See ‘Writing portable packages’ in the ‘Writing R Extensions’ manual.
Flavors: r-devel-linux-x86_64-debian-clang, r-devel-linux-x86_64-debian-gcc, r-patched-linux-x86_64

Version: 0.99.8
Flags: --no-stop-on-test-error
Check: compiled code
Result: NOTE
    File ‘memisc/libs/memisc.so’:
     Found no calls to: ‘R_registerRoutines’, ‘R_useDynamicSymbols’
    
    It is good practice to register native routines and to disable symbol
    search.
    
    See ‘Writing portable packages’ in the ‘Writing R Extensions’ manual.
Flavors: r-devel-linux-x86_64-fedora-clang, r-devel-linux-x86_64-fedora-gcc, r-devel-macos-x86_64-clang

Version: 0.99.8
Check: installed package size
Result: NOTE
     installed size is 5.2Mb
     sub-directories of 1Mb or more:
     doc 3.7Mb
Flavor: r-patched-solaris-x86