CRAN Package Check Results for Package memisc

Last updated on 2015-07-03 21:46:37.

Flavor Version Tinstall Tcheck Ttotal Status Flags
r-devel-linux-x86_64-debian-clang 0.97 4.43 80.92 85.35 NOTE
r-devel-linux-x86_64-debian-gcc 0.97 4.92 76.23 81.15 NOTE
r-devel-linux-x86_64-fedora-clang 0.97 171.47 NOTE
r-devel-linux-x86_64-fedora-gcc 0.97 160.50 NOTE
r-devel-osx-x86_64-clang 0.97 153.88 OK
r-devel-windows-ix86+x86_64 0.97 30.00 146.00 176.00 NOTE
r-patched-linux-x86_64 0.97 4.63 81.26 85.90 OK
r-patched-solaris-sparc 0.97 1024.80 OK
r-patched-solaris-x86 0.97 206.10 OK
r-release-linux-x86_64 0.97 5.15 84.54 89.69 OK
r-release-osx-x86_64-mavericks 0.97 OK
r-release-windows-ix86+x86_64 0.97 42.00 141.00 183.00 OK
r-oldrel-windows-ix86+x86_64 0.97 37.00 175.00 212.00 OK

Check Details

Version: 0.97
Check: R code for possible problems
Result: NOTE
    as.data.frame.textfile_bucket: no visible global function definition
     for ‘read.table’
    as.matrix.textfile_bucket: no visible global function definition for
     ‘read.table’
    car_recode: no visible global function definition for ‘na.omit’
    lsl: no visible global function definition for ‘ls.str’
    str.character.item: no visible global function definition for ‘str’
    str.double.item: no visible global function definition for ‘str’
    str.integer.item: no visible global function definition for ‘str’
    str.item.vector: no visible global function definition for ‘str’
    Undefined global functions or variables:
     ls.str na.omit read.table str
Flavors: r-devel-linux-x86_64-debian-clang, r-devel-linux-x86_64-debian-gcc, r-devel-linux-x86_64-fedora-clang, r-devel-linux-x86_64-fedora-gcc, r-devel-windows-ix86+x86_64