CRAN Package Check Results for Package memisc

Last updated on 2016-07-25 07:47:12.

Flavor Version Tinstall Tcheck Ttotal Status Flags
r-devel-linux-x86_64-debian-clang 0.99.7-1 6.44 102.17 108.61 OK
r-devel-linux-x86_64-debian-gcc 0.99.7-1 6.67 100.96 107.63 OK
r-devel-linux-x86_64-fedora-clang 0.99.7-1 184.44 OK
r-devel-linux-x86_64-fedora-gcc 0.99.7-1 176.93 OK
r-devel-osx-x86_64-clang 0.99.7-1 149.28 OK
r-devel-windows-ix86+x86_64 0.99.7-1 39.00 169.00 208.00 OK
r-patched-linux-x86_64 0.99.7-1 5.90 97.85 103.75 OK
r-patched-solaris-sparc 0.99.7-1 956.20 NOTE
r-patched-solaris-x86 0.99.7-1 203.20 NOTE
r-release-linux-x86_64 0.99.7-1 6.02 99.73 105.75 OK
r-release-osx-x86_64-mavericks 0.99.7-1 OK
r-release-windows-ix86+x86_64 0.99.7-1 30.00 179.00 209.00 OK
r-oldrel-windows-ix86+x86_64 0.99.7-1 54.00 189.00 243.00 OK

Check Details

Version: 0.99.7-1
Check: installed package size
Result: NOTE
     installed size is 5.2Mb
     sub-directories of 1Mb or more:
     doc 4.0Mb
Flavors: r-patched-solaris-sparc, r-patched-solaris-x86