CRAN Package Check Results for Package memisc

Last updated on 2017-01-23 23:53:02.

Flavor Version Tinstall Tcheck Ttotal Status Flags
r-devel-linux-x86_64-debian-clang 0.99.8 5.57 95.41 100.98 OK
r-devel-linux-x86_64-debian-gcc 0.99.8 5.67 94.81 100.48 OK
r-devel-linux-x86_64-fedora-clang 0.99.8 190.08 OK --no-stop-on-test-error
r-devel-linux-x86_64-fedora-gcc 0.99.8 185.70 OK --no-stop-on-test-error
r-devel-macos-x86_64-clang 0.99.8 147.82 OK --no-stop-on-test-error
r-devel-windows-ix86+x86_64 0.99.8 32.00 198.00 230.00 OK
r-patched-linux-x86_64 0.99.8 5.45 86.94 92.39 OK
r-patched-solaris-sparc 0.99.8 1027.70 OK
r-patched-solaris-x86 0.99.8 202.60 NOTE
r-release-linux-x86_64 0.99.8 5.14 87.68 92.82 OK
r-release-osx-x86_64-mavericks 0.99.8 OK
r-release-windows-ix86+x86_64 0.99.8 125.00 190.00 315.00 OK
r-oldrel-windows-ix86+x86_64 0.99.8 70.00 236.00 306.00 OK

Check Details

Version: 0.99.8
Check: installed package size
Result: NOTE
     installed size is 5.0Mb
     sub-directories of 1Mb or more:
     doc 3.7Mb
Flavor: r-patched-solaris-x86