CRAN Package Check Results for Package memochange

Last updated on 2022-07-07 02:52:55 CEST.

Flavor Version Tinstall Tcheck Ttotal Status Flags
r-devel-linux-x86_64-debian-clang 1.1.1 4.87 134.92 139.79 NOTE
r-devel-linux-x86_64-debian-gcc 1.1.1 4.65 95.11 99.76 NOTE
r-devel-linux-x86_64-fedora-clang 1.1.1 171.23 NOTE
r-devel-linux-x86_64-fedora-gcc 1.1.1 171.02 NOTE
r-devel-windows-x86_64 1.1.1 31.00 164.00 195.00 NOTE
r-patched-linux-x86_64 1.1.1 5.84 127.53 133.37 NOTE
r-release-linux-x86_64 1.1.1 4.85 128.36 133.21 NOTE
r-release-macos-arm64 1.1.1 49.00 NOTE
r-release-macos-x86_64 1.1.1 86.00 NOTE
r-release-windows-x86_64 1.1.1 49.00 170.00 219.00 NOTE
r-oldrel-macos-arm64 1.1.1 49.00 NOTE
r-oldrel-macos-x86_64 1.1.1 91.00 NOTE
r-oldrel-windows-ix86+x86_64 1.1.1 12.00 164.00 176.00 NOTE

Check Details

Version: 1.1.1
Check: LazyData
Result: NOTE
     'LazyData' is specified without a 'data' directory
Flavors: r-devel-linux-x86_64-debian-clang, r-devel-linux-x86_64-debian-gcc, r-devel-linux-x86_64-fedora-clang, r-devel-linux-x86_64-fedora-gcc, r-devel-windows-x86_64, r-patched-linux-x86_64, r-release-linux-x86_64, r-release-macos-arm64, r-release-macos-x86_64, r-release-windows-x86_64, r-oldrel-macos-arm64, r-oldrel-macos-x86_64, r-oldrel-windows-ix86+x86_64

Version: 1.1.1
Check: dependencies in R code
Result: NOTE
    Namespace in Imports field not imported from: ‘urca’
     All declared Imports should be used.
Flavors: r-devel-linux-x86_64-fedora-clang, r-devel-linux-x86_64-fedora-gcc, r-release-macos-arm64, r-release-macos-x86_64, r-oldrel-macos-arm64, r-oldrel-macos-x86_64