CRAN Package Check Results for Package memochange

Last updated on 2023-02-08 16:52:14 CET.

Flavor Version Tinstall Tcheck Ttotal Status Flags
r-devel-linux-x86_64-debian-clang 1.1.1 5.63 137.51 143.14 NOTE
r-devel-linux-x86_64-debian-gcc 1.1.1 5.02 95.45 100.47 NOTE
r-devel-linux-x86_64-fedora-clang 1.1.1 179.55 NOTE
r-devel-linux-x86_64-fedora-gcc 1.1.1 177.92 NOTE
r-devel-windows-x86_64 1.1.1 33.00 170.00 203.00 NOTE
r-patched-linux-x86_64 1.1.1 5.00 128.42 133.42 NOTE
r-release-linux-x86_64 1.1.1 5.39 125.30 130.69 NOTE
r-release-macos-arm64 1.1.1 49.00 NOTE
r-release-macos-x86_64 1.1.1 86.00 NOTE
r-release-windows-x86_64 1.1.1 19.00 173.00 192.00 NOTE
r-oldrel-macos-arm64 1.1.1 49.00 NOTE
r-oldrel-macos-x86_64 1.1.1 91.00 NOTE
r-oldrel-windows-ix86+x86_64 1.1.1 13.00 165.00 178.00 NOTE

Check Details

Version: 1.1.1
Check: LazyData
Result: NOTE
     'LazyData' is specified without a 'data' directory
Flavors: r-devel-linux-x86_64-debian-clang, r-devel-linux-x86_64-debian-gcc, r-devel-linux-x86_64-fedora-clang, r-devel-linux-x86_64-fedora-gcc, r-devel-windows-x86_64, r-patched-linux-x86_64, r-release-linux-x86_64, r-release-macos-arm64, r-release-macos-x86_64, r-release-windows-x86_64, r-oldrel-macos-arm64, r-oldrel-macos-x86_64, r-oldrel-windows-ix86+x86_64

Version: 1.1.1
Check: dependencies in R code
Result: NOTE
    Namespace in Imports field not imported from: ‘urca’
     All declared Imports should be used.
Flavors: r-devel-linux-x86_64-fedora-clang, r-devel-linux-x86_64-fedora-gcc, r-release-macos-arm64, r-release-macos-x86_64, r-oldrel-macos-arm64, r-oldrel-macos-x86_64