CRAN Package Check Results for Package memoise

Last updated on 2014-04-19 23:49:56.

Flavor Version Tinstall Tcheck Ttotal Status Flags
r-devel-linux-x86_64-debian-clang 0.1 0.48 10.83 11.31 NOTE
r-devel-linux-x86_64-debian-gcc 0.1 0.48 10.76 11.25 NOTE
r-devel-linux-x86_64-fedora-clang 0.1 17.69 NOTE
r-devel-linux-x86_64-fedora-gcc 0.1 16.79 NOTE
r-devel-macosx-x86_64-clang 0.1 21.71 NOTE
r-devel-macosx-x86_64-gcc 0.1 NOTE
r-devel-windows-ix86+x86_64 0.1 2.00 17.00 19.00 NOTE
r-patched-linux-x86_64 0.1 0.50 10.64 11.14 NOTE
r-patched-solaris-sparc 0.1 100.90 NOTE
r-patched-solaris-x86 0.1 28.20 NOTE
r-release-linux-ix86 NOTE
r-release-linux-x86_64 0.1 0.51 10.69 11.20 NOTE
r-release-windows-ix86+x86_64 0.1 4.00 22.00 26.00 NOTE
r-oldrel-windows-ix86+x86_64 0.1 2.00 18.00 20.00 NOTE

Check Details

Version: 0.1
Check: DESCRIPTION meta-information
Result: NOTE
    License components which are templates and need '+ file LICENSE':
     MIT
Flavors: r-devel-linux-x86_64-debian-clang, r-devel-linux-x86_64-debian-gcc, r-devel-linux-x86_64-fedora-clang, r-devel-linux-x86_64-fedora-gcc, r-devel-macosx-x86_64-clang, r-devel-macosx-x86_64-gcc, r-patched-linux-x86_64, r-patched-solaris-sparc, r-patched-solaris-x86, r-release-linux-ix86, r-release-linux-x86_64

Version: 0.1
Check: R code for possible problems
Result: NOTE
    new_cache : cache_set: warning in assign(key, value, env = cache):
     partial argument match of 'env' to 'envir'
    new_cache : cache_get: warning in get(key, env = cache, inherits =
     FALSE): partial argument match of 'env' to 'envir'
    new_cache : cache_has_key: warning in exists(key, env = cache, inherits
     = FALSE): partial argument match of 'env' to 'envir'
Flavors: r-devel-linux-x86_64-debian-clang, r-devel-linux-x86_64-debian-gcc, r-devel-linux-x86_64-fedora-clang, r-devel-linux-x86_64-fedora-gcc, r-devel-macosx-x86_64-clang, r-devel-macosx-x86_64-gcc, r-devel-windows-ix86+x86_64, r-patched-linux-x86_64, r-patched-solaris-sparc, r-patched-solaris-x86, r-release-linux-ix86, r-release-linux-x86_64, r-release-windows-ix86+x86_64, r-oldrel-windows-ix86+x86_64