CRAN Package Check Results for Package memoise

Last updated on 2018-04-25 08:51:26 CEST.

Flavor Version Tinstall Tcheck Ttotal Status Flags
r-devel-linux-x86_64-debian-clang 1.1.0 0.70 19.15 19.85 OK
r-devel-linux-x86_64-debian-gcc 1.1.0 0.76 15.15 15.91 OK
r-devel-linux-x86_64-fedora-clang 1.1.0 23.70 OK
r-devel-linux-x86_64-fedora-gcc 1.1.0 22.47 OK
r-devel-windows-ix86+x86_64 1.1.0 5.00 43.00 48.00 OK
r-patched-linux-x86_64 1.1.0 0.78 18.65 19.43 OK
r-patched-solaris-x86 1.1.0 38.00 OK
r-release-linux-x86_64 1.1.0 0.95 18.71 19.66 OK
r-release-windows-ix86+x86_64 1.1.0 5.00 43.00 48.00 OK
r-release-osx-x86_64 1.1.0 OK
r-oldrel-windows-ix86+x86_64 1.1.0 4.00 40.00 44.00 OK
r-oldrel-osx-x86_64 1.1.0 NOTE

Check Details

Version: 1.1.0
Check: package dependencies
Result: NOTE
    Package suggested but not available for checking: ‘aws.s3’
Flavor: r-oldrel-osx-x86_64