CRAN Package Check Results for Package memoise

Last updated on 2017-06-28 03:48:35.

Flavor Version Tinstall Tcheck Ttotal Status Flags
r-devel-linux-x86_64-debian-clang 1.1.0 0.71 14.37 15.08 OK
r-devel-linux-x86_64-debian-gcc 1.1.0 0.62 14.87 15.49 OK
r-devel-linux-x86_64-fedora-clang 1.1.0 22.28 OK
r-devel-linux-x86_64-fedora-gcc 1.1.0 21.89 OK
r-devel-windows-ix86+x86_64 1.1.0 4.00 31.00 35.00 OK
r-patched-linux-x86_64 1.1.0 0.68 14.35 15.03 OK
r-patched-solaris-sparc 1.1.0 130.40 OK
r-patched-solaris-x86 1.1.0 31.90 OK
r-release-linux-x86_64 1.1.0 0.62 14.45 15.07 OK
r-release-windows-ix86+x86_64 1.1.0 5.00 41.00 46.00 OK
r-release-osx-x86_64 1.1.0 NOTE
r-oldrel-windows-ix86+x86_64 1.1.0 3.00 46.00 49.00 OK
r-oldrel-osx-x86_64 1.1.0 NOTE

Check Details

Version: 1.1.0
Check: package dependencies
Result: NOTE
    Package suggested but not available for checking: ‘aws.s3’
Flavors: r-release-osx-x86_64, r-oldrel-osx-x86_64