CRAN Package Check Results for Package memoise

Last updated on 2017-05-24 05:50:10.

Flavor Version Tinstall Tcheck Ttotal Status Flags
r-devel-linux-x86_64-debian-clang 1.1.0 0.61 14.66 15.27 OK
r-devel-linux-x86_64-debian-gcc 1.1.0 0.62 14.47 15.09 OK
r-devel-linux-x86_64-fedora-clang 1.1.0 21.81 OK --no-stop-on-test-error
r-devel-linux-x86_64-fedora-gcc 1.1.0 21.43 OK --no-stop-on-test-error
r-devel-windows-ix86+x86_64 1.1.0 2.00 31.00 33.00 OK
r-patched-linux-x86_64 1.1.0 0.60 14.32 14.92 OK
r-patched-solaris-sparc 1.1.0 130.40 OK
r-patched-solaris-x86 1.1.0 30.80 OK
r-release-linux-x86_64 1.1.0 0.63 14.47 15.10 OK
r-release-windows-ix86+x86_64 1.1.0 3.00 39.00 42.00 OK
r-release-osx-x86_64 1.1.0 NOTE
r-oldrel-windows-ix86+x86_64 1.1.0 2.00 38.00 40.00 OK
r-oldrel-osx-x86_64 1.1.0 NOTE

Check Details

Version: 1.1.0
Check: package dependencies
Result: NOTE
    Package suggested but not available for checking: ‘aws.s3’
Flavors: r-release-osx-x86_64, r-oldrel-osx-x86_64