CRAN Package Check Results for Package memoise

Last updated on 2017-08-17 20:46:47.

Flavor Version Tinstall Tcheck Ttotal Status Flags
r-devel-linux-x86_64-debian-clang 1.1.0 0.66 14.72 15.39 OK
r-devel-linux-x86_64-debian-gcc 1.1.0 0.64 14.76 15.40 OK
r-devel-linux-x86_64-fedora-clang 1.1.0 21.90 OK
r-devel-linux-x86_64-fedora-gcc 1.1.0 21.67 OK
r-devel-windows-ix86+x86_64 1.1.0 3.00 29.00 32.00 OK
r-patched-linux-x86_64 1.1.0 0.61 14.45 15.05 OK
r-patched-solaris-x86 1.1.0 31.10 OK
r-release-linux-x86_64 1.1.0 0.63 14.38 15.01 OK
r-release-windows-ix86+x86_64 1.1.0 2.00 29.00 31.00 OK
r-release-osx-x86_64 1.1.0 NOTE
r-oldrel-windows-ix86+x86_64 1.1.0 2.00 26.00 28.00 OK
r-oldrel-osx-x86_64 1.1.0 NOTE

Check Details

Version: 1.1.0
Check: package dependencies
Result: NOTE
    Package suggested but not available for checking: ‘aws.s3’
Flavors: r-release-osx-x86_64, r-oldrel-osx-x86_64