CRAN Package Check Results for Package memoise

Last updated on 2017-12-11 21:49:25 CET.

Flavor Version Tinstall Tcheck Ttotal Status Flags
r-devel-linux-x86_64-debian-clang 1.1.0 0.53 15.55 16.08 OK
r-devel-linux-x86_64-debian-gcc 1.1.0 0.68 14.51 15.19 OK
r-devel-linux-x86_64-fedora-clang 1.1.0 21.04 OK
r-devel-linux-x86_64-fedora-gcc 1.1.0 20.17 OK
r-devel-windows-ix86+x86_64 1.1.0 4.00 29.00 33.00 OK
r-patched-linux-x86_64 1.1.0 0.82 17.36 18.18 OK
r-patched-solaris-x86 1.1.0 32.80 OK
r-release-linux-x86_64 1.1.0 0.64 18.23 18.87 OK
r-release-windows-ix86+x86_64 1.1.0 2.00 43.00 45.00 OK
r-release-osx-x86_64 1.1.0 NOTE
r-oldrel-windows-ix86+x86_64 1.1.0 4.00 36.00 40.00 OK
r-oldrel-osx-x86_64 1.1.0 NOTE

Check Details

Version: 1.1.0
Check: package dependencies
Result: NOTE
    Package suggested but not available for checking: ‘aws.s3’
Flavors: r-release-osx-x86_64, r-oldrel-osx-x86_64