CRAN Package Check Results for Package memoise

Last updated on 2017-10-18 08:48:18.

Flavor Version Tinstall Tcheck Ttotal Status Flags
r-devel-linux-x86_64-debian-clang 1.1.0 0.70 15.53 16.24 OK
r-devel-linux-x86_64-debian-gcc 1.1.0 1.34 15.82 17.16 OK
r-devel-linux-x86_64-fedora-clang 1.1.0 22.88 OK
r-devel-linux-x86_64-fedora-gcc 1.1.0 21.93 OK
r-devel-windows-ix86+x86_64 1.1.0 2.00 30.00 32.00 OK
r-patched-linux-x86_64 1.1.0 0.64 14.74 15.38 OK
r-patched-solaris-x86 1.1.0 32.90 OK
r-release-linux-x86_64 1.1.0 0.59 14.79 15.38 OK
r-release-windows-ix86+x86_64 1.1.0 5.00 28.00 33.00 OK
r-release-osx-x86_64 1.1.0 NOTE
r-oldrel-windows-ix86+x86_64 1.1.0 4.00 34.00 38.00 OK
r-oldrel-osx-x86_64 1.1.0 NOTE

Check Details

Version: 1.1.0
Check: package dependencies
Result: NOTE
    Package suggested but not available for checking: ‘aws.s3’
Flavors: r-release-osx-x86_64, r-oldrel-osx-x86_64