CRAN Package Check Results for Package merTools

Last updated on 2019-03-24 01:50:51 CET.

Flavor Version Tinstall Tcheck Ttotal Status Flags
r-devel-linux-x86_64-debian-clang 0.4.1 11.02 580.50 591.52 OK
r-devel-linux-x86_64-debian-gcc 0.4.1 10.92 426.25 437.17 OK
r-devel-linux-x86_64-fedora-clang 0.4.1 694.94 OK
r-devel-linux-x86_64-fedora-gcc 0.4.1 678.20 OK
r-devel-windows-ix86+x86_64 0.4.1 41.00 237.00 278.00 OK --no-vignettes
r-patched-linux-x86_64 0.4.1 8.21 562.41 570.62 OK
r-patched-solaris-x86 0.4.1 1317.60 OK
r-release-linux-x86_64 0.4.1 0.37 2.96 3.33 ERROR
r-release-windows-ix86+x86_64 0.4.1 17.00 226.00 243.00 OK --no-vignettes
r-release-osx-x86_64 0.4.1 OK
r-oldrel-windows-ix86+x86_64 0.4.1 16.00 297.00 313.00 OK --no-vignettes
r-oldrel-osx-x86_64 0.4.1 OK

Check Details

Version: 0.4.1
Check: whether package can be installed
Result: ERROR
    Installation failed.
Flavor: r-release-linux-x86_64