CRAN Package Check Results for Package merlin

Last updated on 2024-02-21 12:53:04 CET.

Flavor Version Tinstall Tcheck Ttotal Status Flags
r-devel-linux-x86_64-debian-clang 0.1.0 OK
r-devel-linux-x86_64-debian-gcc 0.1.0 5.80 196.30 202.10 OK
r-devel-linux-x86_64-fedora-clang 0.1.0 311.17 OK
r-devel-linux-x86_64-fedora-gcc 0.1.0 331.70 OK
r-devel-windows-x86_64 0.1.0 7.00 266.00 273.00 OK
r-patched-linux-x86_64 0.1.0 7.84 242.12 249.96 OK
r-release-linux-x86_64 0.1.0 6.85 242.62 249.47 OK
r-release-macos-arm64 0.1.0 138.00 OK
r-release-macos-x86_64 0.1.0 192.00 OK
r-release-windows-x86_64 0.1.0 8.00 295.00 303.00 OK
r-oldrel-macos-arm64 0.1.0 57.00 ERROR
r-oldrel-windows-x86_64 0.1.0 9.00 302.00 311.00 OK

Check Details

Version: 0.1.0
Check: re-building of vignette outputs
Result: ERROR Error(s) in re-building vignettes: ... --- re-building ‘merlin.Rmd’ using rmarkdown Execution halted * checking PDF version of manual ...* using check arguments '--no-clean-on-error ' Flavor: r-oldrel-macos-arm64