CRAN Package Check Results for Package meshed

Last updated on 2022-01-21 18:50:18 CET.

Flavor Version Tinstall Tcheck Ttotal Status Flags
r-devel-linux-x86_64-debian-clang 0.1.4 377.26 206.25 583.51 OK
r-devel-linux-x86_64-debian-gcc 0.1.4 293.11 208.71 501.82 OK
r-devel-linux-x86_64-fedora-clang 0.1.4 876.57 NOTE
r-devel-linux-x86_64-fedora-gcc 0.1.4 823.77 OK
r-devel-windows-x86_64-new-UL 0.1.4 286.00 202.00 488.00 OK
r-devel-windows-x86_64-new-TK 0.1.4 OK
r-patched-linux-x86_64 0.1.4 327.09 237.38 564.47 OK
r-release-linux-x86_64 0.1.4 328.49 236.59 565.08 OK
r-release-macos-arm64 0.1.4 NOTE
r-release-macos-x86_64 0.1.4 NOTE
r-release-windows-ix86+x86_64 0.1.4 904.00 218.00 1122.00 NOTE
r-oldrel-macos-x86_64 0.1.4 NOTE
r-oldrel-windows-ix86+x86_64 0.1.4 899.00 233.00 1132.00 NOTE

Check Details

Version: 0.1.4
Check: installed package size
Result: NOTE
     installed size is 19.2Mb
     sub-directories of 1Mb or more:
     libs 18.0Mb
Flavors: r-devel-linux-x86_64-fedora-clang, r-release-macos-arm64, r-release-macos-x86_64, r-release-windows-ix86+x86_64, r-oldrel-macos-x86_64, r-oldrel-windows-ix86+x86_64