CRAN Package Check Results for Package messaging

Last updated on 2022-08-09 03:53:04 CEST.

Flavor Version Tinstall Tcheck Ttotal Status Flags
r-devel-linux-x86_64-debian-clang 0.1.0 5.20 51.05 56.25 NOTE
r-devel-linux-x86_64-debian-gcc 0.1.0 3.71 37.87 41.58 NOTE
r-devel-linux-x86_64-fedora-clang 0.1.0 76.22 NOTE
r-devel-linux-x86_64-fedora-gcc 0.1.0 74.00 NOTE
r-devel-windows-x86_64 0.1.0 14.00 71.00 85.00 NOTE
r-patched-linux-x86_64 0.1.0 4.29 47.52 51.81 NOTE
r-release-linux-x86_64 0.1.0 NOTE
r-release-macos-arm64 0.1.0 23.00 NOTE
r-release-macos-x86_64 0.1.0 42.00 NOTE
r-release-windows-x86_64 0.1.0 11.00 72.00 83.00 NOTE
r-oldrel-macos-arm64 0.1.0 26.00 NOTE
r-oldrel-macos-x86_64 0.1.0 39.00 NOTE
r-oldrel-windows-ix86+x86_64 0.1.0 13.00 66.00 79.00 NOTE

Check Details

Version: 0.1.0
Check: LazyData
Result: NOTE
     'LazyData' is specified without a 'data' directory
Flavors: r-devel-linux-x86_64-debian-clang, r-devel-linux-x86_64-debian-gcc, r-devel-linux-x86_64-fedora-clang, r-devel-linux-x86_64-fedora-gcc, r-devel-windows-x86_64, r-patched-linux-x86_64, r-release-linux-x86_64, r-release-macos-arm64, r-release-macos-x86_64, r-release-windows-x86_64, r-oldrel-macos-arm64, r-oldrel-macos-x86_64, r-oldrel-windows-ix86+x86_64