CRAN Package Check Results for Package messydates

Last updated on 2021-12-05 05:52:52 CET.

Flavor Version Tinstall Tcheck Ttotal Status Flags
r-devel-linux-x86_64-debian-clang 0.2.0 6.30 63.86 70.16 OK
r-devel-linux-x86_64-debian-gcc 0.2.0 5.18 48.90 54.08 OK
r-devel-linux-x86_64-fedora-clang 0.2.0 87.99 NOTE
r-devel-linux-x86_64-fedora-gcc 0.2.0 72.92 NOTE
r-devel-windows-x86_64-new-UL 0.2.0 15.00 91.00 106.00 OK
r-devel-windows-x86_64-new-TK 0.2.0 NOTE
r-devel-windows-x86_64-old 0.2.0 10.00 55.00 65.00 OK
r-patched-linux-x86_64 0.2.0 6.15 51.52 57.67 OK
r-release-linux-x86_64 0.2.0 6.55 60.47 67.02 OK
r-release-macos-arm64 0.2.0 NOTE
r-release-macos-x86_64 0.2.0 NOTE
r-release-windows-ix86+x86_64 0.2.0 15.00 72.00 87.00 OK
r-oldrel-macos-x86_64 0.2.0 NOTE
r-oldrel-windows-ix86+x86_64 0.2.0 14.00 78.00 92.00 OK

Check Details

Version: 0.2.0
Check: data for non-ASCII characters
Result: NOTE
     Note: found 1 marked UTF-8 string
Flavors: r-devel-linux-x86_64-fedora-clang, r-devel-linux-x86_64-fedora-gcc, r-devel-windows-x86_64-new-TK, r-release-macos-arm64, r-release-macos-x86_64, r-oldrel-macos-x86_64