CRAN Package Check Results for Package metRology

Last updated on 2014-04-24 03:47:48.

Flavor Version Tinstall Tcheck Ttotal Status Flags
r-devel-linux-x86_64-debian-clang 0.9-17 1.43 28.61 30.04 OK
r-devel-linux-x86_64-debian-gcc 0.9-17 1.42 29.06 30.48 OK
r-devel-linux-x86_64-fedora-clang 0.9-17 58.93 OK
r-devel-linux-x86_64-fedora-gcc 0.9-17 55.17 OK
r-devel-osx-x86_64-clang 0.9-17 49.38 OK
r-devel-osx-x86_64-gcc 0.9-17 NOTE
r-devel-windows-ix86+x86_64 0.9-17 4.00 43.00 47.00 OK
r-patched-linux-x86_64 0.9-17 1.58 28.43 30.01 OK
r-patched-solaris-sparc 0.9-17 348.60 OK
r-patched-solaris-x86 0.9-17 69.70 OK
r-release-linux-ix86 0.9-17 3.00 48.00 51.00 OK
r-release-linux-x86_64 0.9-17 1.40 28.35 29.74 OK
r-release-osx-x86_64-mavericks 0.9-17 OK
r-release-osx-x86_64-snowleopard 0.9-17 OK
r-release-windows-ix86+x86_64 0.9-17 4.00 41.00 45.00 OK
r-oldrel-windows-ix86+x86_64 0.9-17 4.00 42.00 46.00 OK

Check Details

Version: 0.9-17
Check: Rd cross-references
Result: NOTE
    Package unavailable to check Rd xrefs: ‘robustbase’
Flavor: r-devel-osx-x86_64-gcc