CRAN Package Check Results for Package metRology

Last updated on 2017-09-21 18:47:11.

Flavor Version Tinstall Tcheck Ttotal Status Flags
r-devel-linux-x86_64-debian-clang 0.9-23-2 1.63 35.34 36.97 NOTE
r-devel-linux-x86_64-debian-gcc 0.9-23-2 1.51 34.94 36.46 NOTE
r-devel-linux-x86_64-fedora-clang 0.9-23-2 67.41 NOTE
r-devel-linux-x86_64-fedora-gcc 0.9-23-2 65.86 NOTE
r-devel-windows-ix86+x86_64 0.9-23-2 5.00 60.00 65.00 OK
r-patched-linux-x86_64 0.9-23-2 1.69 35.76 37.45 NOTE
r-patched-solaris-x86 0.9-23-2 77.70 NOTE
r-release-linux-x86_64 0.9-23-2 1.57 35.33 36.90 NOTE
r-release-windows-ix86+x86_64 0.9-23-2 5.00 63.00 68.00 OK
r-release-osx-x86_64 0.9-23-2 OK
r-oldrel-windows-ix86+x86_64 0.9-23-2 5.00 53.00 58.00 OK
r-oldrel-osx-x86_64 0.9-23-2 OK

Check Details

Version: 0.9-23-2
Check: S3 generic/method consistency
Result: NOTE
    Found the following apparent S3 methods exported but not registered:
     [.ilab
    See section ‘Registering S3 methods’ in the ‘Writing R Extensions’
    manual.
Flavors: r-devel-linux-x86_64-debian-clang, r-devel-linux-x86_64-debian-gcc, r-devel-linux-x86_64-fedora-clang, r-devel-linux-x86_64-fedora-gcc, r-patched-linux-x86_64, r-patched-solaris-x86, r-release-linux-x86_64