CRAN Package Check Results for Package metRology

Last updated on 2017-07-25 07:46:50.

Flavor Version Tinstall Tcheck Ttotal Status Flags
r-devel-linux-x86_64-debian-clang 0.9-23-2 1.60 46.74 48.34 NOTE
r-devel-linux-x86_64-debian-gcc 0.9-23-2 1.50 45.53 47.03 NOTE
r-devel-linux-x86_64-fedora-clang 0.9-23-2 65.62 NOTE
r-devel-linux-x86_64-fedora-gcc 0.9-23-2 64.28 NOTE
r-devel-windows-ix86+x86_64 0.9-23-2 9.00 65.00 74.00 OK
r-patched-linux-x86_64 0.9-23-2 1.62 46.31 47.94 NOTE
r-patched-solaris-x86 0.9-23-2 79.00 NOTE
r-release-linux-x86_64 0.9-23-2 1.56 46.69 48.25 NOTE
r-release-windows-ix86+x86_64 0.9-23-2 6.00 78.00 84.00 OK
r-release-osx-x86_64 0.9-23-2 OK
r-oldrel-windows-ix86+x86_64 0.9-23-2 5.00 59.00 64.00 OK
r-oldrel-osx-x86_64 0.9-23-2 OK

Check Details

Version: 0.9-23-2
Check: S3 generic/method consistency
Result: NOTE
    Found the following apparent S3 methods exported but not registered:
     [.ilab
    See section ‘Registering S3 methods’ in the ‘Writing R Extensions’
    manual.
Flavors: r-devel-linux-x86_64-debian-clang, r-devel-linux-x86_64-debian-gcc, r-devel-linux-x86_64-fedora-clang, r-devel-linux-x86_64-fedora-gcc, r-patched-linux-x86_64, r-patched-solaris-x86, r-release-linux-x86_64