CRAN Package Check Results for Package metRology

Last updated on 2015-01-25 19:47:44.

Flavor Version Tinstall Tcheck Ttotal Status Flags
r-devel-linux-x86_64-debian-clang 0.9-17 1.38 26.27 27.65 OK
r-devel-linux-x86_64-debian-gcc 0.9-17 1.33 26.75 28.08 OK
r-devel-linux-x86_64-fedora-clang 0.9-17 54.72 NOTE
r-devel-linux-x86_64-fedora-gcc 0.9-17 51.81 NOTE
r-devel-osx-x86_64-clang 0.9-17 53.39 NOTE
r-devel-windows-ix86+x86_64 0.9-17 5.00 36.00 41.00 OK
r-patched-linux-x86_64 0.9-17 1.34 28.97 30.31 OK
r-patched-solaris-sparc 0.9-17 327.80 OK
r-patched-solaris-x86 0.9-17 71.30 OK
r-release-linux-ix86 0.9-17 1.85 34.30 36.15 OK
r-release-linux-x86_64 0.9-17 1.42 27.84 29.26 OK
r-release-osx-x86_64-mavericks 0.9-17 OK
r-release-osx-x86_64-snowleopard 0.9-17 OK
r-release-windows-ix86+x86_64 0.9-17 6.00 45.00 51.00 OK
r-oldrel-windows-ix86+x86_64 0.9-17 6.00 44.00 50.00 OK

Check Details

Version: 0.9-17
Check: S3 generic/method consistency
Result: NOTE
    Found the following apparent S3 methods exported but not registered:
     MM.estimate.default cbind.default cbind.ilab dsl.default
     duewer.plot.default huber.estimate.default kplot.default kplot.ilab
     mandel.h.default mandel.h.ilab mandel.k.default mandel.k.ilab
     mandel.kh.array mandel.kh.data.frame mandel.kh.default mandel.kh.ilab
     mandel.kh.matrix mpaule.default rbind.default rbind.ilab
     uncert.default uncert.expression uncert.formula uncert.function
     xs.plot.default print.drop1.uncert print.ilab print.loc.est
     print.summary.vr.mle print.uncert print.uncertMC subset.ilab
     summary.uncert summary.uncertMC barplot.mandel.kh boxplot.mandel.kh
     plot.drop1.uncert plot.ilab plot.mandel.kh plot.uncert plot.uncertMC
     drop1.uncert drop1.uncertMC update.uncert c.ilab
    See section ‘Registering S3 methods’ in the ‘Writing R Extensions’
    manual.
Flavors: r-devel-linux-x86_64-fedora-clang, r-devel-linux-x86_64-fedora-gcc, r-devel-osx-x86_64-clang