CRAN Package Check Results for Package metRology

Last updated on 2015-05-26 12:47:21.

Flavor Version Tinstall Tcheck Ttotal Status Flags
r-devel-linux-x86_64-debian-clang 0.9-17 1.24 25.80 27.05 NOTE
r-devel-linux-x86_64-debian-gcc 0.9-17 1.21 24.68 25.90 NOTE
r-devel-linux-x86_64-fedora-clang 0.9-17 50.43 NOTE
r-devel-linux-x86_64-fedora-gcc 0.9-17 46.49 NOTE
r-devel-osx-x86_64-clang 0.9-17 49.32 NOTE
r-devel-windows-ix86+x86_64 0.9-17 6.00 38.00 44.00 OK
r-patched-linux-x86_64 0.9-17 1.21 24.66 25.87 NOTE
r-patched-solaris-sparc 0.9-17 337.50 NOTE
r-patched-solaris-x86 0.9-17 63.00 NOTE
r-release-linux-x86_64 0.9-17 1.22 25.99 27.21 NOTE
r-release-osx-x86_64-mavericks 0.9-17 OK
r-release-osx-x86_64-snowleopard 0.9-17 OK
r-release-windows-ix86+x86_64 0.9-17 5.00 37.00 42.00 OK
r-oldrel-windows-ix86+x86_64 0.9-17 5.00 58.00 63.00 OK

Check Details

Version: 0.9-17
Check: S3 generic/method consistency
Result: NOTE
    Found the following apparent S3 methods exported but not registered:
     MM.estimate.default barplot.mandel.kh boxplot.mandel.kh c.ilab
     cbind.default cbind.ilab drop1.uncert drop1.uncertMC dsl.default
     duewer.plot.default huber.estimate.default kplot.default kplot.ilab
     mandel.h.default mandel.h.ilab mandel.k.default mandel.k.ilab
     mandel.kh.array mandel.kh.data.frame mandel.kh.default mandel.kh.ilab
     mandel.kh.matrix mpaule.default plot.drop1.uncert plot.ilab
     plot.mandel.kh plot.uncert plot.uncertMC print.drop1.uncert
     print.ilab print.loc.est print.summary.vr.mle print.uncert
     print.uncertMC rbind.default rbind.ilab subset.ilab summary.uncert
     summary.uncertMC uncert.default uncert.expression uncert.formula
     uncert.function update.uncert xs.plot.default
    See section ‘Registering S3 methods’ in the ‘Writing R Extensions’
    manual.
Flavors: r-devel-linux-x86_64-debian-clang, r-devel-linux-x86_64-debian-gcc, r-devel-linux-x86_64-fedora-clang, r-devel-linux-x86_64-fedora-gcc, r-devel-osx-x86_64-clang, r-patched-linux-x86_64, r-patched-solaris-sparc, r-patched-solaris-x86, r-release-linux-x86_64