CRAN Package Check Results for Package metRology

Last updated on 2015-09-04 14:47:06.

Flavor Version Tinstall Tcheck Ttotal Status Flags
r-devel-linux-x86_64-debian-clang 0.9-17 1.29 25.78 27.07 NOTE
r-devel-linux-x86_64-debian-gcc 0.9-17 1.16 25.52 26.67 NOTE
r-devel-linux-x86_64-fedora-clang 0.9-17 50.17 NOTE
r-devel-linux-x86_64-fedora-gcc 0.9-17 47.18 NOTE
r-devel-osx-x86_64-clang 0.9-17 46.17 NOTE
r-devel-windows-ix86+x86_64 0.9-17 9.00 41.00 50.00 NOTE
r-patched-linux-x86_64 0.9-17 1.30 25.03 26.33 NOTE
r-patched-solaris-sparc 0.9-17 317.60 NOTE
r-patched-solaris-x86 0.9-17 64.10 NOTE
r-release-linux-x86_64 0.9-17 1.28 25.21 26.48 NOTE
r-release-osx-x86_64-mavericks 0.9-17 OK
r-release-windows-ix86+x86_64 0.9-17 8.00 61.00 69.00 OK
r-oldrel-windows-ix86+x86_64 0.9-17 7.00 63.00 70.00 OK

Check Details

Version: 0.9-17
Check: S3 generic/method consistency
Result: NOTE
    Found the following apparent S3 methods exported but not registered:
     MM.estimate.default barplot.mandel.kh boxplot.mandel.kh c.ilab
     cbind.default cbind.ilab drop1.uncert drop1.uncertMC dsl.default
     duewer.plot.default huber.estimate.default kplot.default kplot.ilab
     mandel.h.default mandel.h.ilab mandel.k.default mandel.k.ilab
     mandel.kh.array mandel.kh.data.frame mandel.kh.default mandel.kh.ilab
     mandel.kh.matrix mpaule.default plot.drop1.uncert plot.ilab
     plot.mandel.kh plot.uncert plot.uncertMC print.drop1.uncert
     print.ilab print.loc.est print.summary.vr.mle print.uncert
     print.uncertMC rbind.default rbind.ilab subset.ilab summary.uncert
     summary.uncertMC uncert.default uncert.expression uncert.formula
     uncert.function update.uncert xs.plot.default
    See section ‘Registering S3 methods’ in the ‘Writing R Extensions’
    manual.
Flavors: r-devel-linux-x86_64-debian-clang, r-devel-linux-x86_64-debian-gcc, r-devel-linux-x86_64-fedora-clang, r-devel-linux-x86_64-fedora-gcc, r-devel-osx-x86_64-clang, r-patched-linux-x86_64, r-patched-solaris-sparc, r-patched-solaris-x86, r-release-linux-x86_64

Version: 0.9-17
Check: R code for possible problems
Result: NOTE
    .get.df: no visible global function definition for ‘qnorm’
    .get.df: no visible global function definition for ‘qt’
    .get.df: no visible global function definition for ‘uniroot’
    .get.df : <anonymous>: no visible global function definition for ‘qt’
    .pmsd.xnorm : pxnorm: no visible global function definition for ‘pnorm’
    .qdhelmert: no visible global function definition for ‘uniroot’
    .to.wide: no visible global function definition for ‘ave’
    .urnorm: no visible global function definition for ‘rnorm’
    .urunif: no visible global function definition for ‘runif’
    GUM: no visible global function definition for ‘deriv’
    GUM: no visible global function definition for ‘qt’
    GUM.validate : mvrunif: no visible global function definition for
     ‘pnorm’
    GUM.validate : mvrunif: no visible global function definition for
     ‘rnorm’
    GUM.validate : r.u.obs: no visible global function definition for
     ‘rchisq’
    GUM.validate : r.u.obs: no visible global function definition for
     ‘rnorm’
    LCS : consistent: no visible global function definition for ‘pchisq’
    LCS: no visible global function definition for ‘combn’
    MM.estimate.default: no visible global function definition for ‘coef’
    algA: no visible global function definition for ‘na.omit’
    algA: no visible global function definition for ‘median’
    algA: no visible global function definition for ‘mad’
    algA: no visible global function definition for ‘pnorm’
    algA: no visible global function definition for ‘dnorm’
    algS: no visible global function definition for ‘median’
    algS: no visible global function definition for ‘na.omit’
    algS: no visible global function definition for ‘qchisq’
    algS: no visible global function definition for ‘pchisq’
    barplot.mandel.kh: no visible global function definition for ‘na.omit’
    barplot.mandel.kh: no visible global function definition for ‘stack’
    barplot.mandel.kh: no visible global function definition for ‘barplot’
    barplot.mandel.kh: no visible global function definition for ‘abline’
    barplot.mandel.kh: no visible global function definition for ‘box’
    barplot.mandel.kh: no visible global function definition for ‘qnorm’
    barplot.mandel.kh: no visible global function definition for ‘qf’
    boxplot.mandel.kh: no visible global function definition for ‘na.omit’
    boxplot.mandel.kh: no visible global function definition for ‘stack’
    boxplot.mandel.kh: no visible global function definition for ‘boxplot’
    boxplot.mandel.kh: no visible global function definition for ‘abline’
    boxplot.mandel.kh: no visible global function definition for ‘box’
    boxplot.mandel.kh: no visible global function definition for ‘qnorm’
    boxplot.mandel.kh: no visible global function definition for ‘qf’
    boxplot.mandel.kh: no visible global function definition for ‘text’
    contribs: no visible global function definition for ‘as.formula’
    contribs: no visible global function definition for ‘terms’
    cplot: no visible global function definition for ‘terrain.colors’
    cplot : p.xx: no visible global function definition for ‘pnorm’
    cplot: no visible global function definition for ‘p.adjust’
    cplot: no visible global function definition for ‘par’
    cplot: no visible global function definition for ‘layout’
    cplot: no visible global function definition for ‘lcm’
    cplot: no visible global function definition for ‘axis’
    cplot: no visible global function definition for ‘box’
    cplot: no visible global function definition for ‘mtext’
    cplot: no visible global function definition for ‘title’
    dmandelh: no visible global function definition for ‘dbeta’
    dmandelk: no visible global function definition for ‘dbeta’
    drop1.uncert: no visible global function definition for ‘terms’
    drop1.uncertMC: no visible global function definition for ‘terms’
    drop1.uncertMC: no visible global function definition for ‘var’
    dsl.default: no visible binding for global variable ‘sd’
    duewer.plot.default: no visible global function definition for ‘median’
    duewer.plot.default: no visible global function definition for ‘mad’
    duewer.plot.default: no visible global function definition for ‘par’
    duewer.plot.default: no visible global function definition for ‘pnorm’
    duewer.plot.default: no visible global function definition for
     ‘plot.new’
    duewer.plot.default: no visible global function definition for
     ‘plot.window’
    duewer.plot.default: no visible global function definition for ‘lines’
    duewer.plot.default: no visible global function definition for ‘text’
    duewer.plot.default: no visible global function definition for
     ‘segments’
    duewer.plot.default: no visible global function definition for ‘axis’
    duewer.plot.default: no visible global function definition for ‘points’
    duewer.plot.default: no visible global function definition for ‘title’
    duewer.plot.default: no visible global function definition for
     ‘strheight’
    gplot: no visible global function definition for ‘par’
    gplot: no visible global function definition for ‘stack’
    gplot: no visible global function definition for ‘na.omit’
    gplot: no visible global function definition for ‘plot’
    gplot: no visible global function definition for ‘abline’
    gplot: no visible global function definition for ‘segments’
    gplot: no visible global function definition for ‘axis’
    gplot: no visible global function definition for ‘box’
    huber.estimate.default: no visible global function definition for
     ‘coef’
    kplot.default: no visible global function definition for ‘par’
    kplot.default: no visible global function definition for ‘na.omit’
    kplot.default: no visible global function definition for ‘layout’
    kplot.default: no visible global function definition for ‘plot.new’
    kplot.default: no visible global function definition for ‘plot.window’
    kplot.default: no visible global function definition for ‘axis’
    kplot.default: no visible global function definition for ‘mtext’
    kplot.default: no visible global function definition for ‘abline’
    kplot.default: no visible global function definition for ‘arrows’
    kplot.default: no visible global function definition for ‘points’
    kplot.default: no visible global function definition for ‘text’
    kplot.default: no visible global function definition for ‘title’
    kplot.default: no visible global function definition for ‘dnorm’
    kplot.default: no visible global function definition for ‘lines’
    kpoints: no visible global function definition for ‘par’
    kpoints: no visible global function definition for ‘arrows’
    kpoints: no visible global function definition for ‘points’
    kpoints: no visible global function definition for ‘text’
    mandel.kh.data.frame : h: no visible global function definition for
     ‘sd’
    mandel.kh.data.frame : k: no visible global function definition for
     ‘na.omit’
    mandel.kh.data.frame : h.robust: no visible global function definition
     for ‘na.omit’
    mandel.kh.data.frame : k.robust: no visible global function definition
     for ‘na.omit’
    mandel.kh.data.frame: no visible global function definition for
     ‘aggregate’
    mandel.kh.data.frame: no visible global function definition for ‘stack’
    mandel.kh.data.frame: no visible global function definition for
     ‘median’
    mandel.kh.data.frame : <anonymous>: no visible global function
     definition for ‘sd’
    mandel.kh.default: no visible global function definition for ‘ave’
    mle.1wre: no visible global function definition for ‘var’
    mpaule.default: no visible binding for global variable ‘sd’
    mpaule.default: no visible global function definition for ‘var’
    msd: no visible binding for global variable ‘mad’
    msd: no visible binding for global variable ‘median’
    plot.drop1.uncert: no visible binding for global variable ‘barplot’
    plot.drop1.uncert: no visible global function definition for ‘mtext’
    plot.mandel.kh: no visible global function definition for ‘par’
    plot.mandel.kh: no visible global function definition for ‘abline’
    plot.mandel.kh: no visible global function definition for ‘qnorm’
    plot.mandel.kh: no visible global function definition for ‘qf’
    plot.uncert: no visible global function definition for ‘par’
    plot.uncert: no visible global function definition for
     ‘dev.interactive’
    plot.uncert: no visible global function definition for ‘devAskNewPage’
    plot.uncert: no visible global function definition for ‘barplot’
    plot.uncert: no visible global function definition for ‘mtext’
    plot.uncert: no visible global function definition for ‘title’
    plot.uncertMC: no visible global function definition for ‘par’
    plot.uncertMC: no visible global function definition for
     ‘dev.interactive’
    plot.uncertMC: no visible global function definition for
     ‘devAskNewPage’
    plot.uncertMC: no visible global function definition for ‘getS3method’
    plot.uncertMC: no visible binding for global variable ‘hist’
    plot.uncertMC: no visible global function definition for ‘abline’
    plot.uncertMC: no visible global function definition for ‘mtext’
    plot.uncertMC: no visible global function definition for ‘title’
    plot.uncertMC: no visible binding for global variable ‘qqnorm’
    plot.uncertMC: no visible binding for global variable ‘qqline’
    plot.uncertMC: no visible binding for global variable ‘density’
    plot.uncertMC: no visible binding for global variable ‘plot’
    plot.uncertMC: no visible binding for global variable ‘cor’
    plot.uncertMC : cor.xy: no visible binding for global variable ‘cor’
    plot.uncertMC: no visible binding for global variable ‘barplot’
    plot.uncertMC: no visible binding for global variable ‘cov’
    plot.uncertMC : cov.xy: no visible binding for global variable ‘cov’
    pmandelh: no visible global function definition for ‘pbeta’
    pmandelk: no visible global function definition for ‘pbeta’
    pmsd : f: no visible global function definition for ‘dnorm’
    pmsd: no visible global function definition for ‘integrate’
    qmandelh: no visible global function definition for ‘qbeta’
    qmandelk: no visible global function definition for ‘qbeta’
    qmsd: no visible global function definition for ‘uniroot’
    rmandelh: no visible global function definition for ‘rbeta’
    rmandelk: no visible global function definition for ‘rbeta’
    rtri: no visible global function definition for ‘runif’
    uncert.expression: no visible global function definition for ‘deriv’
    uncert.formula: no visible global function definition for ‘deriv’
    uncertMC: no visible global function definition for ‘runif’
    uncertMC: no visible global function definition for ‘coef’
    uncertMC: no visible global function definition for ‘lm’
    uncertMC: no visible global function definition for ‘sd’
    vr.mle: no visible global function definition for ‘var’
    xs.plot.default: no visible global function definition for ‘par’
    xs.plot.default: no visible binding for global variable ‘sd’
    xs.plot.default: no visible global function definition for ‘median’
    xs.plot.default: no visible global function definition for ‘na.omit’
    xs.plot.default: no visible global function definition for ‘sd’
    xs.plot.default: no visible global function definition for ‘qchisq’
    xs.plot.default: no visible global function definition for ‘plot’
    xs.plot.default: no visible global function definition for ‘text’
    xs.plot.default: no visible global function definition for ‘points’
    Undefined global functions or variables:
     abline aggregate arrows as.formula ave axis barplot box boxplot coef
     combn cor cov dbeta density deriv dev.interactive devAskNewPage dnorm
     getS3method hist integrate layout lcm lines lm mad median mtext
     na.omit p.adjust par pbeta pchisq plot plot.new plot.window pnorm
     points qbeta qchisq qf qnorm qqline qqnorm qt rbeta rchisq rnorm
     runif sd segments stack strheight terms terrain.colors text title
     uniroot var
    Consider adding
     importFrom("grDevices", "dev.interactive", "devAskNewPage",
     "terrain.colors")
     importFrom("graphics", "abline", "arrows", "axis", "barplot", "box",
     "boxplot", "hist", "layout", "lcm", "lines", "mtext", "par",
     "plot", "plot.new", "plot.window", "points", "segments",
     "strheight", "text", "title")
     importFrom("stats", "aggregate", "as.formula", "ave", "coef", "cor",
     "cov", "dbeta", "density", "deriv", "dnorm", "integrate",
     "lm", "mad", "median", "na.omit", "p.adjust", "pbeta",
     "pchisq", "pnorm", "qbeta", "qchisq", "qf", "qnorm",
     "qqline", "qqnorm", "qt", "rbeta", "rchisq", "rnorm",
     "runif", "sd", "terms", "uniroot", "var")
     importFrom("utils", "combn", "getS3method", "stack")
    to your NAMESPACE.
Flavors: r-devel-linux-x86_64-debian-clang, r-devel-linux-x86_64-debian-gcc, r-devel-linux-x86_64-fedora-clang, r-devel-linux-x86_64-fedora-gcc, r-devel-windows-ix86+x86_64