CRAN Package Check Results for Package metScanR

Last updated on 2019-05-19 12:46:33 CEST.

Flavor Version Tinstall Tcheck Ttotal Status Flags
r-devel-linux-x86_64-debian-clang 1.2.2 3.93 45.83 49.76 OK
r-devel-linux-x86_64-debian-gcc 1.2.2 3.99 38.15 42.14 OK
r-devel-linux-x86_64-fedora-clang 1.2.2 65.79 NOTE
r-devel-linux-x86_64-fedora-gcc 1.2.2 63.47 NOTE
r-devel-windows-ix86+x86_64 1.2.2 18.00 83.00 101.00 OK
r-patched-linux-x86_64 1.2.2 4.80 45.54 50.34 OK
r-patched-solaris-x86 1.2.2 95.80 NOTE
r-release-linux-x86_64 1.2.2 4.53 45.77 50.30 OK
r-release-windows-ix86+x86_64 1.2.2 16.00 96.00 112.00 OK
r-release-osx-x86_64 1.2.2 NOTE
r-oldrel-windows-ix86+x86_64 1.2.2 9.00 81.00 90.00 OK
r-oldrel-osx-x86_64 1.2.2 NOTE

Check Details

Version: 1.2.2
Check: dependencies in R code
Result: NOTE
    Namespace in Imports field not imported from: ‘grDevices’
     All declared Imports should be used.
Flavors: r-devel-linux-x86_64-fedora-clang, r-devel-linux-x86_64-fedora-gcc, r-patched-solaris-x86, r-release-osx-x86_64, r-oldrel-osx-x86_64

Version: 1.2.2
Check: data for non-ASCII characters
Result: NOTE
     Note: found 5 marked UTF-8 strings
Flavors: r-devel-linux-x86_64-fedora-clang, r-devel-linux-x86_64-fedora-gcc, r-patched-solaris-x86, r-release-osx-x86_64, r-oldrel-osx-x86_64