CRAN Package Check Results for Package metScanR

Last updated on 2020-09-23 15:28:06 CEST.

Flavor Version Tinstall Tcheck Ttotal Status Flags
r-devel-linux-x86_64-debian-clang 1.2.3 4.95 51.57 56.52 OK
r-devel-linux-x86_64-debian-gcc 1.2.3 5.04 41.09 46.13 OK
r-devel-linux-x86_64-fedora-clang 1.2.3 78.08 NOTE
r-devel-linux-x86_64-fedora-gcc 1.2.3 68.51 NOTE
r-devel-windows-ix86+x86_64 1.2.3 14.00 81.00 95.00 OK
r-patched-linux-x86_64 1.2.3 5.45 49.53 54.98 OK
r-patched-solaris-x86 1.2.3 99.40 NOTE
r-release-linux-x86_64 1.2.3 5.80 51.39 57.19 OK
r-release-macos-x86_64 1.2.3 NOTE
r-release-windows-ix86+x86_64 1.2.3 15.00 79.00 94.00 OK
r-oldrel-macos-x86_64 1.2.3 NOTE
r-oldrel-windows-ix86+x86_64 1.2.3 8.00 80.00 88.00 OK

Check Details

Version: 1.2.3
Check: dependencies in R code
Result: NOTE
    Namespace in Imports field not imported from: ‘grDevices’
     All declared Imports should be used.
Flavors: r-devel-linux-x86_64-fedora-clang, r-devel-linux-x86_64-fedora-gcc, r-patched-solaris-x86, r-release-macos-x86_64, r-oldrel-macos-x86_64

Version: 1.2.3
Check: data for non-ASCII characters
Result: NOTE
     Note: found 5 marked UTF-8 strings
Flavors: r-devel-linux-x86_64-fedora-clang, r-devel-linux-x86_64-fedora-gcc, r-patched-solaris-x86, r-release-macos-x86_64, r-oldrel-macos-x86_64