CRAN Package Check Results for Package meta

Last updated on 2019-05-22 02:51:58 CEST.

Flavor Version Tinstall Tcheck Ttotal Status Flags
r-devel-linux-x86_64-debian-clang 4.9-5 32.39 152.52 184.91 OK
r-devel-linux-x86_64-debian-gcc 4.9-5 26.46 120.22 146.68 OK
r-devel-linux-x86_64-fedora-clang 4.9-5 219.73 NOTE
r-devel-linux-x86_64-fedora-gcc 4.9-5 206.80 NOTE
r-devel-windows-ix86+x86_64 4.9-5 43.00 203.00 246.00 OK
r-patched-linux-x86_64 4.9-5 30.11 155.74 185.85 OK
r-patched-solaris-x86 4.9-5 287.20 NOTE
r-release-linux-x86_64 4.9-5 29.34 155.33 184.67 OK
r-release-windows-ix86+x86_64 4.9-5 55.00 159.00 214.00 OK
r-release-osx-x86_64 4.9-5 NOTE
r-oldrel-windows-ix86+x86_64 4.9-5 31.00 132.00 163.00 OK
r-oldrel-osx-x86_64 4.9-5 NOTE

Check Details

Version: 4.9-5
Check: dependencies in R code
Result: NOTE
    Namespace in Imports field not imported from: ‘lme4’
     All declared Imports should be used.
Flavors: r-devel-linux-x86_64-fedora-clang, r-devel-linux-x86_64-fedora-gcc, r-patched-solaris-x86, r-release-osx-x86_64, r-oldrel-osx-x86_64