Last updated on 2022-06-25 10:53:07 CEST.
Flavor | Version | Tinstall | Tcheck | Ttotal | Status | Flags |
---|---|---|---|---|---|---|
r-devel-linux-x86_64-debian-clang | 5.2-0 | 46.57 | 276.42 | 322.99 | OK | |
r-devel-linux-x86_64-debian-gcc | 5.2-0 | 42.04 | 201.94 | 243.98 | OK | |
r-devel-linux-x86_64-fedora-clang | 5.2-0 | 406.91 | NOTE | |||
r-devel-linux-x86_64-fedora-gcc | 5.2-0 | 397.64 | OK | |||
r-devel-windows-x86_64 | 5.2-0 | 65.00 | 278.00 | 343.00 | OK | |
r-patched-linux-x86_64 | 5.2-0 | 49.01 | 258.45 | 307.46 | OK | |
r-release-linux-x86_64 | 5.2-0 | 41.27 | 261.23 | 302.50 | OK | |
r-release-macos-arm64 | 5.2-0 | 95.00 | OK | |||
r-release-macos-x86_64 | 5.2-0 | 152.00 | OK | |||
r-release-windows-x86_64 | 5.2-0 | 77.00 | 276.00 | 353.00 | OK | |
r-oldrel-macos-arm64 | 5.2-0 | 93.00 | OK | |||
r-oldrel-macos-x86_64 | 5.2-0 | 119.00 | OK | |||
r-oldrel-windows-ix86+x86_64 | 5.2-0 | 78.00 | 287.00 | 365.00 | OK |
Version: 5.2-0
Check: Rd cross-references
Result: NOTE
Undeclared packages ‘netmeta’, ‘metasens’, ‘robumeta’ in Rd xrefs
Flavor: r-devel-linux-x86_64-fedora-clang