CRAN Package Check Results for Package meta

Last updated on 2017-02-20 20:48:00.

Flavor Version Tinstall Tcheck Ttotal Status Flags
r-devel-linux-x86_64-debian-clang 4.7-1 2.08 80.69 82.78 NOTE
r-devel-linux-x86_64-debian-gcc 4.7-1 2.02 78.21 80.23 NOTE
r-devel-linux-x86_64-fedora-clang 4.7-1 148.02 NOTE --no-stop-on-test-error
r-devel-linux-x86_64-fedora-gcc 4.7-1 145.65 NOTE --no-stop-on-test-error
r-devel-macos-x86_64-clang 4.7-1 121.43 NOTE --no-stop-on-test-error
r-devel-windows-ix86+x86_64 4.7-1 8.00 227.00 235.00 OK
r-patched-linux-x86_64 4.7-1 2.01 69.09 71.11 OK
r-patched-solaris-sparc 4.7-1 747.00 OK
r-patched-solaris-x86 4.7-1 125.80 OK
r-release-linux-x86_64 4.7-1 1.88 71.69 73.57 OK
r-release-osx-x86_64-mavericks 4.7-1 OK
r-release-windows-ix86+x86_64 4.7-1 9.00 139.00 148.00 OK
r-oldrel-windows-ix86+x86_64 4.7-1 9.00 135.00 144.00 OK

Check Details

Version: 4.7-1
Check: compiled code
Result: NOTE
    File ‘meta/libs/meta.so’:
     Found no calls to: ‘R_registerRoutines’, ‘R_useDynamicSymbols’
    
    It is good practice to register native routines and to disable symbol
    search.
    
    See ‘Writing portable packages’ in the ‘Writing R Extensions’ manual.
Flavors: r-devel-linux-x86_64-debian-clang, r-devel-linux-x86_64-debian-gcc

Version: 4.7-1
Flags: --no-stop-on-test-error
Check: compiled code
Result: NOTE
    File ‘meta/libs/meta.so’:
     Found no calls to: ‘R_registerRoutines’, ‘R_useDynamicSymbols’
    
    It is good practice to register native routines and to disable symbol
    search.
    
    See ‘Writing portable packages’ in the ‘Writing R Extensions’ manual.
Flavors: r-devel-linux-x86_64-fedora-clang, r-devel-linux-x86_64-fedora-gcc, r-devel-macos-x86_64-clang