CRAN Package Check Results for Package meta

Last updated on 2015-07-02 03:46:56.

Flavor Version Tinstall Tcheck Ttotal Status Flags
r-devel-linux-x86_64-debian-clang 4.2-0 1.68 44.33 46.01 NOTE
r-devel-linux-x86_64-debian-gcc 4.2-0 1.75 46.08 47.83 NOTE
r-devel-linux-x86_64-fedora-clang 4.2-0 88.92 NOTE
r-devel-linux-x86_64-fedora-gcc 4.2-0 80.79 NOTE
r-devel-osx-x86_64-clang 4.2-0 88.11 OK
r-devel-windows-ix86+x86_64 4.2-0 8.00 80.00 88.00 NOTE
r-patched-linux-x86_64 4.2-0 1.63 46.42 48.04 OK
r-patched-solaris-sparc 4.2-0 561.70 OK
r-patched-solaris-x86 4.2-0 103.30 OK
r-release-linux-x86_64 4.2-0 1.74 44.57 46.31 OK
r-release-osx-x86_64-mavericks 4.2-0 OK
r-release-windows-ix86+x86_64 4.2-0 7.00 95.00 102.00 OK
r-oldrel-windows-ix86+x86_64 4.2-0 13.00 135.00 148.00 OK

Check Details

Version: 4.2-0
Check: R code for possible problems
Result: NOTE
    as.data.frame.meta: no visible global function definition for
     ‘packageDescription’
    baujat.meta: no visible global function definition for ‘par’
    baujat.meta: no visible global function definition for ‘plot’
    baujat.meta: no visible global function definition for ‘points’
    baujat.meta: no visible global function definition for ‘text’
    bubble.metareg: no visible global function definition for ‘update’
    bubble.metareg: no visible global function definition for ‘coef’
    bubble.metareg: no visible global function definition for ‘plot’
    bubble.metareg: no visible global function definition for ‘lines’
    bubble.metareg: no visible global function definition for ‘points’
    bubble.metareg: no visible global function definition for ‘axis’
    bubble.metareg: no visible global function definition for ‘text’
    bubble.metareg: no visible global function definition for ‘abline’
    ci: no visible global function definition for ‘qnorm’
    ci: no visible global function definition for ‘pnorm’
    ci: no visible global function definition for ‘qt’
    ci: no visible global function definition for ‘pt’
    ciAgrestiCoull: no visible global function definition for ‘qnorm’
    ciSimpleAsymptotic: no visible global function definition for ‘qnorm’
    ciWilsonScore: no visible global function definition for ‘qnorm’
    forest.meta: no visible global function definition for ‘pchisq’
    funnel.meta: no visible global function definition for ‘plot’
    funnel.meta: no visible global function definition for ‘gray’
    funnel.meta: no visible global function definition for ‘polygon’
    funnel.meta: no visible global function definition for ‘points’
    funnel.meta: no visible global function definition for ‘lines’
    getVar: no visible global function definition for ‘getFromNamespace’
    hetcalc: no visible global function definition for ‘weighted.mean’
    hypergeometric : r: no visible global function definition for ‘runif’
    is.installed.package: no visible global function definition for
     ‘installed.packages’
    kentau: no visible global function definition for ‘pnorm’
    labbe.default: no visible global function definition for ‘par’
    labbe.default: no visible global function definition for ‘plot’
    labbe.default: no visible global function definition for ‘points’
    labbe.default: no visible global function definition for ‘lines’
    labbe.metabin: no visible global function definition for ‘par’
    labbe.metabin: no visible global function definition for ‘plot’
    labbe.metabin: no visible global function definition for ‘points’
    labbe.metabin: no visible global function definition for ‘lines’
    metabias.default: no visible global function definition for ‘pt’
    metabias.default: no visible global function definition for ‘abline’
    metabias.default: no visible global function definition for ‘plot’
    metabias.default: no visible global function definition for
     ‘packageDescription’
    metabias.meta: no visible global function definition for ‘pt’
    metabias.meta: no visible global function definition for ‘abline’
    metabias.meta: no visible global function definition for ‘plot’
    metabias.meta: no visible global function definition for
     ‘packageDescription’
    metabin: no visible global function definition for ‘weighted.mean’
    metacum: no visible global function definition for ‘packageDescription’
    metagen: no visible global function definition for ‘weighted.mean’
    metagen: no visible global function definition for ‘packageDescription’
    metainc: no visible global function definition for ‘weighted.mean’
    metainf: no visible global function definition for ‘packageDescription’
    metaprop: no visible global function definition for ‘binom.test’
    metareg: no visible global function definition for ‘as.formula’
    metareg: no visible global function definition for ‘packageDescription’
    paulemandel: no visible global function definition for ‘var’
    paulemandel: no visible global function definition for ‘weighted.mean’
    print.summary.meta: no visible global function definition for ‘pchisq’
    radial.default: no visible global function definition for ‘plot’
    radial.default: no visible global function definition for ‘points’
    radial.default: no visible global function definition for ‘lm’
    radial.default: no visible global function definition for ‘abline’
    radial.default: no visible global function definition for ‘qnorm’
    radial.default: no visible global function definition for ‘coef’
    radial.meta: no visible global function definition for ‘plot’
    radial.meta: no visible global function definition for ‘points’
    radial.meta: no visible global function definition for ‘lm’
    radial.meta: no visible global function definition for ‘abline’
    radial.meta: no visible global function definition for ‘qnorm’
    radial.meta: no visible global function definition for ‘coef’
    read.mtv: no visible global function definition for
     ‘packageDescription’
    read.rm5: no visible global function definition for ‘count.fields’
    read.rm5: no visible global function definition for ‘read.table’
    read.rm5: no visible global function definition for
     ‘packageDescription’
    setVar: no visible global function definition for ‘assignInNamespace’
    summary.meta: no visible global function definition for
     ‘packageDescription’
    trimfill.default: no visible global function definition for
     ‘packageDescription’
    trimfill.meta: no visible global function definition for
     ‘packageDescription’
    update.meta: no visible global function definition for
     ‘packageDescription’
    updateversion: no visible global function definition for ‘update’
Flavors: r-devel-linux-x86_64-debian-clang, r-devel-linux-x86_64-debian-gcc, r-devel-linux-x86_64-fedora-clang, r-devel-linux-x86_64-fedora-gcc, r-devel-windows-ix86+x86_64