CRAN Package Check Results for Package meta

Last updated on 2022-01-24 17:50:00 CET.

Flavor Version Tinstall Tcheck Ttotal Status Flags
r-devel-linux-x86_64-debian-clang 5.1-1 48.87 272.66 321.53 OK
r-devel-linux-x86_64-debian-gcc 5.1-1 41.16 202.09 243.25 OK
r-devel-linux-x86_64-fedora-clang 5.1-1 390.00 NOTE
r-devel-linux-x86_64-fedora-gcc 5.1-1 377.50 OK
r-devel-windows-x86_64-new-UL 5.1-1 93.00 279.00 372.00 OK
r-devel-windows-x86_64-new-TK 5.1-1 ERROR
r-patched-linux-x86_64 5.1-1 50.98 266.94 317.92 OK
r-release-linux-x86_64 5.1-1 37.40 261.33 298.73 OK
r-release-macos-arm64 5.1-1 OK
r-release-macos-x86_64 5.1-1 OK
r-release-windows-ix86+x86_64 5.1-1 78.00 282.00 360.00 OK
r-oldrel-macos-x86_64 5.1-1 OK
r-oldrel-windows-ix86+x86_64 5.1-1 74.00 283.00 357.00 OK

Check Details

Version: 5.1-1
Check: Rd cross-references
Result: NOTE
    Undeclared packages ‘metasens’, ‘robumeta’ in Rd xrefs
Flavor: r-devel-linux-x86_64-fedora-clang

Version: 5.1-1
Check: package dependencies
Result: ERROR
    Package required but not available: 'lme4'
    
    See section 'The DESCRIPTION file' in the 'Writing R Extensions'
    manual.
Flavor: r-devel-windows-x86_64-new-TK