CRAN Package Check Results for Package meta

Last updated on 2019-07-21 16:47:34 CEST.

Flavor Version Tinstall Tcheck Ttotal Status Flags
r-devel-linux-x86_64-debian-clang 4.9-5 27.93 152.38 180.31 OK
r-devel-linux-x86_64-debian-gcc 4.9-5 25.79 119.05 144.84 OK
r-devel-linux-x86_64-fedora-clang 4.9-5 193.30 NOTE
r-devel-linux-x86_64-fedora-gcc 4.9-5 184.81 NOTE
r-devel-windows-ix86+x86_64 4.9-5 38.00 212.00 250.00 OK
r-patched-linux-x86_64 4.9-5 29.52 155.02 184.54 OK
r-patched-solaris-x86 4.9-5 284.00 NOTE
r-release-linux-x86_64 4.9-5 27.51 155.13 182.64 OK
r-release-windows-ix86+x86_64 4.9-5 35.00 160.00 195.00 OK
r-release-osx-x86_64 4.9-5 NOTE
r-oldrel-windows-ix86+x86_64 4.9-5 43.00 139.00 182.00 OK
r-oldrel-osx-x86_64 4.9-5 NOTE

Check Details

Version: 4.9-5
Check: dependencies in R code
Result: NOTE
    Namespace in Imports field not imported from: ‘lme4’
     All declared Imports should be used.
Flavors: r-devel-linux-x86_64-fedora-clang, r-devel-linux-x86_64-fedora-gcc, r-patched-solaris-x86, r-release-osx-x86_64, r-oldrel-osx-x86_64