CRAN Package Check Results for Package meta

Last updated on 2014-08-28 23:48:25.

Flavor Version Tinstall Tcheck Ttotal Status Flags
r-devel-linux-x86_64-debian-clang 3.7-1 1.63 46.98 48.62 NOTE
r-devel-linux-x86_64-debian-gcc 3.7-1 1.72 47.33 49.04 NOTE
r-devel-linux-x86_64-fedora-clang 3.7-1 102.00 NOTE
r-devel-linux-x86_64-fedora-gcc 3.7-1 97.33 NOTE
r-devel-osx-x86_64-clang 3.7-1 81.58 NOTE
r-devel-windows-ix86+x86_64 3.7-1 7.00 86.00 93.00 NOTE
r-patched-linux-x86_64 3.7-1 1.65 51.54 53.19 NOTE
r-patched-solaris-sparc 3.7-1 625.50 NOTE
r-patched-solaris-x86 3.7-1 118.50 NOTE
r-release-linux-ix86 3.7-1 2.37 62.53 64.90 OK
r-release-linux-x86_64 3.7-1 1.81 51.81 53.62 OK
r-release-osx-x86_64-mavericks 3.7-1 OK
r-release-osx-x86_64-snowleopard 3.7-1 OK
r-release-windows-ix86+x86_64 3.7-1 6.00 91.00 97.00 OK
r-oldrel-windows-ix86+x86_64 3.7-1 7.00 89.00 96.00 OK

Check Details

Version: 3.7-1
Check: dependencies in R code
Result: NOTE
    Package in Depends field not imported from: ‘grid’
     These packages need to be imported from (in the NAMESPACE file)
     for when this namespace is loaded but not attached.
    See the information on DESCRIPTION files in the chapter ‘Creating R
    packages’ of the ‘Writing R Extensions’ manual.
Flavors: r-devel-linux-x86_64-debian-clang, r-devel-linux-x86_64-debian-gcc, r-devel-linux-x86_64-fedora-clang, r-devel-linux-x86_64-fedora-gcc, r-devel-osx-x86_64-clang, r-devel-windows-ix86+x86_64, r-patched-linux-x86_64, r-patched-solaris-sparc, r-patched-solaris-x86

Version: 3.7-1
Check: R code for possible problems
Result: NOTE
    forest.meta: no visible global function definition for ‘unit’
    forest.meta: no visible global function definition for ‘grid.newpage’
    forest.meta : wcalc: no visible global function definition for ‘unit’
    forest.meta : formatcol: no visible binding for global variable
     ‘textGrob’
    forest.meta : formatcol: no visible global function definition for
     ‘gpar’
    forest.meta : formatcol: no visible global function definition for
     ‘textGrob’
    forest.meta : drawLabelCol: no visible global function definition for
     ‘pushViewport’
    forest.meta : drawLabelCol: no visible global function definition for
     ‘viewport’
    forest.meta : drawLabelCol: no visible global function definition for
     ‘grid.draw’
    forest.meta : drawLabelCol: no visible global function definition for
     ‘popViewport’
    forest.meta : drawNormalCI: no visible global function definition for
     ‘convertX’
    forest.meta : drawNormalCI: no visible global function definition for
     ‘unit’
    forest.meta : drawNormalCI: no visible global function definition for
     ‘grid.rect’
    forest.meta : drawNormalCI: no visible global function definition for
     ‘gpar’
    forest.meta : drawNormalCI: no visible global function definition for
     ‘grid.lines’
    forest.meta : drawNormalCI: no visible global function definition for
     ‘arrow’
    forest.meta : drawSummaryCI: no visible global function definition for
     ‘grid.polygon’
    forest.meta : drawSummaryCI: no visible global function definition for
     ‘unit’
    forest.meta : drawSummaryCI: no visible global function definition for
     ‘gpar’
    forest.meta : drawPredictionCI: no visible global function definition
     for ‘grid.polygon’
    forest.meta : drawPredictionCI: no visible global function definition
     for ‘unit’
    forest.meta : drawPredictionCI: no visible global function definition
     for ‘gpar’
    forest.meta : drawDataCol: no visible global function definition for
     ‘pushViewport’
    forest.meta : drawDataCol: no visible global function definition for
     ‘viewport’
    forest.meta : drawDataCol: no visible global function definition for
     ‘grid.lines’
    forest.meta : drawDataCol: no visible global function definition for
     ‘unit’
    forest.meta : drawDataCol: no visible global function definition for
     ‘gpar’
    forest.meta : drawDataCol: no visible global function definition for
     ‘grid.xaxis’
    forest.meta : drawDataCol: no visible global function definition for
     ‘grid.text’
    forest.meta : drawDataCol: no visible global function definition for
     ‘popViewport’
    forest.meta: no visible binding for global variable ‘textGrob’
    forest.meta: no visible global function definition for ‘gpar’
    forest.meta: no visible global function definition for ‘textGrob’
    forest.meta: no visible global function definition for ‘unit.c’
    forest.meta: no visible global function definition for ‘pushViewport’
    forest.meta: no visible global function definition for ‘viewport’
    forest.meta: no visible global function definition for ‘grid.layout’
    forest.meta: no visible global function definition for ‘popViewport’
Flavors: r-devel-linux-x86_64-debian-clang, r-devel-linux-x86_64-debian-gcc, r-devel-linux-x86_64-fedora-clang, r-devel-linux-x86_64-fedora-gcc, r-devel-osx-x86_64-clang, r-devel-windows-ix86+x86_64