CRAN Package Check Results for Package meta4diag

Last updated on 2022-01-27 23:56:37 CET.

Flavor Version Tinstall Tcheck Ttotal Status Flags
r-devel-linux-x86_64-debian-clang 2.1.1 15.31 93.07 108.38 NOTE
r-devel-linux-x86_64-debian-gcc 2.1.1 11.82 71.22 83.04 NOTE
r-devel-linux-x86_64-fedora-clang 2.1.1 131.15 OK
r-devel-linux-x86_64-fedora-gcc 2.1.1 120.46 OK
r-devel-windows-x86_64-new-UL 2.1.1 112.00 107.00 219.00 NOTE
r-devel-windows-x86_64-new-TK 2.1.1 NOTE
r-patched-linux-x86_64 2.1.1 15.15 89.91 105.06 NOTE
r-release-linux-x86_64 2.1.1 12.41 90.21 102.62 NOTE
r-release-macos-arm64 2.1.1 NOTE
r-release-macos-x86_64 2.1.1 NOTE
r-release-windows-ix86+x86_64 2.1.1 25.00 102.00 127.00 OK
r-oldrel-macos-x86_64 2.1.1 NOTE
r-oldrel-windows-ix86+x86_64 2.1.1 26.00 101.00 127.00 OK

Check Details

Version: 2.1.1
Check: package dependencies
Result: NOTE
    Package suggested but not available for checking: 'INLA'
Flavors: r-devel-linux-x86_64-debian-clang, r-devel-linux-x86_64-debian-gcc, r-devel-windows-x86_64-new-UL, r-devel-windows-x86_64-new-TK, r-patched-linux-x86_64, r-release-linux-x86_64, r-release-macos-arm64, r-release-macos-x86_64, r-oldrel-macos-x86_64