CRAN Package Check Results for Package metaBMA

Last updated on 2022-01-20 11:51:01 CET.

Flavor Version Tinstall Tcheck Ttotal Status Flags
r-devel-linux-x86_64-debian-clang 0.6.7 NOTE
r-devel-linux-x86_64-debian-gcc 0.6.7 772.30 221.68 993.98 NOTE
r-devel-linux-x86_64-fedora-clang 0.6.7 1583.37 NOTE
r-devel-linux-x86_64-fedora-gcc 0.6.7 1738.34 NOTE
r-devel-windows-x86_64-new-UL 0.6.7 590.00 355.00 945.00 NOTE
r-devel-windows-x86_64-new-TK 0.6.7 NOTE
r-patched-linux-x86_64 0.6.7 657.42 286.68 944.10 NOTE
r-release-linux-x86_64 0.6.7 647.66 284.63 932.29 NOTE
r-release-macos-arm64 0.6.7 NOTE
r-release-macos-x86_64 0.6.7 NOTE
r-release-windows-ix86+x86_64 0.6.7 116.00 8.00 124.00 ERROR
r-oldrel-macos-x86_64 0.6.7 NOTE
r-oldrel-windows-ix86+x86_64 0.6.7 502.00 8.00 510.00 ERROR

Check Details

Version: 0.6.7
Check: for GNU extensions in Makefiles
Result: NOTE
    GNU make is a SystemRequirements.
Flavors: r-devel-linux-x86_64-debian-clang, r-devel-linux-x86_64-debian-gcc, r-devel-linux-x86_64-fedora-clang, r-devel-linux-x86_64-fedora-gcc, r-devel-windows-x86_64-new-UL, r-devel-windows-x86_64-new-TK, r-patched-linux-x86_64, r-release-linux-x86_64, r-release-macos-arm64, r-release-macos-x86_64, r-oldrel-macos-x86_64

Version: 0.6.7
Check: installed package size
Result: NOTE
     installed size is 100.3Mb
     sub-directories of 1Mb or more:
     libs 99.6Mb
Flavors: r-devel-linux-x86_64-fedora-clang, r-devel-windows-x86_64-new-UL, r-release-macos-arm64, r-release-macos-x86_64, r-oldrel-macos-x86_64

Version: 0.6.7
Check: line endings in C/C++/Fortran sources/headers
Result: NOTE
    Found the following sources/headers with CR or CRLF line endings:
     src/RcppExports.cpp
    Some Unix compilers require LF line endings.
Flavor: r-devel-windows-x86_64-new-TK

Version: 0.6.7
Check: whether package can be installed
Result: ERROR
    Installation failed.
Flavors: r-release-windows-ix86+x86_64, r-oldrel-windows-ix86+x86_64