CRAN Package Check Results for Package metaLik

Last updated on 2015-05-28 05:46:55.

Flavor Version Tinstall Tcheck Ttotal Status Flags
r-devel-linux-x86_64-debian-clang 0.41.0 0.59 13.04 13.62 NOTE
r-devel-linux-x86_64-debian-gcc 0.41.0 0.62 12.52 13.14 NOTE
r-devel-linux-x86_64-fedora-clang 0.41.0 24.94 NOTE
r-devel-linux-x86_64-fedora-gcc 0.41.0 23.22 NOTE
r-devel-osx-x86_64-clang 0.41.0 29.40 NOTE
r-devel-windows-ix86+x86_64 0.41.0 3.00 19.00 22.00 NOTE
r-patched-linux-x86_64 0.41.0 0.57 12.32 12.90 NOTE
r-patched-solaris-sparc 0.41.0 184.40 NOTE
r-patched-solaris-x86 0.41.0 34.20 NOTE
r-release-linux-x86_64 0.41.0 0.72 12.40 13.11 NOTE
r-release-osx-x86_64-mavericks 0.41.0 NOTE
r-release-osx-x86_64-snowleopard 0.41.0 NOTE
r-release-windows-ix86+x86_64 0.41.0 2.00 23.00 25.00 NOTE
r-oldrel-windows-ix86+x86_64 0.41.0 5.00 22.00 27.00 OK

Check Details

Version: 0.41.0
Check: DESCRIPTION meta-information
Result: NOTE
    Malformed Title field: should not end in a period.
Flavors: r-devel-linux-x86_64-debian-clang, r-devel-linux-x86_64-debian-gcc, r-devel-linux-x86_64-fedora-clang, r-devel-linux-x86_64-fedora-gcc, r-devel-osx-x86_64-clang, r-devel-windows-ix86+x86_64, r-patched-linux-x86_64, r-patched-solaris-sparc, r-patched-solaris-x86, r-release-linux-x86_64, r-release-osx-x86_64-mavericks, r-release-osx-x86_64-snowleopard, r-release-windows-ix86+x86_64

Version: 0.41.0
Check: S3 generic/method consistency
Result: NOTE
    Found the following apparent S3 methods exported but not registered:
     simulate.metaLik
    See section ‘Registering S3 methods’ in the ‘Writing R Extensions’
    manual.
Flavors: r-devel-linux-x86_64-debian-clang, r-devel-linux-x86_64-debian-gcc, r-devel-linux-x86_64-fedora-clang, r-devel-linux-x86_64-fedora-gcc, r-devel-osx-x86_64-clang, r-patched-linux-x86_64, r-patched-solaris-sparc, r-patched-solaris-x86, r-release-linux-x86_64