CRAN Package Check Results for Package metaLik

Last updated on 2015-01-30 14:48:52.

Flavor Version Tinstall Tcheck Ttotal Status Flags
r-devel-linux-x86_64-debian-clang 0.41.0 0.61 13.52 14.13 NOTE
r-devel-linux-x86_64-debian-gcc 0.41.0 0.69 12.71 13.40 NOTE
r-devel-linux-x86_64-fedora-clang 0.41.0 27.69 NOTE
r-devel-linux-x86_64-fedora-gcc 0.41.0 26.74 NOTE
r-devel-osx-x86_64-clang 0.41.0 31.02 NOTE
r-devel-windows-ix86+x86_64 0.41.0 3.00 21.00 24.00 OK
r-patched-linux-x86_64 0.41.0 0.65 13.04 13.69 OK
r-patched-solaris-sparc 0.41.0 156.10 OK
r-patched-solaris-x86 0.41.0 38.40 OK
r-release-linux-ix86 0.41.0 0.93 19.02 19.95 OK
r-release-linux-x86_64 0.41.0 0.64 13.32 13.96 OK
r-release-osx-x86_64-mavericks 0.41.0 OK
r-release-osx-x86_64-snowleopard 0.41.0 OK
r-release-windows-ix86+x86_64 0.41.0 3.00 20.00 23.00 OK
r-oldrel-windows-ix86+x86_64 0.41.0 3.00 22.00 25.00 OK

Check Details

Version: 0.41.0
Check: S3 generic/method consistency
Result: NOTE
    Found the following apparent S3 methods exported but not registered:
     simulate.metaLik
    See section ‘Registering S3 methods’ in the ‘Writing R Extensions’
    manual.
Flavors: r-devel-linux-x86_64-debian-clang, r-devel-linux-x86_64-debian-gcc, r-devel-linux-x86_64-fedora-clang, r-devel-linux-x86_64-fedora-gcc, r-devel-osx-x86_64-clang