CRAN Package Check Results for Package metaLik

Last updated on 2015-03-30 07:48:31.

Flavor Version Tinstall Tcheck Ttotal Status Flags
r-devel-linux-x86_64-debian-clang 0.41.0 0.59 12.82 13.42 NOTE
r-devel-linux-x86_64-debian-gcc 0.41.0 0.58 12.60 13.18 NOTE
r-devel-linux-x86_64-fedora-clang 0.41.0 25.56 NOTE
r-devel-linux-x86_64-fedora-gcc 0.41.0 26.87 NOTE
r-devel-osx-x86_64-clang 0.41.0 33.12 NOTE
r-prerel-windows-ix86+x86_64 0.41.0 5.00 19.00 24.00 NOTE
r-prerel-linux-x86_64 0.41.0 0.56 12.42 12.98 NOTE
r-prerel-solaris-sparc 0.41.0 177.50 NOTE
r-prerel-solaris-x86 0.41.0 33.60 NOTE
r-release-linux-x86_64 0.41.0 0.64 13.06 13.70 OK
r-release-osx-x86_64-mavericks 0.41.0 OK
r-release-osx-x86_64-snowleopard 0.41.0 OK
r-release-windows-ix86+x86_64 0.41.0 5.00 22.00 27.00 OK
r-oldrel-windows-ix86+x86_64 0.41.0 3.00 22.00 25.00 OK

Check Details

Version: 0.41.0
Check: DESCRIPTION meta-information
Result: NOTE
    Malformed Title field: should not end in a period.
Flavors: r-devel-linux-x86_64-debian-clang, r-devel-linux-x86_64-debian-gcc, r-devel-linux-x86_64-fedora-clang, r-devel-linux-x86_64-fedora-gcc, r-devel-osx-x86_64-clang, r-prerel-windows-ix86+x86_64, r-prerel-linux-x86_64, r-prerel-solaris-sparc, r-prerel-solaris-x86

Version: 0.41.0
Check: S3 generic/method consistency
Result: NOTE
    Found the following apparent S3 methods exported but not registered:
     simulate.metaLik
    See section ‘Registering S3 methods’ in the ‘Writing R Extensions’
    manual.
Flavors: r-devel-linux-x86_64-debian-clang, r-devel-linux-x86_64-debian-gcc, r-devel-linux-x86_64-fedora-clang, r-devel-linux-x86_64-fedora-gcc, r-devel-osx-x86_64-clang, r-prerel-linux-x86_64