CRAN Package Check Results for Package metaLik

Last updated on 2015-04-26 03:47:34.

Flavor Version Tinstall Tcheck Ttotal Status Flags
r-devel-linux-x86_64-debian-clang 0.41.0 0.58 13.10 13.68 NOTE
r-devel-linux-x86_64-debian-gcc 0.41.0 0.58 12.38 12.97 NOTE
r-devel-linux-x86_64-fedora-clang 0.41.0 25.89 NOTE
r-devel-linux-x86_64-fedora-gcc 0.41.0 23.61 NOTE
r-devel-osx-x86_64-clang 0.41.0 29.43 NOTE
r-devel-windows-ix86+x86_64 0.41.0 3.00 20.00 23.00 NOTE
r-patched-linux-x86_64 0.41.0 0.58 11.98 12.56 NOTE
r-patched-solaris-sparc 0.41.0 177.50 NOTE
r-patched-solaris-x86 0.41.0 34.30 NOTE
r-release-linux-x86_64 0.41.0 0.57 12.70 13.28 NOTE
r-release-osx-x86_64-mavericks 0.41.0 NOTE
r-release-osx-x86_64-snowleopard 0.41.0 NOTE
r-release-windows-ix86+x86_64 0.41.0 2.00 23.00 25.00 NOTE
r-oldrel-windows-ix86+x86_64 0.41.0 5.00 22.00 27.00 OK

Check Details

Version: 0.41.0
Check: DESCRIPTION meta-information
Result: NOTE
    Malformed Title field: should not end in a period.
Flavors: r-devel-windows-ix86+x86_64, r-release-windows-ix86+x86_64