CRAN Package Check Results for Package metaLik

Last updated on 2015-07-05 08:47:23.

Flavor Version Tinstall Tcheck Ttotal Status Flags
r-devel-linux-x86_64-debian-clang 0.42.0 0.55 11.26 11.81 NOTE
r-devel-linux-x86_64-debian-gcc 0.42.0 0.53 10.48 11.02 NOTE
r-devel-linux-x86_64-fedora-clang 0.42.0 21.45 NOTE
r-devel-linux-x86_64-fedora-gcc 0.42.0 19.82 NOTE
r-devel-osx-x86_64-clang 0.42.0 22.08 OK
r-devel-windows-ix86+x86_64 0.42.0 3.00 27.00 30.00 NOTE
r-patched-linux-x86_64 0.42.0 0.57 10.83 11.40 OK
r-patched-solaris-sparc 0.42.0 150.70 OK
r-patched-solaris-x86 0.42.0 31.60 OK
r-release-linux-x86_64 0.42.0 0.56 10.81 11.37 OK
r-release-osx-x86_64-mavericks 0.42.0 OK
r-release-windows-ix86+x86_64 0.42.0 2.00 20.00 22.00 OK
r-oldrel-windows-ix86+x86_64 0.42.0 4.00 26.00 30.00 OK

Check Details

Version: 0.42.0
Check: R code for possible problems
Result: NOTE
    .likTerms : <anonymous>: no visible global function definition for
     ‘coef’
    .likTerms : <anonymous>: no visible global function definition for
     ‘lm.wfit’
    .profLik: no visible global function definition for ‘optimize’
    .profLik: no visible global function definition for ‘coef’
    .profLik: no visible global function definition for ‘lm.wfit’
    .profLik: no visible global function definition for ‘smooth.spline’
    metaLik: no visible global function definition for ‘model.response’
    metaLik: no visible global function definition for ‘model.extract’
    metaLik: no visible global function definition for ‘is.empty.model’
    metaLik: no visible global function definition for ‘model.matrix’
    metaLik: no visible global function definition for ‘model.offset’
    metaLik: no visible global function definition for ‘optimize’
    metaLik: no visible global function definition for ‘coef’
    metaLik: no visible global function definition for ‘lm.wfit’
    metaLik: no visible global function definition for ‘lm’
    metaLik: no visible global function definition for ‘.getXlevels’
    model.matrix.metaLik: no visible global function definition for
     ‘model.matrix’
    model.matrix.metaLik: no visible global function definition for
     ‘model.frame’
    print.metaLik: no visible global function definition for ‘coef’
    print.metaLik: no visible global function definition for ‘vcov’
    simulate.metaLik: no visible global function definition for ‘runif’
    simulate.metaLik: no visible global function definition for ‘fitted’
    simulate.metaLik: no visible global function definition for ‘rnorm’
    summary.metaLik: no visible global function definition for ‘coef’
    summary.metaLik: no visible global function definition for ‘vcov’
    test.metaLik: no visible global function definition for ‘coef’
    test.metaLik: no visible global function definition for ‘predict’
    test.metaLik: no visible global function definition for ‘pnorm’
    Undefined global functions or variables:
     .getXlevels coef fitted is.empty.model lm lm.wfit model.extract
     model.frame model.matrix model.offset model.response optimize pnorm
     predict rnorm runif smooth.spline vcov
Flavors: r-devel-linux-x86_64-debian-clang, r-devel-linux-x86_64-debian-gcc, r-devel-linux-x86_64-fedora-clang, r-devel-linux-x86_64-fedora-gcc, r-devel-windows-ix86+x86_64