CRAN Package Check Results for Package metaMA

Last updated on 2016-08-24 20:54:25.

Flavor Version Tinstall Tcheck Ttotal Status Flags
r-devel-linux-x86_64-debian-clang 3.1.2 1.45 31.40 32.85 NOTE
r-devel-linux-x86_64-debian-gcc 3.1.2 1.56 30.56 32.12 NOTE
r-devel-linux-x86_64-fedora-clang 3.1.2 58.90 NOTE
r-devel-linux-x86_64-fedora-gcc 3.1.2 56.12 NOTE
r-devel-osx-x86_64-clang 3.1.2 46.60 NOTE
r-devel-windows-ix86+x86_64 3.1.2 7.00 76.00 83.00 NOTE
r-patched-linux-x86_64 3.1.2 1.30 30.09 31.39 NOTE
r-patched-solaris-sparc 3.1.2 348.80 NOTE --no-vignettes
r-patched-solaris-x86 3.1.2 72.70 NOTE --no-vignettes
r-release-linux-x86_64 3.1.2 1.31 30.59 31.90 NOTE
r-release-osx-x86_64-mavericks 3.1.2 NOTE
r-release-windows-ix86+x86_64 3.1.2 6.00 75.00 81.00 NOTE
r-oldrel-windows-ix86+x86_64 3.1.2 5.00 83.00 88.00 NOTE

Check Details

Version: 3.1.2
Check: installed package size
Result: NOTE
     installed size is 9.5Mb
     sub-directories of 1Mb or more:
     data 9.1Mb
Flavors: r-devel-linux-x86_64-debian-clang, r-devel-linux-x86_64-debian-gcc, r-devel-linux-x86_64-fedora-clang, r-devel-linux-x86_64-fedora-gcc, r-devel-osx-x86_64-clang, r-devel-windows-ix86+x86_64, r-patched-linux-x86_64, r-release-linux-x86_64, r-release-osx-x86_64-mavericks, r-release-windows-ix86+x86_64, r-oldrel-windows-ix86+x86_64

Version: 3.1.2
Check: DESCRIPTION meta-information
Result: NOTE
    Malformed Description field: should contain one or more complete sentences.
Flavors: r-devel-linux-x86_64-debian-clang, r-devel-linux-x86_64-debian-gcc, r-devel-linux-x86_64-fedora-clang, r-devel-linux-x86_64-fedora-gcc, r-devel-osx-x86_64-clang, r-devel-windows-ix86+x86_64, r-patched-linux-x86_64, r-release-linux-x86_64, r-release-osx-x86_64-mavericks, r-release-windows-ix86+x86_64, r-oldrel-windows-ix86+x86_64

Version: 3.1.2
Check: R code for possible problems
Result: NOTE
    EScombination: no visible global function definition for ‘model.matrix’
    EScombination: no visible global function definition for ‘p.adjust’
    EScombination: no visible global function definition for ‘pt’
    EScombination.paired: no visible global function definition for
     ‘p.adjust’
    EScombination.paired: no visible global function definition for ‘pt’
    calcfit2Diffrep: no visible global function definition for
     ‘model.matrix’
    directEScombi: no visible global function definition for ‘pnorm’
    directEScombi: no visible global function definition for ‘p.adjust’
    directpvalcombi : fstatmeta: no visible global function definition for
     ‘qnorm’
    directpvalcombi: no visible global function definition for ‘pnorm’
    directpvalcombi: no visible global function definition for ‘p.adjust’
    pvalcombination: no visible global function definition for
     ‘model.matrix’
    pvalcombination: no visible global function definition for ‘p.adjust’
    pvalcombination: no visible global function definition for ‘pt’
    pvalcombination.paired: no visible global function definition for
     ‘p.adjust’
    pvalcombination.paired: no visible global function definition for ‘pt’
    Undefined global functions or variables:
     model.matrix p.adjust pnorm pt qnorm
    Consider adding
     importFrom("stats", "model.matrix", "p.adjust", "pnorm", "pt", "qnorm")
    to your NAMESPACE file.
Flavors: r-devel-linux-x86_64-debian-clang, r-devel-linux-x86_64-debian-gcc, r-devel-linux-x86_64-fedora-clang, r-devel-linux-x86_64-fedora-gcc, r-devel-osx-x86_64-clang, r-devel-windows-ix86+x86_64, r-patched-linux-x86_64, r-release-linux-x86_64, r-release-osx-x86_64-mavericks, r-release-windows-ix86+x86_64

Version: 3.1.2
Flags: --no-vignettes
Check: installed package size
Result: NOTE
     installed size is 9.5Mb
     sub-directories of 1Mb or more:
     data 9.1Mb
Flavors: r-patched-solaris-sparc, r-patched-solaris-x86

Version: 3.1.2
Flags: --no-vignettes
Check: DESCRIPTION meta-information
Result: NOTE
    Malformed Description field: should contain one or more complete sentences.
Flavors: r-patched-solaris-sparc, r-patched-solaris-x86

Version: 3.1.2
Flags: --no-vignettes
Check: R code for possible problems
Result: NOTE
    EScombination: no visible global function definition for ‘model.matrix’
    EScombination: no visible global function definition for ‘p.adjust’
    EScombination: no visible global function definition for ‘pt’
    EScombination.paired: no visible global function definition for
     ‘p.adjust’
    EScombination.paired: no visible global function definition for ‘pt’
    calcfit2Diffrep: no visible global function definition for
     ‘model.matrix’
    directEScombi: no visible global function definition for ‘pnorm’
    directEScombi: no visible global function definition for ‘p.adjust’
    directpvalcombi : fstatmeta: no visible global function definition for
     ‘qnorm’
    directpvalcombi: no visible global function definition for ‘pnorm’
    directpvalcombi: no visible global function definition for ‘p.adjust’
    pvalcombination: no visible global function definition for
     ‘model.matrix’
    pvalcombination: no visible global function definition for ‘p.adjust’
    pvalcombination: no visible global function definition for ‘pt’
    pvalcombination.paired: no visible global function definition for
     ‘p.adjust’
    pvalcombination.paired: no visible global function definition for ‘pt’
    Undefined global functions or variables:
     model.matrix p.adjust pnorm pt qnorm
    Consider adding
     importFrom("stats", "model.matrix", "p.adjust", "pnorm", "pt", "qnorm")
    to your NAMESPACE file.
Flavors: r-patched-solaris-sparc, r-patched-solaris-x86

Version: 3.1.2
Check: package dependencies
Result: NOTE
    Packages suggested but not available for checking:
     ‘hgu133plus2.db’ ‘hgu133a.db’ ‘hgu95av2.db’
Flavor: r-release-osx-x86_64-mavericks