CRAN Package Check Results for Package metaMA

Last updated on 2015-03-30 17:49:07.

Flavor Version Tinstall Tcheck Ttotal Status Flags
r-devel-linux-x86_64-debian-clang 3.1.2 1.62 31.96 33.58 NOTE
r-devel-linux-x86_64-debian-gcc 3.1.2 1.38 31.54 32.91 NOTE
r-devel-linux-x86_64-fedora-clang 3.1.2 66.75 NOTE
r-devel-linux-x86_64-fedora-gcc 3.1.2 67.06 NOTE
r-devel-osx-x86_64-clang 3.1.2 68.18 NOTE
r-prerel-windows-ix86+x86_64 3.1.2 7.00 45.00 52.00 NOTE
r-prerel-linux-x86_64 3.1.2 1.34 31.87 33.22 NOTE
r-prerel-solaris-sparc 3.1.2 397.90 NOTE --no-vignettes
r-prerel-solaris-x86 3.1.2 82.60 NOTE --no-vignettes
r-release-linux-x86_64 3.1.2 1.86 36.84 38.70 NOTE
r-release-osx-x86_64-mavericks 3.1.2 NOTE
r-release-osx-x86_64-snowleopard 3.1.2 NOTE
r-release-windows-ix86+x86_64 3.1.2 8.00 53.00 61.00 NOTE
r-oldrel-windows-ix86+x86_64 3.1.1 7.00 393.00 400.00 ERROR

Check Details

Version: 3.1.2
Check: installed package size
Result: NOTE
     installed size is 9.5Mb
     sub-directories of 1Mb or more:
     data 9.1Mb
Flavors: r-devel-linux-x86_64-debian-clang, r-devel-linux-x86_64-debian-gcc, r-devel-linux-x86_64-fedora-clang, r-devel-linux-x86_64-fedora-gcc, r-devel-osx-x86_64-clang, r-prerel-windows-ix86+x86_64, r-prerel-linux-x86_64, r-release-linux-x86_64, r-release-osx-x86_64-mavericks, r-release-osx-x86_64-snowleopard, r-release-windows-ix86+x86_64

Version: 3.1.2
Check: DESCRIPTION meta-information
Result: NOTE
    Malformed Description field: should contain one or more complete sentences.
Flavors: r-devel-linux-x86_64-debian-clang, r-devel-linux-x86_64-debian-gcc, r-devel-linux-x86_64-fedora-clang, r-devel-linux-x86_64-fedora-gcc, r-devel-osx-x86_64-clang, r-prerel-windows-ix86+x86_64, r-prerel-linux-x86_64

Version: 3.1.2
Flags: --no-vignettes
Check: package dependencies
Result: NOTE
    Package suggested but not available for checking: ‘annaffy’
Flavors: r-prerel-solaris-sparc, r-prerel-solaris-x86

Version: 3.1.2
Flags: --no-vignettes
Check: installed package size
Result: NOTE
     installed size is 9.5Mb
     sub-directories of 1Mb or more:
     data 9.1Mb
Flavors: r-prerel-solaris-sparc, r-prerel-solaris-x86

Version: 3.1.2
Flags: --no-vignettes
Check: DESCRIPTION meta-information
Result: NOTE
    Malformed Description field: should contain one or more complete sentences.
Flavors: r-prerel-solaris-sparc, r-prerel-solaris-x86

Version: 3.1.2
Check: package dependencies
Result: NOTE
    Packages suggested but not available for checking:
     ‘annaffy’ ‘hgu133plus2.db’ ‘hgu133a.db’ ‘hgu95av2.db’
Flavors: r-release-osx-x86_64-mavericks, r-release-osx-x86_64-snowleopard

Version: 3.1.1
Check: installed package size
Result: NOTE
     installed size is 9.6Mb
     sub-directories of 1Mb or more:
     data 9.1Mb
Flavor: r-oldrel-windows-ix86+x86_64

Version: 3.1.1
Check: R code for possible problems
Result: NOTE
    Error : .onLoad failed in loadNamespace() for 'org.Hs.eg.db', details:
     call: match.arg(synchronous, c("off", "normal", "full"))
     error: 'arg' must be NULL or a character vector
    Error : .onLoad failed in loadNamespace() for 'GO.db', details:
     call: match.arg(synchronous, c("off", "normal", "full"))
     error: 'arg' must be NULL or a character vector
    Error : .onLoad failed in loadNamespace() for 'org.Hs.eg.db', details:
     call: match.arg(synchronous, c("off", "normal", "full"))
     error: 'arg' must be NULL or a character vector
    Error : .onLoad failed in loadNamespace() for 'org.Hs.eg.db', details:
     call: match.arg(synchronous, c("off", "normal", "full"))
     error: 'arg' must be NULL or a character vector
    Error : .onLoad failed in loadNamespace() for 'org.Hs.eg.db', details:
     call: match.arg(synchronous, c("off", "normal", "full"))
     error: 'arg' must be NULL or a character vector
Flavor: r-oldrel-windows-ix86+x86_64

Version: 3.1.1
Check: running R code from vignettes
Result: ERROR
    Errors in running code in vignettes:
    when running code in 'metaMA.Rnw'
     ...
    Loading required package: DBI
    Error : .onLoad failed in loadNamespace() for 'org.Hs.eg.db', details:
     call: match.arg(synchronous, c("off", "normal", "full"))
     error: 'arg' must be NULL or a character vector
    
    > x <- org.Hs.egUNIGENE
    
     When sourcing 'metaMA.R':
    Error: object 'org.Hs.egUNIGENE' not found
    Execution halted
Flavor: r-oldrel-windows-ix86+x86_64