CRAN Package Check Results for Package metaMA

Last updated on 2014-08-29 05:47:23.

Flavor Version Tinstall Tcheck Ttotal Status Flags
r-devel-linux-x86_64-debian-clang 2.1 1.89 32.76 34.65 NOTE
r-devel-linux-x86_64-debian-gcc 2.1 1.78 31.93 33.72 NOTE
r-devel-linux-x86_64-fedora-clang 2.1 74.36 NOTE
r-devel-linux-x86_64-fedora-gcc 2.1 67.43 NOTE
r-devel-osx-x86_64-clang 2.1 60.32 NOTE
r-devel-windows-ix86+x86_64 2.1 6.00 47.00 53.00 NOTE
r-patched-linux-x86_64 2.1 1.91 33.00 34.91 NOTE
r-patched-solaris-sparc 2.1 445.00 NOTE
r-patched-solaris-x86 2.1 95.90 NOTE
r-release-linux-ix86 2.1 2.48 43.31 45.79 NOTE
r-release-linux-x86_64 2.1 1.94 34.04 35.98 NOTE
r-release-osx-x86_64-mavericks 2.1 NOTE
r-release-osx-x86_64-snowleopard 2.1 NOTE
r-release-windows-ix86+x86_64 2.1 7.00 49.00 56.00 NOTE
r-oldrel-windows-ix86+x86_64 2.1 5.00 49.00 54.00 NOTE

Check Details

Version: 2.1
Check: installed package size
Result: NOTE
     installed size is 9.3Mb
     sub-directories of 1Mb or more:
     data 9.1Mb
Flavors: r-devel-linux-x86_64-debian-clang, r-devel-linux-x86_64-debian-gcc, r-devel-linux-x86_64-fedora-clang, r-devel-linux-x86_64-fedora-gcc, r-devel-osx-x86_64-clang, r-devel-windows-ix86+x86_64, r-patched-linux-x86_64, r-patched-solaris-sparc, r-patched-solaris-x86, r-release-linux-ix86, r-release-linux-x86_64, r-release-osx-x86_64-mavericks, r-release-osx-x86_64-snowleopard, r-release-windows-ix86+x86_64, r-oldrel-windows-ix86+x86_64