CRAN Package Check Results for Package metaMA

Last updated on 2016-05-30 11:47:50.

Flavor Version Tinstall Tcheck Ttotal Status Flags
r-devel-linux-x86_64-debian-gcc 3.1.2 1.30 28.94 30.24 NOTE
r-devel-linux-x86_64-fedora-clang 3.1.2 57.40 NOTE
r-devel-linux-x86_64-fedora-gcc 3.1.2 53.02 NOTE
r-devel-osx-x86_64-clang 3.1.2 63.10 NOTE
r-devel-windows-ix86+x86_64 3.1.2 4.00 54.00 58.00 NOTE
r-patched-linux-x86_64 3.1.2 1.36 29.40 30.76 NOTE
r-patched-solaris-sparc 3.1.2 346.40 NOTE --no-vignettes
r-patched-solaris-x86 3.1.2 73.70 NOTE --no-vignettes
r-release-linux-x86_64 3.1.2 1.45 29.23 30.68 NOTE
r-release-osx-x86_64-mavericks 3.1.2 NOTE
r-release-windows-ix86+x86_64 3.1.2 7.00 64.00 71.00 NOTE
r-oldrel-windows-ix86+x86_64 3.1.2 5.00 87.00 92.00 NOTE

Check Details

Version: 3.1.2
Check: installed package size
Result: NOTE
     installed size is 9.5Mb
     sub-directories of 1Mb or more:
     data 9.1Mb
Flavors: r-devel-linux-x86_64-debian-gcc, r-devel-linux-x86_64-fedora-clang, r-devel-linux-x86_64-fedora-gcc, r-devel-osx-x86_64-clang, r-devel-windows-ix86+x86_64, r-patched-linux-x86_64, r-release-linux-x86_64, r-release-osx-x86_64-mavericks, r-release-windows-ix86+x86_64, r-oldrel-windows-ix86+x86_64

Version: 3.1.2
Check: DESCRIPTION meta-information
Result: NOTE
    Malformed Description field: should contain one or more complete sentences.
Flavors: r-devel-linux-x86_64-debian-gcc, r-devel-linux-x86_64-fedora-clang, r-devel-linux-x86_64-fedora-gcc, r-devel-osx-x86_64-clang, r-devel-windows-ix86+x86_64, r-patched-linux-x86_64, r-release-linux-x86_64, r-release-osx-x86_64-mavericks, r-release-windows-ix86+x86_64, r-oldrel-windows-ix86+x86_64

Version: 3.1.2
Check: R code for possible problems
Result: NOTE
    EScombination: no visible global function definition for ‘model.matrix’
    EScombination: no visible global function definition for ‘p.adjust’
    EScombination: no visible global function definition for ‘pt’
    EScombination.paired: no visible global function definition for
     ‘p.adjust’
    EScombination.paired: no visible global function definition for ‘pt’
    calcfit2Diffrep: no visible global function definition for
     ‘model.matrix’
    directEScombi: no visible global function definition for ‘pnorm’
    directEScombi: no visible global function definition for ‘p.adjust’
    directpvalcombi : fstatmeta: no visible global function definition for
     ‘qnorm’
    directpvalcombi: no visible global function definition for ‘pnorm’
    directpvalcombi: no visible global function definition for ‘p.adjust’
    pvalcombination: no visible global function definition for
     ‘model.matrix’
    pvalcombination: no visible global function definition for ‘p.adjust’
    pvalcombination: no visible global function definition for ‘pt’
    pvalcombination.paired: no visible global function definition for
     ‘p.adjust’
    pvalcombination.paired: no visible global function definition for ‘pt’
    Undefined global functions or variables:
     model.matrix p.adjust pnorm pt qnorm
    Consider adding
     importFrom("stats", "model.matrix", "p.adjust", "pnorm", "pt", "qnorm")
    to your NAMESPACE file.
Flavors: r-devel-linux-x86_64-debian-gcc, r-devel-linux-x86_64-fedora-clang, r-devel-linux-x86_64-fedora-gcc, r-devel-osx-x86_64-clang, r-devel-windows-ix86+x86_64, r-patched-linux-x86_64, r-release-linux-x86_64, r-release-osx-x86_64-mavericks, r-release-windows-ix86+x86_64

Version: 3.1.2
Flags: --no-vignettes
Check: installed package size
Result: NOTE
     installed size is 9.5Mb
     sub-directories of 1Mb or more:
     data 9.1Mb
Flavors: r-patched-solaris-sparc, r-patched-solaris-x86

Version: 3.1.2
Flags: --no-vignettes
Check: DESCRIPTION meta-information
Result: NOTE
    Malformed Description field: should contain one or more complete sentences.
Flavors: r-patched-solaris-sparc, r-patched-solaris-x86

Version: 3.1.2
Flags: --no-vignettes
Check: R code for possible problems
Result: NOTE
    EScombination: no visible global function definition for ‘model.matrix’
    EScombination: no visible global function definition for ‘p.adjust’
    EScombination: no visible global function definition for ‘pt’
    EScombination.paired: no visible global function definition for
     ‘p.adjust’
    EScombination.paired: no visible global function definition for ‘pt’
    calcfit2Diffrep: no visible global function definition for
     ‘model.matrix’
    directEScombi: no visible global function definition for ‘pnorm’
    directEScombi: no visible global function definition for ‘p.adjust’
    directpvalcombi : fstatmeta: no visible global function definition for
     ‘qnorm’
    directpvalcombi: no visible global function definition for ‘pnorm’
    directpvalcombi: no visible global function definition for ‘p.adjust’
    pvalcombination: no visible global function definition for
     ‘model.matrix’
    pvalcombination: no visible global function definition for ‘p.adjust’
    pvalcombination: no visible global function definition for ‘pt’
    pvalcombination.paired: no visible global function definition for
     ‘p.adjust’
    pvalcombination.paired: no visible global function definition for ‘pt’
    Undefined global functions or variables:
     model.matrix p.adjust pnorm pt qnorm
    Consider adding
     importFrom("stats", "model.matrix", "p.adjust", "pnorm", "pt", "qnorm")
    to your NAMESPACE file.
Flavors: r-patched-solaris-sparc, r-patched-solaris-x86

Version: 3.1.2
Check: package dependencies
Result: NOTE
    Packages suggested but not available for checking:
     ‘hgu133plus2.db’ ‘hgu133a.db’ ‘hgu95av2.db’
Flavor: r-release-osx-x86_64-mavericks