CRAN Package Check Results for Package metaMA

Last updated on 2014-12-25 04:46:46.

Flavor Version Tinstall Tcheck Ttotal Status Flags
r-devel-linux-x86_64-debian-clang 2.1 1.85 34.01 35.86 NOTE
r-devel-linux-x86_64-debian-gcc 2.1 1.70 32.68 34.38 NOTE
r-devel-linux-x86_64-fedora-clang 2.1 73.17 NOTE
r-devel-linux-x86_64-fedora-gcc 2.1 71.81 NOTE
r-devel-osx-x86_64-clang 2.1 63.49 NOTE
r-devel-windows-ix86+x86_64 2.1 6.00 83.00 89.00 NOTE
r-patched-linux-x86_64 2.1 2.48 33.96 36.44 NOTE
r-patched-solaris-sparc 2.1 440.60 NOTE
r-patched-solaris-x86 2.1 96.20 NOTE
r-release-linux-ix86 2.1 2.35 42.10 44.46 NOTE
r-release-linux-x86_64 2.1 2.14 34.99 37.13 NOTE
r-release-osx-x86_64-mavericks 2.1 NOTE
r-release-osx-x86_64-snowleopard 2.1 NOTE
r-release-windows-ix86+x86_64 2.1 6.00 44.00 50.00 NOTE
r-oldrel-windows-ix86+x86_64 2.1 5.00 49.00 54.00 NOTE

Check Details

Version: 2.1
Check: installed package size
Result: NOTE
     installed size is 9.3Mb
     sub-directories of 1Mb or more:
     data 9.1Mb
Flavors: r-devel-linux-x86_64-debian-clang, r-devel-linux-x86_64-debian-gcc, r-devel-linux-x86_64-fedora-clang, r-devel-linux-x86_64-fedora-gcc, r-devel-osx-x86_64-clang, r-devel-windows-ix86+x86_64, r-patched-linux-x86_64, r-patched-solaris-sparc, r-patched-solaris-x86, r-release-linux-ix86, r-release-linux-x86_64, r-release-osx-x86_64-mavericks, r-release-osx-x86_64-snowleopard, r-release-windows-ix86+x86_64, r-oldrel-windows-ix86+x86_64