CRAN Package Check Results for Package metaMA

Last updated on 2015-04-26 16:47:07.

Flavor Version Tinstall Tcheck Ttotal Status Flags
r-devel-linux-x86_64-debian-clang 3.1.2 1.77 33.21 34.98 NOTE
r-devel-linux-x86_64-debian-gcc 3.1.2 1.35 31.70 33.06 NOTE
r-devel-linux-x86_64-fedora-clang 3.1.2 65.49 NOTE
r-devel-linux-x86_64-fedora-gcc 3.1.2 60.26 NOTE
r-devel-osx-x86_64-clang 3.1.2 61.93 NOTE
r-devel-windows-ix86+x86_64 3.1.2 5.00 47.00 52.00 NOTE
r-patched-linux-x86_64 3.1.2 1.41 30.73 32.14 NOTE
r-patched-solaris-sparc 3.1.2 397.90 NOTE --no-vignettes
r-patched-solaris-x86 3.1.2 81.80 NOTE --no-vignettes
r-release-linux-x86_64 3.1.2 1.37 30.53 31.90 NOTE
r-release-osx-x86_64-mavericks 3.1.2 NOTE
r-release-osx-x86_64-snowleopard 3.1.2 ERROR
r-release-windows-ix86+x86_64 3.1.2 4.00 59.00 63.00 NOTE
r-oldrel-windows-ix86+x86_64 3.1.2 8.00 53.00 61.00 NOTE

Check Details

Version: 3.1.2
Check: installed package size
Result: NOTE
     installed size is 9.5Mb
     sub-directories of 1Mb or more:
     data 9.1Mb
Flavors: r-devel-linux-x86_64-fedora-clang, r-devel-linux-x86_64-fedora-gcc, r-devel-osx-x86_64-clang, r-devel-windows-ix86+x86_64, r-release-osx-x86_64-mavericks, r-release-windows-ix86+x86_64, r-oldrel-windows-ix86+x86_64

Version: 3.1.2
Check: DESCRIPTION meta-information
Result: NOTE
    Malformed Description field: should contain one or more complete sentences.
Flavors: r-devel-linux-x86_64-fedora-clang, r-devel-linux-x86_64-fedora-gcc, r-devel-osx-x86_64-clang, r-devel-windows-ix86+x86_64, r-release-osx-x86_64-mavericks, r-release-windows-ix86+x86_64

Version: 3.1.2
Flags: --no-vignettes
Check: package dependencies
Result: NOTE
    Package suggested but not available for checking: ‘annaffy’
Flavors: r-patched-solaris-sparc, r-patched-solaris-x86

Version: 3.1.2
Flags: --no-vignettes
Check: installed package size
Result: NOTE
     installed size is 9.5Mb
     sub-directories of 1Mb or more:
     data 9.1Mb
Flavors: r-patched-solaris-sparc, r-patched-solaris-x86

Version: 3.1.2
Flags: --no-vignettes
Check: DESCRIPTION meta-information
Result: NOTE
    Malformed Description field: should contain one or more complete sentences.
Flavors: r-patched-solaris-sparc, r-patched-solaris-x86

Version: 3.1.2
Check: package dependencies
Result: NOTE
    Packages suggested but not available for checking:
     ‘org.Hs.eg.db’ ‘annaffy’ ‘hgu133plus2.db’ ‘hgu133a.db’ ‘hgu95av2.db’
Flavor: r-release-osx-x86_64-mavericks