CRAN Package Check Results for Package metaMA

Last updated on 2014-04-23 17:47:48.

Flavor Version Tinstall Tcheck Ttotal Status Flags
r-devel-linux-x86_64-debian-clang 2.1 2.04 35.41 37.46 NOTE
r-devel-linux-x86_64-debian-gcc 2.1 1.99 34.43 36.42 NOTE
r-devel-linux-x86_64-fedora-clang 2.1 71.99 NOTE
r-devel-linux-x86_64-fedora-gcc 2.1 69.39 NOTE
r-devel-osx-x86_64-clang 2.1 56.56 NOTE
r-devel-osx-x86_64-gcc 2.1 ERROR
r-devel-windows-ix86+x86_64 2.1 5.00 46.00 51.00 NOTE
r-patched-linux-x86_64 2.1 1.94 33.34 35.28 NOTE
r-patched-solaris-sparc 2.1 422.40 NOTE
r-patched-solaris-x86 2.1 91.70 NOTE
r-release-linux-ix86 2.1 4.00 59.00 63.00 NOTE
r-release-linux-x86_64 2.1 2.15 34.94 37.09 NOTE
r-release-osx-x86_64-mavericks 2.1 ERROR
r-release-osx-x86_64-snowleopard 2.1 ERROR
r-release-windows-ix86+x86_64 2.1 8.00 67.00 75.00 NOTE
r-oldrel-windows-ix86+x86_64 2.1 5.00 49.00 54.00 NOTE

Check Details

Version: 2.1
Check: installed package size
Result: NOTE
     installed size is 9.3Mb
     sub-directories of 1Mb or more:
     data 9.1Mb
Flavors: r-devel-linux-x86_64-debian-clang, r-devel-linux-x86_64-debian-gcc, r-devel-linux-x86_64-fedora-clang, r-devel-linux-x86_64-fedora-gcc, r-devel-osx-x86_64-clang, r-devel-windows-ix86+x86_64, r-patched-linux-x86_64, r-patched-solaris-sparc, r-patched-solaris-x86, r-release-linux-ix86, r-release-linux-x86_64, r-release-windows-ix86+x86_64, r-oldrel-windows-ix86+x86_64

Version: 2.1
Check: package dependencies
Result: ERROR
    Package required but not available: ‘limma’
    
    See the information on DESCRIPTION files in the chapter ‘Creating R
    packages’ of the ‘Writing R Extensions’ manual.
Flavors: r-devel-osx-x86_64-gcc, r-release-osx-x86_64-mavericks, r-release-osx-x86_64-snowleopard