CRAN Package Check Results for Package metaMA

Last updated on 2014-09-02 22:47:42.

Flavor Version Tinstall Tcheck Ttotal Status Flags
r-devel-linux-x86_64-debian-clang 2.1 2.03 32.91 34.94 NOTE
r-devel-linux-x86_64-debian-gcc 2.1 1.81 34.08 35.89 NOTE
r-devel-linux-x86_64-fedora-clang 2.1 72.16 NOTE
r-devel-linux-x86_64-fedora-gcc 2.1 68.37 NOTE
r-devel-osx-x86_64-clang 2.1 60.19 NOTE
r-devel-windows-ix86+x86_64 2.1 5.00 46.00 51.00 NOTE
r-patched-linux-x86_64 2.1 1.90 32.73 34.63 NOTE
r-patched-solaris-sparc 2.1 445.00 NOTE
r-patched-solaris-x86 2.1 95.80 NOTE
r-release-linux-ix86 2.1 2.54 43.75 46.29 NOTE
r-release-linux-x86_64 2.1 1.92 33.66 35.57 NOTE
r-release-osx-x86_64-mavericks 2.1 NOTE
r-release-osx-x86_64-snowleopard 2.1 NOTE
r-release-windows-ix86+x86_64 2.1 7.00 49.00 56.00 NOTE
r-oldrel-windows-ix86+x86_64 2.1 5.00 49.00 54.00 NOTE

Check Details

Version: 2.1
Check: installed package size
Result: NOTE
     installed size is 9.3Mb
     sub-directories of 1Mb or more:
     data 9.1Mb
Flavors: r-devel-linux-x86_64-debian-clang, r-devel-linux-x86_64-debian-gcc, r-devel-linux-x86_64-fedora-clang, r-devel-linux-x86_64-fedora-gcc, r-devel-osx-x86_64-clang, r-devel-windows-ix86+x86_64, r-patched-linux-x86_64, r-patched-solaris-sparc, r-patched-solaris-x86, r-release-linux-ix86, r-release-linux-x86_64, r-release-osx-x86_64-mavericks, r-release-osx-x86_64-snowleopard, r-release-windows-ix86+x86_64, r-oldrel-windows-ix86+x86_64