CRAN Package Check Results for Package metaMA

Last updated on 2014-11-01 05:48:56.

Flavor Version Tinstall Tcheck Ttotal Status Flags
r-devel-linux-x86_64-debian-clang 2.1 1.94 33.26 35.20 NOTE
r-devel-linux-x86_64-debian-gcc 2.1 1.72 32.11 33.82 NOTE
r-devel-linux-x86_64-fedora-clang 2.1 70.54 NOTE
r-devel-linux-x86_64-fedora-gcc 2.1 69.69 NOTE
r-devel-osx-x86_64-clang 2.1 62.80 NOTE
r-devel-windows-ix86+x86_64 2.1 4.00 49.00 53.00 NOTE
r-patched-linux-x86_64 2.1 1.86 33.02 34.88 NOTE
r-patched-solaris-sparc 2.1 445.00 NOTE
r-patched-solaris-x86 2.1 94.30 NOTE
r-release-linux-ix86 2.1 2.49 43.60 46.09 NOTE
r-release-linux-x86_64 2.1 1.92 33.80 35.71 NOTE
r-release-osx-x86_64-mavericks 2.1 NOTE
r-release-osx-x86_64-snowleopard 2.1 NOTE
r-release-windows-ix86+x86_64 2.1 7.00 49.00 56.00 NOTE
r-oldrel-windows-ix86+x86_64 2.1 5.00 49.00 54.00 NOTE

Check Details

Version: 2.1
Check: installed package size
Result: NOTE
     installed size is 9.3Mb
     sub-directories of 1Mb or more:
     data 9.1Mb
Flavors: r-devel-linux-x86_64-debian-clang, r-devel-linux-x86_64-debian-gcc, r-devel-linux-x86_64-fedora-clang, r-devel-linux-x86_64-fedora-gcc, r-devel-osx-x86_64-clang, r-devel-windows-ix86+x86_64, r-patched-linux-x86_64, r-patched-solaris-sparc, r-patched-solaris-x86, r-release-linux-ix86, r-release-linux-x86_64, r-release-osx-x86_64-mavericks, r-release-osx-x86_64-snowleopard, r-release-windows-ix86+x86_64, r-oldrel-windows-ix86+x86_64