CRAN Package Check Results for Package metaMA

Last updated on 2015-02-28 12:51:16.

Flavor Version Tinstall Tcheck Ttotal Status Flags
r-devel-linux-x86_64-debian-clang 3.1.2 1.98 31.42 33.40 NOTE
r-devel-linux-x86_64-debian-gcc 3.1.2 1.36 30.40 31.76 NOTE
r-devel-linux-x86_64-fedora-clang 3.1.2 63.70 NOTE
r-devel-linux-x86_64-fedora-gcc 3.1.2 61.08 NOTE
r-devel-osx-x86_64-clang 3.1.2 63.41 NOTE
r-devel-windows-ix86+x86_64 3.1.2 5.00 44.00 49.00 NOTE
r-patched-linux-x86_64 3.1.2 1.90 37.31 39.21 NOTE
r-patched-solaris-sparc 3.1.2 408.20 NOTE --no-vignettes
r-patched-solaris-x86 3.1.2 99.70 NOTE --no-vignettes
r-release-linux-ix86 3.1.2 2.62 46.50 49.12 NOTE
r-release-linux-x86_64 3.1.2 1.88 35.31 37.18 NOTE
r-release-osx-x86_64-mavericks 3.1.2 NOTE
r-release-osx-x86_64-snowleopard 3.1.2 NOTE
r-release-windows-ix86+x86_64 3.1.2 6.00 60.00 66.00 NOTE
r-oldrel-windows-ix86+x86_64 3.1.1 7.00 393.00 400.00 ERROR

Check Details

Version: 3.1.2
Check: installed package size
Result: NOTE
     installed size is 9.5Mb
     sub-directories of 1Mb or more:
     data 9.1Mb
Flavors: r-devel-linux-x86_64-debian-clang, r-devel-linux-x86_64-debian-gcc, r-devel-linux-x86_64-fedora-clang, r-devel-linux-x86_64-fedora-gcc, r-devel-osx-x86_64-clang, r-devel-windows-ix86+x86_64, r-patched-linux-x86_64, r-release-linux-ix86, r-release-linux-x86_64, r-release-osx-x86_64-mavericks, r-release-osx-x86_64-snowleopard, r-release-windows-ix86+x86_64

Version: 3.1.2
Check: DESCRIPTION meta-information
Result: NOTE
    Malformed Description field: should contain one or more complete sentences.
Flavors: r-devel-linux-x86_64-debian-clang, r-devel-linux-x86_64-debian-gcc, r-devel-linux-x86_64-fedora-clang, r-devel-linux-x86_64-fedora-gcc, r-devel-osx-x86_64-clang, r-devel-windows-ix86+x86_64

Version: 3.1.2
Flags: --no-vignettes
Check: package dependencies
Result: NOTE
    Package suggested but not available for checking: ‘annaffy’
Flavors: r-patched-solaris-sparc, r-patched-solaris-x86

Version: 3.1.2
Flags: --no-vignettes
Check: installed package size
Result: NOTE
     installed size is 9.5Mb
     sub-directories of 1Mb or more:
     data 9.1Mb
Flavors: r-patched-solaris-sparc, r-patched-solaris-x86

Version: 3.1.2
Check: package dependencies
Result: NOTE
    Packages suggested but not available for checking:
     ‘annaffy’ ‘hgu133plus2.db’ ‘hgu133a.db’ ‘hgu95av2.db’
Flavors: r-release-osx-x86_64-mavericks, r-release-osx-x86_64-snowleopard

Version: 3.1.1
Check: installed package size
Result: NOTE
     installed size is 9.6Mb
     sub-directories of 1Mb or more:
     data 9.1Mb
Flavor: r-oldrel-windows-ix86+x86_64

Version: 3.1.1
Check: R code for possible problems
Result: NOTE
    Error : .onLoad failed in loadNamespace() for 'org.Hs.eg.db', details:
     call: match.arg(synchronous, c("off", "normal", "full"))
     error: 'arg' must be NULL or a character vector
    Error : .onLoad failed in loadNamespace() for 'GO.db', details:
     call: match.arg(synchronous, c("off", "normal", "full"))
     error: 'arg' must be NULL or a character vector
    Error : .onLoad failed in loadNamespace() for 'org.Hs.eg.db', details:
     call: match.arg(synchronous, c("off", "normal", "full"))
     error: 'arg' must be NULL or a character vector
    Error : .onLoad failed in loadNamespace() for 'org.Hs.eg.db', details:
     call: match.arg(synchronous, c("off", "normal", "full"))
     error: 'arg' must be NULL or a character vector
    Error : .onLoad failed in loadNamespace() for 'org.Hs.eg.db', details:
     call: match.arg(synchronous, c("off", "normal", "full"))
     error: 'arg' must be NULL or a character vector
Flavor: r-oldrel-windows-ix86+x86_64

Version: 3.1.1
Check: running R code from vignettes
Result: ERROR
    Errors in running code in vignettes:
    when running code in 'metaMA.Rnw'
     ...
    Loading required package: DBI
    Error : .onLoad failed in loadNamespace() for 'org.Hs.eg.db', details:
     call: match.arg(synchronous, c("off", "normal", "full"))
     error: 'arg' must be NULL or a character vector
    
    > x <- org.Hs.egUNIGENE
    
     When sourcing 'metaMA.R':
    Error: object 'org.Hs.egUNIGENE' not found
    Execution halted
Flavor: r-oldrel-windows-ix86+x86_64