CRAN Package Check Results for Package metaRNASeq

Last updated on 2020-10-20 18:52:33 CEST.

Flavor Version Tinstall Tcheck Ttotal Status Flags
r-devel-linux-x86_64-debian-clang 1.0.3 1.93 97.26 99.19 OK
r-devel-linux-x86_64-debian-gcc 1.0.3 1.61 68.02 69.63 OK
r-devel-linux-x86_64-fedora-clang 1.0.3 134.37 OK
r-devel-linux-x86_64-fedora-gcc 1.0.3 112.69 OK
r-devel-windows-ix86+x86_64 1.0.3 4.00 31.00 35.00 OK --no-vignettes
r-patched-linux-x86_64 1.0.3 2.18 91.64 93.82 OK
r-patched-solaris-x86 1.0.3 153.60 OK --no-build-vignettes
r-release-linux-x86_64 1.0.3 1.97 90.11 92.08 OK
r-release-macos-x86_64 1.0.3 OK
r-release-windows-ix86+x86_64 1.0.3 5.00 30.00 35.00 OK --no-vignettes
r-oldrel-macos-x86_64 1.0.3 ERROR
r-oldrel-windows-ix86+x86_64 1.0.3 3.00 28.00 31.00 OK --no-vignettes

Check Details

Version: 1.0.3
Check: running R code from vignettes
Result: ERROR
    Errors in running code in vignettes:
    when running code in ‘metaRNASeq.Rnw’
     ...
    
    > if (requireNamespace("DESeq2", quietly = TRUE)) {
    + dds1 <- DESeq2::DESeqDataSetFromMatrix(countData = simstudy1$study,
    + colData = sim .... [TRUNCATED]
    
    > rawpval <- list(pval1 = res1[["pvalue"]], pval2 = res2[["pvalue"]])
    
     When sourcing ‘metaRNASeq.R’:
    Error: object 'res1' not found
    Execution halted
    
     ‘metaRNASeq.Rnw’... failed
Flavor: r-oldrel-macos-x86_64

Version: 1.0.3
Check: re-building of vignette outputs
Result: NOTE
    Error(s) in re-building vignettes:
     ...
    --- re-building ‘metaRNASeq.Rnw’ using Sweave
    
    Error: processing vignette 'metaRNASeq.Rnw' failed with diagnostics:
     chunk 6 (label = storepvalandFC)
    Error in eval(expr, .GlobalEnv) : object 'res1' not found
    
    --- failed re-building ‘metaRNASeq.Rnw’
    
    SUMMARY: processing the following file failed:
     ‘metaRNASeq.Rnw’
    
    Error: Vignette re-building failed.
    Execution halted
Flavor: r-oldrel-macos-x86_64