CRAN Package Check Results for Package metaRNASeq

Last updated on 2022-05-29 02:49:03 CEST.

Flavor Version Tinstall Tcheck Ttotal Status Flags
r-devel-linux-x86_64-debian-clang 1.0.7 1.72 113.52 115.24 OK
r-devel-linux-x86_64-debian-gcc 1.0.7 1.92 79.19 81.11 OK
r-devel-linux-x86_64-fedora-clang 1.0.7 153.13 OK
r-devel-linux-x86_64-fedora-gcc 1.0.7 125.87 OK
r-devel-windows-x86_64 1.0.7 16.00 54.00 70.00 OK --no-vignettes
r-patched-linux-x86_64 1.0.7 2.26 103.57 105.83 OK
r-release-linux-x86_64 1.0.7 1.54 103.61 105.15 OK
r-release-macos-arm64 1.0.7 26.00 NOTE
r-release-macos-x86_64 1.0.7 80.00 OK
r-release-windows-x86_64 1.0.7 34.00 54.00 88.00 OK --no-vignettes
r-oldrel-macos-arm64 1.0.7 67.00 OK
r-oldrel-macos-x86_64 1.0.7 85.00 OK
r-oldrel-windows-ix86+x86_64 1.0.7 8.00 47.00 55.00 OK --no-vignettes

Check Details

Version: 1.0.7
Check: package dependencies
Result: NOTE
    Package suggested but not available for checking: ‘DESeq2’
Flavor: r-release-macos-arm64