CRAN Package Check Results for Package metacom

Last updated on 2014-04-24 09:49:04.

Flavor Version Tinstall Tcheck Ttotal Status Flags
r-devel-linux-x86_64-debian-clang 1.3 0.91 20.45 21.36 OK
r-devel-linux-x86_64-debian-gcc 1.3 0.88 20.62 21.50 OK
r-devel-linux-x86_64-fedora-clang 1.3 43.50 OK
r-devel-linux-x86_64-fedora-gcc 1.3 41.75 OK
r-devel-osx-x86_64-clang 1.3 37.55 OK
r-devel-osx-x86_64-gcc 1.3 ERROR
r-devel-windows-ix86+x86_64 1.3 3.00 33.00 36.00 OK
r-patched-linux-x86_64 1.3 0.99 20.16 21.15 OK
r-patched-solaris-sparc 1.3 242.80 OK
r-patched-solaris-x86 1.3 55.20 OK
r-release-linux-ix86 1.3 1.00 37.00 38.00 OK
r-release-linux-x86_64 1.3 0.90 20.22 21.12 OK
r-release-osx-x86_64-mavericks 1.3 WARN
r-release-osx-x86_64-snowleopard 1.3 OK
r-release-windows-ix86+x86_64 1.3 3.00 35.00 38.00 OK
r-oldrel-windows-ix86+x86_64 1.3 4.00 35.00 39.00 OK

Check Details

Version: 1.3
Check: package dependencies
Result: ERROR
    Package required but not available: ‘vegan’
    
    See the information on DESCRIPTION files in the chapter ‘Creating R
    packages’ of the ‘Writing R Extensions’ manual.
Flavor: r-devel-osx-x86_64-gcc

Version: 1.3
Check: PDF version of manual
Result: WARNING
    LaTeX errors when creating PDF version.
    This typically indicates Rd problems.
    LaTeX errors found:
    ! LaTeX Error: File `upquote.sty' not found.
    
    Type X to quit or <RETURN> to proceed,
    or enter new name. (Default extension: sty)
    
    49a4051f/Rd2.tex:8: ==> Fatal error occurred, no output PDF file produced!
Flavor: r-release-osx-x86_64-mavericks