CRAN Package Check Results for Package metacom

Last updated on 2015-03-31 10:57:31.

Flavor Version Tinstall Tcheck Ttotal Status Flags
r-devel-linux-x86_64-debian-clang 1.4.2 2.80 36.52 39.32 NOTE
r-devel-linux-x86_64-debian-gcc 1.4.2 2.68 34.82 37.49 NOTE
r-devel-linux-x86_64-fedora-clang 1.4.2 81.23 NOTE
r-devel-linux-x86_64-fedora-gcc 1.4.2 84.96 NOTE
r-devel-osx-x86_64-clang 1.4.2 74.76 NOTE
r-prerel-windows-ix86+x86_64 1.4.2 8.00 53.00 61.00 NOTE
r-prerel-linux-x86_64 1.4.2 2.72 35.12 37.84 NOTE
r-prerel-solaris-sparc 1.4.2 467.30 NOTE
r-prerel-solaris-x86 1.4.2 100.40 NOTE
r-release-linux-x86_64 1.4.2 3.77 45.07 48.84 OK
r-release-osx-x86_64-mavericks 1.4.2 OK
r-release-osx-x86_64-snowleopard 1.4.2 OK
r-release-windows-ix86+x86_64 1.4.2 9.00 69.00 78.00 OK
r-oldrel-windows-ix86+x86_64 1.4.2 14.00 63.00 77.00 OK

Check Details

Version: 1.4.2
Check: DESCRIPTION meta-information
Result: NOTE
    Malformed Description field: should contain one or more complete sentences.
Flavors: r-devel-linux-x86_64-debian-clang, r-devel-linux-x86_64-debian-gcc, r-devel-linux-x86_64-fedora-clang, r-devel-linux-x86_64-fedora-gcc, r-devel-osx-x86_64-clang, r-prerel-windows-ix86+x86_64, r-prerel-linux-x86_64, r-prerel-solaris-sparc, r-prerel-solaris-x86