CRAN Package Check Results for Package metacom

Last updated on 2015-05-25 11:48:27.

Flavor Version Tinstall Tcheck Ttotal Status Flags
r-devel-linux-x86_64-debian-clang 1.4.3 3.67 45.92 49.58 OK
r-devel-linux-x86_64-debian-gcc 1.4.3 4.59 44.15 48.74 OK
r-devel-linux-x86_64-fedora-clang 1.4.3 103.01 OK
r-devel-linux-x86_64-fedora-gcc 1.4.3 95.77 OK
r-devel-osx-x86_64-clang 1.4.3 85.13 OK
r-devel-windows-ix86+x86_64 1.4.3 9.00 62.00 71.00 OK
r-patched-linux-x86_64 1.4.3 3.70 44.60 48.31 OK
r-patched-solaris-sparc 1.4.3 606.70 OK
r-patched-solaris-x86 1.4.3 134.30 OK
r-release-linux-x86_64 1.4.3 3.52 45.44 48.96 OK
r-release-osx-x86_64-mavericks 1.4.3 OK
r-release-osx-x86_64-snowleopard 1.4.3 ERROR
r-release-windows-ix86+x86_64 1.4.3 10.00 65.00 75.00 OK
r-oldrel-windows-ix86+x86_64 1.4.3 16.00 83.00 99.00 ERROR

Check Details

Version: 1.4.3
Check: package dependencies
Result: ERROR
    Packages required but not available: ‘devtools’ ‘vegan’
    
    See section ‘The DESCRIPTION file’ in the ‘Writing R Extensions’
    manual.
Flavor: r-release-osx-x86_64-snowleopard

Version: 1.4.3
Check: examples
Result: ERROR
    Running examples in 'metacom-Ex.R' failed
    The error most likely occurred in:
    
    > ### Name: BoundaryClump
    > ### Title: Determines Boundary Clumping
    > ### Aliases: BoundaryClump
    >
    > ### ** Examples
    >
    >
    > ## define an interaction matrix
    > data(TestMatrices)
    > intmat=TestMatrices[[4]]
    >
    > ## analysis of boundary clumping
    > bound.test=BoundaryClump(intmat, order=TRUE, scores=1, binary=TRUE)
    Error in if (s2$eig < ZEROEIG) s2$x[] <- s2$y[] <- s2$eig <- 0 :
     missing value where TRUE/FALSE needed
    Calls: BoundaryClump -> OrderMatrix -> decorana
    Execution halted
Flavor: r-oldrel-windows-ix86+x86_64