CRAN Package Check Results for Package metacom

Last updated on 2015-07-28 19:48:00.

Flavor Version Tinstall Tcheck Ttotal Status Flags
r-devel-linux-x86_64-debian-clang 1.4.3 3.18 44.98 48.16 NOTE
r-devel-linux-x86_64-debian-gcc 1.4.3 3.07 41.17 44.24 NOTE
r-devel-linux-x86_64-fedora-clang 1.4.3 96.53 NOTE
r-devel-linux-x86_64-fedora-gcc 1.4.3 96.32 NOTE
r-devel-osx-x86_64-clang 1.4.3 74.15 OK
r-devel-windows-ix86+x86_64 1.4.3 10.00 63.00 73.00 NOTE
r-patched-linux-x86_64 1.4.3 3.38 41.14 44.52 OK
r-patched-solaris-sparc 1.4.3 575.40 OK
r-patched-solaris-x86 1.4.3 127.80 OK
r-release-linux-x86_64 1.4.3 3.35 41.23 44.58 OK
r-release-osx-x86_64-mavericks 1.4.3 OK
r-release-windows-ix86+x86_64 1.4.3 12.00 58.00 70.00 OK
r-oldrel-windows-ix86+x86_64 1.4.3 17.00 90.00 107.00 OK

Check Details

Version: 1.4.3
Check: R code for possible problems
Result: NOTE
    BoundaryClump: no visible global function definition for ‘pchisq’
    Coherence: no visible global function definition for ‘sd’
    Coherence: no visible global function definition for ‘pnorm’
    Imagine: no visible global function definition for ‘par’
    Imagine: no visible global function definition for ‘image’
    Imagine: no visible global function definition for ‘box’
    Imagine: no visible global function definition for ‘axis’
    Imagine: no visible global function definition for ‘mtext’
    MetaImportance: no visible global function definition for
     ‘txtProgressBar’
    MetaImportance: no visible global function definition for ‘sd’
    MetaImportance: no visible global function definition for
     ‘setTxtProgressBar’
    Metacommunity: no visible global function definition for ‘sd’
    Metacommunity: no visible global function definition for ‘pnorm’
    Modularity: no visible global function definition for ‘sd’
    Modularity: no visible global function definition for ‘pnorm’
    NullMaker: no visible global function definition for ‘txtProgressBar’
    NullMaker: no visible global function definition for ‘simulate’
    NullMaker: no visible global function definition for
     ‘setTxtProgressBar’
    Turnover: no visible global function definition for ‘sd’
    Turnover: no visible global function definition for ‘pnorm’
    Undefined global functions or variables:
     axis box image mtext par pchisq pnorm sd setTxtProgressBar simulate
     txtProgressBar
    Consider adding
     importFrom("graphics", "axis", "box", "image", "mtext", "par")
     importFrom("stats", "pchisq", "pnorm", "sd", "simulate")
     importFrom("utils", "setTxtProgressBar", "txtProgressBar")
    to your NAMESPACE.
Flavors: r-devel-linux-x86_64-debian-clang, r-devel-linux-x86_64-debian-gcc, r-devel-linux-x86_64-fedora-clang, r-devel-linux-x86_64-fedora-gcc, r-devel-windows-ix86+x86_64