CRAN Package Check Results for Package metacor

Last updated on 2015-05-22 23:48:03.

Flavor Version Tinstall Tcheck Ttotal Status Flags
r-devel-linux-x86_64-debian-clang 1.0-2 0.65 10.09 10.74 NOTE
r-devel-linux-x86_64-debian-gcc 1.0-2 0.60 9.15 9.75 NOTE
r-devel-linux-x86_64-fedora-clang 1.0-2 19.98 NOTE
r-devel-linux-x86_64-fedora-gcc 1.0-2 17.99 NOTE
r-devel-osx-x86_64-clang 1.0-2 23.33 NOTE
r-devel-windows-ix86+x86_64 1.0-2 4.00 17.00 21.00 NOTE
r-patched-linux-x86_64 1.0-2 0.60 10.34 10.94 NOTE
r-patched-solaris-sparc 1.0-2 129.70 NOTE
r-patched-solaris-x86 1.0-2 29.50 NOTE
r-release-linux-x86_64 1.0-2 0.64 9.46 10.09 NOTE
r-release-osx-x86_64-mavericks 1.0-2 NOTE
r-release-osx-x86_64-snowleopard 1.0-2 NOTE
r-release-windows-ix86+x86_64 1.0-2 2.00 19.00 21.00 NOTE
r-oldrel-windows-ix86+x86_64 1.0-2 5.00 20.00 25.00 NOTE

Check Details

Version: 1.0-2
Check: dependencies in R code
Result: NOTE
    Packages in Depends field not imported from:
     ‘gsl’ ‘rmeta’
     These packages need to be imported from (in the NAMESPACE file)
     for when this namespace is loaded but not attached.
Flavors: r-devel-linux-x86_64-debian-clang, r-devel-linux-x86_64-debian-gcc, r-devel-linux-x86_64-fedora-clang, r-devel-linux-x86_64-fedora-gcc, r-devel-osx-x86_64-clang, r-devel-windows-ix86+x86_64, r-patched-linux-x86_64, r-patched-solaris-sparc, r-patched-solaris-x86, r-release-linux-x86_64, r-release-osx-x86_64-mavericks, r-release-osx-x86_64-snowleopard, r-release-windows-ix86+x86_64, r-oldrel-windows-ix86+x86_64

Version: 1.0-2
Check: R code for possible problems
Result: NOTE
    metacor.DSL: no visible global function definition for ‘metaplot’
    metacor.OP: no visible global function definition for ‘hyperg_2F1’
    metacor.OP: no visible global function definition for ‘metaplot’
Flavors: r-devel-linux-x86_64-debian-clang, r-devel-linux-x86_64-debian-gcc, r-devel-linux-x86_64-fedora-clang, r-devel-linux-x86_64-fedora-gcc, r-devel-osx-x86_64-clang, r-devel-windows-ix86+x86_64, r-patched-linux-x86_64, r-patched-solaris-sparc, r-patched-solaris-x86, r-release-linux-x86_64, r-release-osx-x86_64-mavericks, r-release-osx-x86_64-snowleopard, r-release-windows-ix86+x86_64, r-oldrel-windows-ix86+x86_64