CRAN Package Check Results for Package metacor

Last updated on 2017-08-18 04:46:48.

Flavor Version Tinstall Tcheck Ttotal Status Flags
r-devel-linux-x86_64-debian-clang 1.0-2 0.61 11.79 12.40 NOTE
r-devel-linux-x86_64-debian-gcc 1.0-2 0.64 11.68 12.32 NOTE
r-devel-linux-x86_64-fedora-clang 1.0-2 20.08 NOTE
r-devel-linux-x86_64-fedora-gcc 1.0-2 19.39 NOTE
r-devel-windows-ix86+x86_64 1.0-2 4.00 26.00 30.00 NOTE
r-patched-linux-x86_64 1.0-2 0.64 11.81 12.46 NOTE
r-patched-solaris-x86 1.0-2 29.40 NOTE
r-release-linux-x86_64 1.0-2 0.66 11.77 12.43 NOTE
r-release-windows-ix86+x86_64 1.0-2 3.00 32.00 35.00 NOTE
r-release-osx-x86_64 1.0-2 NOTE
r-oldrel-windows-ix86+x86_64 1.0-2 3.00 24.00 27.00 NOTE
r-oldrel-osx-x86_64 1.0-2 NOTE

Check Details

Version: 1.0-2
Check: dependencies in R code
Result: NOTE
    Packages in Depends field not imported from:
     ‘gsl’ ‘rmeta’
     These packages need to be imported from (in the NAMESPACE file)
     for when this namespace is loaded but not attached.
Flavors: r-devel-linux-x86_64-debian-clang, r-devel-linux-x86_64-debian-gcc, r-devel-linux-x86_64-fedora-clang, r-devel-linux-x86_64-fedora-gcc, r-devel-windows-ix86+x86_64, r-patched-linux-x86_64, r-patched-solaris-x86, r-release-linux-x86_64, r-release-windows-ix86+x86_64, r-release-osx-x86_64, r-oldrel-windows-ix86+x86_64, r-oldrel-osx-x86_64

Version: 1.0-2
Check: R code for possible problems
Result: NOTE
    metacor.DSL: no visible global function definition for ‘qnorm’
    metacor.DSL: no visible global function definition for ‘pnorm’
    metacor.DSL: no visible global function definition for ‘metaplot’
    metacor.OP: no visible global function definition for ‘hyperg_2F1’
    metacor.OP: no visible global function definition for ‘qnorm’
    metacor.OP: no visible global function definition for ‘pnorm’
    metacor.OP: no visible global function definition for ‘metaplot’
    Undefined global functions or variables:
     hyperg_2F1 metaplot pnorm qnorm
    Consider adding
     importFrom("stats", "pnorm", "qnorm")
    to your NAMESPACE file.
Flavors: r-devel-linux-x86_64-debian-clang, r-devel-linux-x86_64-debian-gcc, r-devel-linux-x86_64-fedora-clang, r-devel-linux-x86_64-fedora-gcc, r-devel-windows-ix86+x86_64, r-patched-linux-x86_64, r-patched-solaris-x86, r-release-linux-x86_64, r-release-windows-ix86+x86_64, r-release-osx-x86_64, r-oldrel-windows-ix86+x86_64, r-oldrel-osx-x86_64