CRAN Package Check Results for Package metacor

Last updated on 2017-01-20 03:47:30.

Flavor Version Tinstall Tcheck Ttotal Status Flags
r-devel-linux-x86_64-debian-clang 1.0-2 0.68 11.68 12.36 NOTE
r-devel-linux-x86_64-debian-gcc 1.0-2 0.70 11.84 12.54 NOTE
r-devel-linux-x86_64-fedora-clang 1.0-2 19.74 NOTE --no-stop-on-test-error
r-devel-linux-x86_64-fedora-gcc 1.0-2 18.56 NOTE --no-stop-on-test-error
r-devel-macos-x86_64-clang 1.0-2 18.04 NOTE --no-stop-on-test-error
r-devel-windows-ix86+x86_64 1.0-2 5.00 29.00 34.00 NOTE
r-patched-linux-x86_64 1.0-2 0.63 10.94 11.57 NOTE
r-patched-solaris-sparc 1.0-2 111.10 NOTE
r-patched-solaris-x86 1.0-2 25.30 NOTE
r-release-linux-x86_64 1.0-2 0.58 10.02 10.59 NOTE
r-release-osx-x86_64-mavericks 1.0-2 NOTE
r-release-windows-ix86+x86_64 1.0-2 3.00 24.00 27.00 NOTE
r-oldrel-windows-ix86+x86_64 1.0-2 5.00 30.00 35.00 NOTE

Check Details

Version: 1.0-2
Check: dependencies in R code
Result: NOTE
    Packages in Depends field not imported from:
     ‘gsl’ ‘rmeta’
     These packages need to be imported from (in the NAMESPACE file)
     for when this namespace is loaded but not attached.
Flavors: r-devel-linux-x86_64-debian-clang, r-devel-linux-x86_64-debian-gcc, r-devel-windows-ix86+x86_64, r-patched-linux-x86_64, r-patched-solaris-sparc, r-patched-solaris-x86, r-release-linux-x86_64, r-release-osx-x86_64-mavericks, r-release-windows-ix86+x86_64, r-oldrel-windows-ix86+x86_64

Version: 1.0-2
Check: R code for possible problems
Result: NOTE
    metacor.DSL: no visible global function definition for ‘qnorm’
    metacor.DSL: no visible global function definition for ‘pnorm’
    metacor.DSL: no visible global function definition for ‘metaplot’
    metacor.OP: no visible global function definition for ‘hyperg_2F1’
    metacor.OP: no visible global function definition for ‘qnorm’
    metacor.OP: no visible global function definition for ‘pnorm’
    metacor.OP: no visible global function definition for ‘metaplot’
    Undefined global functions or variables:
     hyperg_2F1 metaplot pnorm qnorm
    Consider adding
     importFrom("stats", "pnorm", "qnorm")
    to your NAMESPACE file.
Flavors: r-devel-linux-x86_64-debian-clang, r-devel-linux-x86_64-debian-gcc, r-devel-windows-ix86+x86_64, r-patched-linux-x86_64, r-patched-solaris-sparc, r-patched-solaris-x86, r-release-linux-x86_64, r-release-osx-x86_64-mavericks, r-release-windows-ix86+x86_64

Version: 1.0-2
Flags: --no-stop-on-test-error
Check: dependencies in R code
Result: NOTE
    Packages in Depends field not imported from:
     ‘gsl’ ‘rmeta’
     These packages need to be imported from (in the NAMESPACE file)
     for when this namespace is loaded but not attached.
Flavors: r-devel-linux-x86_64-fedora-clang, r-devel-linux-x86_64-fedora-gcc, r-devel-macos-x86_64-clang

Version: 1.0-2
Flags: --no-stop-on-test-error
Check: R code for possible problems
Result: NOTE
    metacor.DSL: no visible global function definition for ‘qnorm’
    metacor.DSL: no visible global function definition for ‘pnorm’
    metacor.DSL: no visible global function definition for ‘metaplot’
    metacor.OP: no visible global function definition for ‘hyperg_2F1’
    metacor.OP: no visible global function definition for ‘qnorm’
    metacor.OP: no visible global function definition for ‘pnorm’
    metacor.OP: no visible global function definition for ‘metaplot’
    Undefined global functions or variables:
     hyperg_2F1 metaplot pnorm qnorm
    Consider adding
     importFrom("stats", "pnorm", "qnorm")
    to your NAMESPACE file.
Flavors: r-devel-linux-x86_64-fedora-clang, r-devel-linux-x86_64-fedora-gcc, r-devel-macos-x86_64-clang

Version: 1.0-2
Check: R code for possible problems
Result: NOTE
    metacor.DSL: no visible global function definition for 'metaplot'
    metacor.OP: no visible global function definition for 'hyperg_2F1'
    metacor.OP: no visible global function definition for 'metaplot'
Flavor: r-oldrel-windows-ix86+x86_64