CRAN Package Check Results for Package metafolio

Last updated on 2017-01-22 23:48:30.

Flavor Version Tinstall Tcheck Ttotal Status Flags
r-devel-linux-x86_64-debian-clang 0.1.0 13.66 28.30 41.96 NOTE
r-devel-linux-x86_64-debian-gcc 0.1.0 15.39 28.57 43.97 NOTE
r-devel-linux-x86_64-fedora-clang 0.1.0 81.55 NOTE --no-stop-on-test-error
r-devel-linux-x86_64-fedora-gcc 0.1.0 80.39 NOTE --no-stop-on-test-error
r-devel-macos-x86_64-clang 0.1.0 59.53 NOTE --no-stop-on-test-error
r-devel-windows-ix86+x86_64 0.1.0 44.00 67.00 111.00 NOTE
r-patched-linux-x86_64 0.1.0 12.40 25.74 38.14 NOTE
r-patched-solaris-sparc 0.1.0 405.80 NOTE
r-patched-solaris-x86 0.1.0 79.20 NOTE
r-release-linux-x86_64 0.1.0 12.38 27.23 39.61 NOTE
r-release-osx-x86_64-mavericks 0.1.0 NOTE
r-release-windows-ix86+x86_64 0.1.0 93.00 72.00 165.00 NOTE
r-oldrel-windows-ix86+x86_64 0.1.0 84.00 125.00 209.00 OK

Check Details

Version: 0.1.0
Check: R code for possible problems
Result: NOTE
    VaR: no visible global function definition for ‘quantile’
    add_dens_polygon: no visible global function definition for ‘na.omit’
    add_dens_polygon: no visible global function definition for ‘polygon’
    add_dens_polygon: no visible global function definition for ‘points’
    annotate: no visible global function definition for ‘par’
    annotate: no visible global function definition for ‘text’
    create_asset_weights: no visible global function definition for ‘runif’
    custom_bw: no visible global function definition for ‘quantile’
    custom_bw: no visible global function definition for ‘var’
    get_conserv_plans_mv: no visible binding for global variable ‘var’
    get_efficient_frontier: no visible global function definition for
     ‘chull’
    get_port_vals: no visible binding for global variable ‘var’
    get_quantile_contour: no visible global function definition for
     ‘contourLines’
    gg_color_hue: no visible global function definition for ‘hcl’
    meta_sim: no visible global function definition for ‘runif’
    meta_sim: no visible global function definition for ‘rnorm’
    monte_carlo_portfolios: no visible global function definition for ‘var’
    my.axis: no visible global function definition for ‘rect’
    my.axis: no visible global function definition for ‘axis’
    my.axis: no visible global function definition for ‘axTicks’
    my.axis: no visible global function definition for ‘par’
    my.axis: no visible global function definition for ‘mtext’
    optim_thermal: no visible global function definition for ‘optimize’
    plot_cons_plans : <anonymous>: no visible global function definition
     for ‘na.omit’
    plot_cons_plans: no visible global function definition for
     ‘plot.default’
    plot_cons_plans: no visible global function definition for ‘box’
    plot_cons_plans: no visible global function definition for ‘axis’
    plot_cons_plans: no visible global function definition for ‘axTicks’
    plot_cons_plans: no visible global function definition for ‘legend’
    plot_correlation_between_returns: no visible global function definition
     for ‘par’
    plot_correlation_between_returns: no visible global function definition
     for ‘plot’
    plot_correlation_between_returns: no visible global function definition
     for ‘box’
    plot_correlation_between_returns: no visible global function definition
     for ‘mtext’
    plot_efficient_portfolios: no visible global function definition for
     ‘par’
    plot_efficient_portfolios: no visible global function definition for
     ‘barplot’
    plot_panel_lines: no visible global function definition for ‘matplot’
    plot_panel_lines: no visible global function definition for ‘box’
    plot_rickers: no visible global function definition for ‘par’
    plot_rickers: no visible global function definition for ‘plot’
    plot_rickers: no visible global function definition for ‘box’
    plot_rickers: no visible global function definition for ‘axis’
    plot_rickers: no visible global function definition for ‘lines’
    plot_rickers: no visible global function definition for ‘rect’
    plot_rickers: no visible global function definition for ‘mtext’
    plot_sim_ts: no visible global function definition for ‘par’
    plot_sim_ts: no visible global function definition for ‘plot’
    plot_sim_ts: no visible global function definition for ‘box’
    plot_sim_ts: no visible global function definition for ‘abline’
    plot_sim_ts: no visible global function definition for ‘axis’
    plot_sim_ts: no visible global function definition for ‘mtext’
    plot_sp_A_ts: no visible global function definition for ‘plot’
    plot_sp_A_ts: no visible global function definition for ‘par’
    plot_sp_A_ts: no visible global function definition for ‘text’
    plot_sp_A_ts: no visible global function definition for ‘axis’
    plot_sp_A_ts: no visible global function definition for ‘axTicks’
    plot_sp_A_ts: no visible global function definition for ‘lines’
    plot_sp_A_ts: no visible global function definition for ‘lm’
    plot_sp_A_ts: no visible global function definition for ‘abline’
    plot_sp_A_ts: no visible global function definition for ‘box’
    run_cons_plans: no visible binding for global variable ‘var’
    thermal_area: no visible global function definition for ‘uniroot’
    thermal_area: no visible global function definition for ‘integrate’
    Undefined global functions or variables:
     abline axTicks axis barplot box chull contourLines hcl integrate
     legend lines lm matplot mtext na.omit optimize par plot plot.default
     points polygon quantile rect rnorm runif text uniroot var
    Consider adding
     importFrom("grDevices", "chull", "contourLines", "hcl")
     importFrom("graphics", "abline", "axTicks", "axis", "barplot", "box",
     "legend", "lines", "matplot", "mtext", "par", "plot",
     "plot.default", "points", "polygon", "rect", "text")
     importFrom("stats", "integrate", "lm", "na.omit", "optimize",
     "quantile", "rnorm", "runif", "uniroot", "var")
    to your NAMESPACE file.
Flavors: r-devel-linux-x86_64-debian-clang, r-devel-linux-x86_64-debian-gcc, r-devel-windows-ix86+x86_64, r-patched-linux-x86_64, r-patched-solaris-sparc, r-patched-solaris-x86, r-release-linux-x86_64, r-release-osx-x86_64-mavericks, r-release-windows-ix86+x86_64

Version: 0.1.0
Flags: --no-stop-on-test-error
Check: R code for possible problems
Result: NOTE
    VaR: no visible global function definition for ‘quantile’
    add_dens_polygon: no visible global function definition for ‘na.omit’
    add_dens_polygon: no visible global function definition for ‘polygon’
    add_dens_polygon: no visible global function definition for ‘points’
    annotate: no visible global function definition for ‘par’
    annotate: no visible global function definition for ‘text’
    create_asset_weights: no visible global function definition for ‘runif’
    custom_bw: no visible global function definition for ‘quantile’
    custom_bw: no visible global function definition for ‘var’
    get_conserv_plans_mv: no visible binding for global variable ‘var’
    get_efficient_frontier: no visible global function definition for
     ‘chull’
    get_port_vals: no visible binding for global variable ‘var’
    get_quantile_contour: no visible global function definition for
     ‘contourLines’
    gg_color_hue: no visible global function definition for ‘hcl’
    meta_sim: no visible global function definition for ‘runif’
    meta_sim: no visible global function definition for ‘rnorm’
    monte_carlo_portfolios: no visible global function definition for ‘var’
    my.axis: no visible global function definition for ‘rect’
    my.axis: no visible global function definition for ‘axis’
    my.axis: no visible global function definition for ‘axTicks’
    my.axis: no visible global function definition for ‘par’
    my.axis: no visible global function definition for ‘mtext’
    optim_thermal: no visible global function definition for ‘optimize’
    plot_cons_plans : <anonymous>: no visible global function definition
     for ‘na.omit’
    plot_cons_plans: no visible global function definition for
     ‘plot.default’
    plot_cons_plans: no visible global function definition for ‘box’
    plot_cons_plans: no visible global function definition for ‘axis’
    plot_cons_plans: no visible global function definition for ‘axTicks’
    plot_cons_plans: no visible global function definition for ‘legend’
    plot_correlation_between_returns: no visible global function definition
     for ‘par’
    plot_correlation_between_returns: no visible global function definition
     for ‘plot’
    plot_correlation_between_returns: no visible global function definition
     for ‘box’
    plot_correlation_between_returns: no visible global function definition
     for ‘mtext’
    plot_efficient_portfolios: no visible global function definition for
     ‘par’
    plot_efficient_portfolios: no visible global function definition for
     ‘barplot’
    plot_panel_lines: no visible global function definition for ‘matplot’
    plot_panel_lines: no visible global function definition for ‘box’
    plot_rickers: no visible global function definition for ‘par’
    plot_rickers: no visible global function definition for ‘plot’
    plot_rickers: no visible global function definition for ‘box’
    plot_rickers: no visible global function definition for ‘axis’
    plot_rickers: no visible global function definition for ‘lines’
    plot_rickers: no visible global function definition for ‘rect’
    plot_rickers: no visible global function definition for ‘mtext’
    plot_sim_ts: no visible global function definition for ‘par’
    plot_sim_ts: no visible global function definition for ‘plot’
    plot_sim_ts: no visible global function definition for ‘box’
    plot_sim_ts: no visible global function definition for ‘abline’
    plot_sim_ts: no visible global function definition for ‘axis’
    plot_sim_ts: no visible global function definition for ‘mtext’
    plot_sp_A_ts: no visible global function definition for ‘plot’
    plot_sp_A_ts: no visible global function definition for ‘par’
    plot_sp_A_ts: no visible global function definition for ‘text’
    plot_sp_A_ts: no visible global function definition for ‘axis’
    plot_sp_A_ts: no visible global function definition for ‘axTicks’
    plot_sp_A_ts: no visible global function definition for ‘lines’
    plot_sp_A_ts: no visible global function definition for ‘lm’
    plot_sp_A_ts: no visible global function definition for ‘abline’
    plot_sp_A_ts: no visible global function definition for ‘box’
    run_cons_plans: no visible binding for global variable ‘var’
    thermal_area: no visible global function definition for ‘uniroot’
    thermal_area: no visible global function definition for ‘integrate’
    Undefined global functions or variables:
     abline axTicks axis barplot box chull contourLines hcl integrate
     legend lines lm matplot mtext na.omit optimize par plot plot.default
     points polygon quantile rect rnorm runif text uniroot var
    Consider adding
     importFrom("grDevices", "chull", "contourLines", "hcl")
     importFrom("graphics", "abline", "axTicks", "axis", "barplot", "box",
     "legend", "lines", "matplot", "mtext", "par", "plot",
     "plot.default", "points", "polygon", "rect", "text")
     importFrom("stats", "integrate", "lm", "na.omit", "optimize",
     "quantile", "rnorm", "runif", "uniroot", "var")
    to your NAMESPACE file.
Flavors: r-devel-linux-x86_64-fedora-clang, r-devel-linux-x86_64-fedora-gcc, r-devel-macos-x86_64-clang