CRAN Package Check Results for Package metafor

Last updated on 2016-09-25 20:47:23.

Flavor Version Tinstall Tcheck Ttotal Status Flags
r-devel-linux-x86_64-debian-clang 1.9-8 17.37 114.64 132.00 ERROR
r-devel-linux-x86_64-debian-gcc 1.9-8 18.43 114.26 132.69 ERROR
r-devel-linux-x86_64-fedora-clang 1.9-9 309.13 OK
r-devel-linux-x86_64-fedora-gcc 1.9-9 306.13 OK
r-devel-macos-x86_64-clang 1.9-9 174.33 OK
r-devel-windows-ix86+x86_64 1.9-8 46.00 234.00 280.00 ERROR
r-patched-linux-x86_64 1.9-8 17.31 113.62 130.93 ERROR
r-patched-solaris-sparc 1.9-9 1791.40 OK
r-patched-solaris-x86 1.9-9 306.40 OK
r-release-linux-x86_64 1.9-8 17.31 117.99 135.29 ERROR
r-release-osx-x86_64-mavericks 1.9-8 OK
r-release-windows-ix86+x86_64 1.9-8 34.00 168.00 202.00 ERROR
r-oldrel-windows-ix86+x86_64 1.9-9 55.00 312.00 367.00 OK

Check Details

Version: 1.9-8
Check: tests
Result: ERROR
    Running the tests in ‘tests/test-all.R’ failed.
    Last 13 lines of output:
     1: confint(res) at testthat/test_confint.r:25
     2: confint.rma.uni(res)
    
     2. Error: confint() gives correct results for example 2 in Jackson et al. (2014). (@test_confint.r#65)
     argument is of length zero
     1: confint(res) at testthat/test_confint.r:65
     2: confint.rma.uni(res)
    
     testthat results ================================================================
     OK: 603 SKIPPED: 12 FAILED: 2
     1. Error: confint() gives correct results for example 1 in Jackson et al. (2014). (@test_confint.r#25)
     2. Error: confint() gives correct results for example 2 in Jackson et al. (2014). (@test_confint.r#65)
    
     Error: testthat unit tests failed
     Execution halted
Flavors: r-devel-linux-x86_64-debian-clang, r-devel-linux-x86_64-debian-gcc, r-devel-windows-ix86+x86_64

Version: 1.9-8
Check: tests
Result: ERROR
    Running the tests in ‘tests/test-all.R’ failed.
    Last 13 lines of output:
    
     2. Error: confint() gives correct results for example 2 in Jackson et al. (2014). (@test_confint.r#65)
     argument is of length zero
     1: confint(res) at testthat/test_confint.r:65
     2: confint.rma.uni(res)
    
     testthat results ================================================================
     OK: 602 SKIPPED: 12 FAILED: 2
     1. Error: confint() gives correct results for example 1 in Jackson et al. (2014). (@test_confint.r#25)
     2. Error: confint() gives correct results for example 2 in Jackson et al. (2014). (@test_confint.r#65)
    
     Error: testthat unit tests failed
     Execution halted
Flavors: r-patched-linux-x86_64, r-release-linux-x86_64, r-release-windows-ix86+x86_64