CRAN Package Check Results for Package metafor

Last updated on 2017-06-23 21:48:08.

Flavor Version Tinstall Tcheck Ttotal Status Flags
r-devel-linux-x86_64-debian-clang 1.9-9 21.77 157.18 178.95 ERROR
r-devel-linux-x86_64-debian-gcc 1.9-9 23.32 154.08 177.40 ERROR
r-devel-linux-x86_64-fedora-clang 2.0-0 365.31 OK
r-devel-linux-x86_64-fedora-gcc 2.0-0 358.63 OK
r-devel-windows-ix86+x86_64 1.9-9 47.00 241.00 288.00 ERROR
r-patched-linux-x86_64 2.0-0 22.81 155.48 178.29 OK
r-patched-solaris-sparc 1.9-9 1940.20 OK
r-patched-solaris-x86 2.0-0 354.80 OK
r-release-linux-x86_64 1.9-9 23.82 148.52 172.35 OK
r-release-windows-ix86+x86_64 2.0-0 43.00 264.00 307.00 OK
r-release-osx-x86_64 1.9-9 ERROR
r-oldrel-windows-ix86+x86_64 1.9-9 52.00 272.00 324.00 OK
r-oldrel-osx-x86_64 2.0-0 OK

Additional issues

noLD

Check Details

Version: 1.9-9
Check: tests
Result: ERROR
     Running ‘testthat.R’ [29s/30s]
    Running the tests in ‘tests/testthat.R’ failed.
    Complete output:
     > ### to also run skip_on_cran() tests, uncomment:
     > #Sys.setenv(NOT_CRAN="true")
     >
     > library(testthat)
     > library(metafor)
     Loading required package: Matrix
     Loading 'metafor' package (version 1.9-9). For an overview
     and introduction to the package please type: help(metafor).
     > test_check("metafor")
     1. Error: results are correct for the CLASP example. (@test_analysis_example_dersimonian2007.r#19)
     Error in iterative search for tau2. Try increasing 'tau2.max' or switch to another 'method'.
     1: rma(yi, vi, method = "PM", data = dat) at testthat/test_analysis_example_dersimonian2007.r:19
     2: stop("Error in iterative search for tau2. Try increasing 'tau2.max' or switch to another 'method'.")
    
     2. Error: confint() gives correct results for example 1 in Jackson et al. (2014). (@test_analysis_example_jackson2014.r#36)
     Error in iterative search for tau2. Try increasing 'tau2.max' or switch to another 'method'.
     1: rma(yi, vi, mods = ~xi, method = "PM", digits = 3) at testthat/test_analysis_example_jackson2014.r:36
     2: stop("Error in iterative search for tau2. Try increasing 'tau2.max' or switch to another 'method'.")
    
     3. Error: confint() gives correct results for example 2 in Jackson et al. (2014). (@test_analysis_example_jackson2014.r#76)
     Error in iterative search for tau2. Try increasing 'tau2.max' or switch to another 'method'.
     1: rma(yi, vi, mods = ~xi, method = "PM", digits = 3) at testthat/test_analysis_example_jackson2014.r:76
     2: stop("Error in iterative search for tau2. Try increasing 'tau2.max' or switch to another 'method'.")
    
     testthat results ================================================================
     OK: 777 SKIPPED: 30 FAILED: 3
     1. Error: results are correct for the CLASP example. (@test_analysis_example_dersimonian2007.r#19)
     2. Error: confint() gives correct results for example 1 in Jackson et al. (2014). (@test_analysis_example_jackson2014.r#36)
     3. Error: confint() gives correct results for example 2 in Jackson et al. (2014). (@test_analysis_example_jackson2014.r#76)
    
     Error: testthat unit tests failed
     Execution halted
Flavor: r-devel-linux-x86_64-debian-clang

Version: 1.9-9
Check: tests
Result: ERROR
     Running ‘testthat.R’ [29s/29s]
    Running the tests in ‘tests/testthat.R’ failed.
    Complete output:
     > ### to also run skip_on_cran() tests, uncomment:
     > #Sys.setenv(NOT_CRAN="true")
     >
     > library(testthat)
     > library(metafor)
     Loading required package: Matrix
     Loading 'metafor' package (version 1.9-9). For an overview
     and introduction to the package please type: help(metafor).
     > test_check("metafor")
     1. Error: results are correct for the CLASP example. (@test_analysis_example_dersimonian2007.r#19)
     Error in iterative search for tau2. Try increasing 'tau2.max' or switch to another 'method'.
     1: rma(yi, vi, method = "PM", data = dat) at testthat/test_analysis_example_dersimonian2007.r:19
     2: stop("Error in iterative search for tau2. Try increasing 'tau2.max' or switch to another 'method'.")
    
     2. Error: confint() gives correct results for example 1 in Jackson et al. (2014). (@test_analysis_example_jackson2014.r#36)
     Error in iterative search for tau2. Try increasing 'tau2.max' or switch to another 'method'.
     1: rma(yi, vi, mods = ~xi, method = "PM", digits = 3) at testthat/test_analysis_example_jackson2014.r:36
     2: stop("Error in iterative search for tau2. Try increasing 'tau2.max' or switch to another 'method'.")
    
     3. Error: confint() gives correct results for example 2 in Jackson et al. (2014). (@test_analysis_example_jackson2014.r#76)
     Error in iterative search for tau2. Try increasing 'tau2.max' or switch to another 'method'.
     1: rma(yi, vi, mods = ~xi, method = "PM", digits = 3) at testthat/test_analysis_example_jackson2014.r:76
     2: stop("Error in iterative search for tau2. Try increasing 'tau2.max' or switch to another 'method'.")
    
     testthat results ================================================================
     OK: 777 SKIPPED: 30 FAILED: 3
     1. Error: results are correct for the CLASP example. (@test_analysis_example_dersimonian2007.r#19)
     2. Error: confint() gives correct results for example 1 in Jackson et al. (2014). (@test_analysis_example_jackson2014.r#36)
     3. Error: confint() gives correct results for example 2 in Jackson et al. (2014). (@test_analysis_example_jackson2014.r#76)
    
     Error: testthat unit tests failed
     Execution halted
Flavor: r-devel-linux-x86_64-debian-gcc

Version: 1.9-9
Check: tests
Result: ERROR
     Running 'testthat.R' [59s]
    Running the tests in 'tests/testthat.R' failed.
    Last 13 lines of output:
     2: stop("Error in iterative search for tau2. Try increasing 'tau2.max' or switch to another 'method'.")
    
     3. Error: confint() gives correct results for example 2 in Jackson et al. (2014). (@test_analysis_example_jackson2014.r#76)
     Error in iterative search for tau2. Try increasing 'tau2.max' or switch to another 'method'.
     1: rma(yi, vi, mods = ~xi, method = "PM", digits = 3) at testthat/test_analysis_example_jackson2014.r:76
     2: stop("Error in iterative search for tau2. Try increasing 'tau2.max' or switch to another 'method'.")
    
     testthat results ================================================================
     OK: 777 SKIPPED: 30 FAILED: 3
     1. Error: results are correct for the CLASP example. (@test_analysis_example_dersimonian2007.r#19)
     2. Error: confint() gives correct results for example 1 in Jackson et al. (2014). (@test_analysis_example_jackson2014.r#36)
     3. Error: confint() gives correct results for example 2 in Jackson et al. (2014). (@test_analysis_example_jackson2014.r#76)
    
     Error: testthat unit tests failed
     Execution halted
Flavor: r-devel-windows-ix86+x86_64

Version: 1.9-9
Check: package dependencies
Result: NOTE
    Package suggested but not available for checking: ‘gsl’
Flavor: r-release-osx-x86_64

Version: 1.9-9
Check: tests
Result: ERROR
     Running ‘testthat.R’ [53s/87s]
    Running the tests in ‘tests/testthat.R’ failed.
    Last 13 lines of output:
     > test_check("metafor")
     1. Error: escalc() works correctly for measure='COR/UCOR/ZCOR' (@test_misc_escalc.r#127)
     Please install the 'gsl' package to use measure='UCOR'.
     1: escalc(measure = "UCOR", ri = ri, ni = ni, data = dat, subset = c(1, 13, 33, 102)) at testthat/test_misc_escalc.r:127
     2: escalc.default(measure = "UCOR", ri = ri, ni = ni, data = dat, subset = c(1, 13,
     33, 102))
     3: .Fcalc(1/2, 1/2, (ni - 2)/2, 1 - ri^2)
     4: stop("Please install the 'gsl' package to use measure='UCOR'.")
    
     testthat results ================================================================
     OK: 777 SKIPPED: 30 FAILED: 1
     1. Error: escalc() works correctly for measure='COR/UCOR/ZCOR' (@test_misc_escalc.r#127)
    
     Error: testthat unit tests failed
     Execution halted
Flavor: r-release-osx-x86_64