CRAN Package Check Results for Package metafor

Last updated on 2014-12-19 20:48:19.

Flavor Version Tinstall Tcheck Ttotal Status Flags
r-devel-linux-x86_64-debian-clang 1.9-5 17.25 113.10 130.35 OK
r-devel-linux-x86_64-debian-gcc 1.9-5 17.91 108.11 126.02 OK
r-devel-linux-x86_64-fedora-clang 1.9-5 288.57 OK
r-devel-linux-x86_64-fedora-gcc 1.9-5 259.15 OK
r-devel-osx-x86_64-clang 1.9-5 226.98 OK
r-devel-windows-ix86+x86_64 1.9-5 34.00 140.00 174.00 OK
r-patched-linux-x86_64 1.9-5 19.70 122.44 142.15 OK
r-patched-solaris-sparc 1.9-5 1559.70 OK
r-patched-solaris-x86 1.9-5 325.50 OK
r-release-linux-ix86 1.9-5 21.60 138.17 159.76 OK
r-release-linux-x86_64 1.9-5 19.21 119.79 139.00 OK
r-release-osx-x86_64-mavericks 1.9-5 OK
r-release-osx-x86_64-snowleopard 1.9-5 OK
r-release-windows-ix86+x86_64 1.9-5 38.00 160.00 198.00 OK
r-oldrel-windows-ix86+x86_64 1.9-5 33.00 140.00 173.00 ERROR

Check Details

Version: 1.9-5
Check: tests
Result: ERROR
    Running the tests in 'tests/test-all.R' failed.
    Last 13 lines of output:
     5: stop("Error in iterative search for tau2. Try increasing tau2.max or switch to another 'method'.")
    
     2. Error: confint() gives correct results for example 2 in Jackson et al. (2014).
     Error in iterative search for tau2. Try increasing tau2.max or switch to another 'method'.
     1: withCallingHandlers(eval(code, new_test_environment), error = capture_calls)
     2: eval(code, new_test_environment)
     3: eval(expr, envir, enclos)
     4: rma(yi, vi, mods = ~xi, method = "PM", digits = 3) at test_confint.r:76
     5: stop("Error in iterative search for tau2. Try increasing tau2.max or switch to another 'method'.")
    
     Error: Test failures
     In addition: There were 15 warnings (use warnings() to see them)
     Execution halted
Flavor: r-oldrel-windows-ix86+x86_64