CRAN Package Check Results for Package metafor

Last updated on 2014-11-25 20:47:59.

Flavor Version Tinstall Tcheck Ttotal Status Flags
r-devel-linux-x86_64-debian-clang 1.9-5 18.63 115.32 133.95 OK
r-devel-linux-x86_64-debian-gcc 1.9-5 16.79 108.46 125.25 OK
r-devel-linux-x86_64-fedora-clang 1.9-5 147.71 OK
r-devel-linux-x86_64-fedora-gcc 1.9-5 136.19 OK
r-devel-osx-x86_64-clang 1.9-5 195.06 OK
r-devel-windows-ix86+x86_64 1.9-5 27.00 134.00 161.00 OK
r-patched-linux-x86_64 1.9-5 20.86 118.35 139.22 OK
r-patched-solaris-sparc 1.9-5 1559.70 OK
r-patched-solaris-x86 1.9-5 279.10 OK
r-release-linux-ix86 1.9-4 21.61 126.81 148.42 NOTE
r-release-linux-x86_64 1.9-4 19.41 119.49 138.90 NOTE
r-release-osx-x86_64-mavericks 1.9-5 OK
r-release-osx-x86_64-snowleopard 1.9-5 OK
r-release-windows-ix86+x86_64 1.9-5 32.00 142.00 174.00 OK
r-oldrel-windows-ix86+x86_64 1.9-5 34.00 133.00 167.00 ERROR

Check Details

Version: 1.9-4
Check: R code for possible problems
Result: NOTE
    .GENQ.func: no visible global function definition for ‘farebrother’
    .dnchgi: no visible global function definition for ‘dFNCHypergeo’
    confint.rma.uni: no visible global function definition for
     ‘farebrother’
    escalc.default: no visible global function definition for ‘polychor’
    rma.glmm: no visible global function definition for ‘glmer’
    rma.glmm: no visible binding for global variable ‘glmerControl’
    rma.glmm: no visible global function definition for ‘fixef’
    rma.glmm: no visible global function definition for ‘VarCorr’
    rma.glmm: no visible binding for global variable ‘clogit’
    rma.glmm: no visible binding for global variable ‘clogistic’
Flavors: r-release-linux-ix86, r-release-linux-x86_64

Version: 1.9-5
Check: tests
Result: ERROR
    Running the tests in 'tests/test-all.R' failed.
    Last 13 lines of output:
     5: stop("Error in iterative search for tau2. Try increasing tau2.max or switch to another 'method'.")
    
     2. Error: confint() gives correct results for example 2 in Jackson et al. (2014).
     Error in iterative search for tau2. Try increasing tau2.max or switch to another 'method'.
     1: withCallingHandlers(eval(code, new_test_environment), error = capture_calls)
     2: eval(code, new_test_environment)
     3: eval(expr, envir, enclos)
     4: rma(yi, vi, mods = ~xi, method = "PM", digits = 3) at test_confint.r:76
     5: stop("Error in iterative search for tau2. Try increasing tau2.max or switch to another 'method'.")
    
     Error: Test failures
     In addition: There were 15 warnings (use warnings() to see them)
     Execution halted
Flavor: r-oldrel-windows-ix86+x86_64