CRAN Package Check Results for Package metafor

Last updated on 2014-08-23 06:48:36.

Flavor Version Tinstall Tcheck Ttotal Status Flags
r-devel-linux-x86_64-debian-clang 1.9-4 18.42 108.17 126.59 NOTE
r-devel-linux-x86_64-debian-gcc 1.9-4 17.48 107.21 124.68 NOTE
r-devel-linux-x86_64-fedora-clang 1.9-4 285.88 NOTE
r-devel-linux-x86_64-fedora-gcc 1.9-4 270.47 NOTE
r-devel-osx-x86_64-clang 1.9-4 205.61 NOTE
r-devel-windows-ix86+x86_64 1.9-4 36.00 145.00 181.00 OK
r-patched-linux-x86_64 1.9-4 19.74 116.56 136.30 OK
r-patched-solaris-sparc 1.9-4 1468.50 OK
r-patched-solaris-x86 1.9-4 336.40 OK
r-release-linux-ix86 1.9-4 22.61 141.16 163.76 OK
r-release-linux-x86_64 1.9-4 19.54 120.00 139.55 OK
r-release-osx-x86_64-mavericks 1.9-4 OK
r-release-osx-x86_64-snowleopard 1.9-4 OK
r-release-windows-ix86+x86_64 1.9-4 29.00 163.00 192.00 OK
r-oldrel-windows-ix86+x86_64 1.9-4 37.00 147.00 184.00 OK

Check Details

Version: 1.9-4
Check: R code for possible problems
Result: NOTE
    .GENQ.func: no visible global function definition for ‘farebrother’
    .dnchgi: no visible global function definition for ‘dFNCHypergeo’
    confint.rma.uni: no visible global function definition for
     ‘farebrother’
    escalc.default: no visible global function definition for ‘polychor’
    rma.glmm: no visible global function definition for ‘glmer’
    rma.glmm: no visible binding for global variable ‘glmerControl’
    rma.glmm: no visible global function definition for ‘fixef’
    rma.glmm: no visible global function definition for ‘VarCorr’
    rma.glmm: no visible binding for global variable ‘clogit’
    rma.glmm: no visible binding for global variable ‘clogistic’
Flavors: r-devel-linux-x86_64-debian-clang, r-devel-linux-x86_64-debian-gcc, r-devel-linux-x86_64-fedora-clang, r-devel-linux-x86_64-fedora-gcc, r-devel-osx-x86_64-clang