CRAN Package Check Results for Package metafor

Last updated on 2015-05-06 19:47:12.

Flavor Version Tinstall Tcheck Ttotal Status Flags
r-devel-linux-x86_64-debian-clang 1.9-5 16.10 104.38 120.48 NOTE
r-devel-linux-x86_64-debian-gcc 1.9-5 17.77 104.83 122.60 NOTE
r-devel-linux-x86_64-fedora-clang 1.9-5 250.07 NOTE
r-devel-linux-x86_64-fedora-gcc 1.9-5 227.82 NOTE
r-devel-osx-x86_64-clang 1.9-5 192.90 NOTE
r-devel-windows-ix86+x86_64 1.9-5 32.00 138.00 170.00 NOTE
r-patched-linux-x86_64 1.9-5 15.27 109.20 124.47 NOTE
r-patched-solaris-sparc 1.9-5 1412.70 NOTE
r-patched-solaris-x86 1.9-5 267.80 NOTE
r-release-linux-x86_64 1.9-5 15.54 105.57 121.11 NOTE
r-release-osx-x86_64-mavericks 1.9-5 NOTE
r-release-osx-x86_64-snowleopard 1.9-5 ERROR
r-release-windows-ix86+x86_64 1.9-5 34.00 146.00 180.00 NOTE
r-oldrel-windows-ix86+x86_64 1.9-5 32.00 138.00 170.00 NOTE

Check Details

Version: 1.9-5
Check: dependencies in R code
Result: NOTE
    'library' or 'require' calls in package code:
     ‘Epi’ ‘lme4’ ‘polycor’ ‘survival’
     Please use :: or requireNamespace() instead.
     See section 'Suggested packages' in the 'Writing R Extensions' manual.
Flavors: r-devel-linux-x86_64-debian-clang, r-devel-linux-x86_64-debian-gcc, r-devel-linux-x86_64-fedora-clang, r-devel-linux-x86_64-fedora-gcc, r-devel-osx-x86_64-clang, r-devel-windows-ix86+x86_64, r-patched-linux-x86_64, r-patched-solaris-sparc, r-patched-solaris-x86, r-release-linux-x86_64, r-release-osx-x86_64-mavericks, r-release-osx-x86_64-snowleopard, r-release-windows-ix86+x86_64, r-oldrel-windows-ix86+x86_64

Version: 1.9-5
Check: S3 generic/method consistency
Result: NOTE
    Found the following apparent S3 methods exported but not registered:
     print.hc.rma.uni
    See section ‘Registering S3 methods’ in the ‘Writing R Extensions’
    manual.
Flavors: r-devel-linux-x86_64-debian-clang, r-devel-linux-x86_64-debian-gcc, r-devel-linux-x86_64-fedora-clang, r-devel-linux-x86_64-fedora-gcc, r-devel-osx-x86_64-clang, r-patched-linux-x86_64, r-patched-solaris-x86, r-release-linux-x86_64

Version: 1.9-5
Check: package dependencies
Result: NOTE
    Packages suggested but not available for checking: ‘multcomp’ ‘igraph’
Flavor: r-release-osx-x86_64-snowleopard

Version: 1.9-5
Check: tests
Result: ERROR
    Running the tests in ‘tests/test-all.R’ failed.
    Last 13 lines of output:
    
    
     1. Error: results of the conditional logistic model with exact likelihood are correct (measure=='OR') (Table III)
     could not find function "skip_on_cran"
     1: .handleSimpleError(function (e)
     {
     e$calls <- head(sys.calls()[-seq_len(frame + 7)], -2)
     signalCondition(e)
     }, "could not find function \"skip_on_cran\"", quote(eval(expr, envir, enclos))) at test_example_stijnen2010.r:70
    
     Error: Test failures
     In addition: There were 15 warnings (use warnings() to see them)
     Execution halted
Flavor: r-release-osx-x86_64-snowleopard