CRAN Package Check Results for Package metafor

Last updated on 2015-07-05 22:47:33.

Flavor Version Tinstall Tcheck Ttotal Status Flags
r-devel-linux-x86_64-debian-clang 1.9-7 19.77 111.63 131.40 NOTE
r-devel-linux-x86_64-debian-gcc 1.9-7 19.40 112.77 132.18 NOTE
r-devel-linux-x86_64-fedora-clang 1.9-7 256.59 NOTE
r-devel-linux-x86_64-fedora-gcc 1.9-7 234.33 NOTE
r-devel-osx-x86_64-clang 1.9-7 205.08 OK
r-devel-windows-ix86+x86_64 1.9-7 47.00 160.00 207.00 NOTE
r-patched-linux-x86_64 1.9-7 17.05 109.17 126.22 OK
r-patched-solaris-sparc 1.9-7 1467.00 OK
r-patched-solaris-x86 1.9-7 287.90 OK
r-release-linux-x86_64 1.9-7 17.87 111.84 129.71 OK
r-release-osx-x86_64-mavericks 1.9-7 OK
r-release-windows-ix86+x86_64 1.9-7 46.00 151.00 197.00 OK
r-oldrel-windows-ix86+x86_64 1.9-7 54.00 179.00 233.00 OK

Check Details

Version: 1.9-7
Check: R code for possible problems
Result: NOTE
    addpoly.default: no visible global function definition for ‘hasArg’
    addpoly.default: no visible global function definition for ‘par’
    addpoly.default: no visible global function definition for ‘text’
    addpoly.default: no visible global function definition for ‘polygon’
    baujat.rma.mh: no visible global function definition for ‘plot’
    baujat.rma.mh: no visible global function definition for ‘text’
    baujat.rma.peto: no visible global function definition for ‘plot’
    baujat.rma.peto: no visible global function definition for ‘text’
    baujat.rma.uni: no visible global function definition for ‘plot’
    baujat.rma.uni: no visible global function definition for ‘text’
    forest.cumul.rma: no visible global function definition for ‘par’
    forest.cumul.rma: no visible global function definition for ‘plot’
    forest.cumul.rma: no visible global function definition for ‘abline’
    forest.cumul.rma: no visible global function definition for ‘segments’
    forest.cumul.rma: no visible global function definition for ‘strheight’
    forest.cumul.rma: no visible global function definition for ‘axis’
    forest.cumul.rma: no visible global function definition for ‘mtext’
    forest.cumul.rma: no visible global function definition for ‘polygon’
    forest.cumul.rma: no visible global function definition for ‘text’
    forest.cumul.rma: no visible global function definition for ‘points’
    forest.default: no visible global function definition for ‘hasArg’
    forest.default: no visible global function definition for ‘par’
    forest.default: no visible global function definition for ‘plot’
    forest.default: no visible global function definition for ‘abline’
    forest.default: no visible global function definition for ‘segments’
    forest.default: no visible global function definition for ‘strheight’
    forest.default: no visible global function definition for ‘axis’
    forest.default: no visible global function definition for ‘mtext’
    forest.default: no visible global function definition for ‘polygon’
    forest.default: no visible global function definition for ‘text’
    forest.default: no visible global function definition for ‘points’
    forest.rma: no visible global function definition for ‘par’
    forest.rma: no visible global function definition for ‘plot’
    forest.rma: no visible global function definition for ‘abline’
    forest.rma: no visible global function definition for ‘segments’
    forest.rma: no visible global function definition for ‘strheight’
    forest.rma: no visible global function definition for ‘polygon’
    forest.rma: no visible global function definition for ‘text’
    forest.rma: no visible global function definition for ‘axis’
    forest.rma: no visible global function definition for ‘mtext’
    forest.rma: no visible global function definition for ‘points’
    funnel.rma: no visible global function definition for ‘plot’
    funnel.rma: no visible global function definition for ‘par’
    funnel.rma: no visible global function definition for ‘rect’
    funnel.rma: no visible global function definition for ‘axis’
    funnel.rma: no visible global function definition for ‘abline’
    funnel.rma: no visible global function definition for ‘polygon’
    funnel.rma: no visible global function definition for ‘lines’
    funnel.rma: no visible global function definition for ‘segments’
    funnel.rma: no visible global function definition for ‘points’
    funnel.rma: no visible global function definition for ‘box’
    funnel.rma: no visible global function definition for ‘axTicks’
    labbe.rma: no visible global function definition for ‘plot’
    labbe.rma: no visible global function definition for ‘abline’
    labbe.rma: no visible global function definition for ‘lines’
    labbe.rma: no visible global function definition for ‘points’
    llplot: no visible global function definition for ‘plot’
    llplot: no visible global function definition for ‘lines’
    llplot: no visible global function definition for ‘abline’
    plot.cumul.rma: no visible global function definition for ‘plot’
    plot.cumul.rma: no visible global function definition for ‘axTicks’
    plot.cumul.rma: no visible global function definition for ‘par’
    plot.cumul.rma: no visible global function definition for ‘axis’
    plot.cumul.rma: no visible global function definition for ‘abline’
    plot.cumul.rma: no visible global function definition for
     ‘colorRampPalette’
    plot.cumul.rma: no visible global function definition for ‘segments’
    plot.cumul.rma: no visible global function definition for ‘points’
    plot.infl.rma.uni: no visible global function definition for ‘par’
    plot.infl.rma.uni : lplot: no visible global function definition for
     ‘plot’
    plot.infl.rma.uni : lpoints: no visible global function definition for
     ‘points’
    plot.infl.rma.uni : llines: no visible global function definition for
     ‘lines’
    plot.infl.rma.uni : laxis: no visible global function definition for
     ‘axis’
    plot.infl.rma.uni : labline: no visible global function definition for
     ‘abline’
    plot.infl.rma.uni: no visible global function definition for ‘dev.new’
    plot.rma.mh: no visible global function definition for ‘par’
    plot.rma.mh: no visible global function definition for ‘title’
    plot.rma.mh: no visible global function definition for ‘plot’
    plot.rma.mh: no visible global function definition for ‘lines’
    plot.rma.mh: no visible global function definition for ‘points’
    plot.rma.mh: no visible global function definition for ‘axis’
    plot.rma.mh: no visible global function definition for ‘abline’
    plot.rma.peto: no visible global function definition for ‘par’
    plot.rma.peto: no visible global function definition for ‘title’
    plot.rma.peto: no visible global function definition for ‘plot’
    plot.rma.peto: no visible global function definition for ‘lines’
    plot.rma.peto: no visible global function definition for ‘points’
    plot.rma.peto: no visible global function definition for ‘axis’
    plot.rma.peto: no visible global function definition for ‘abline’
    plot.rma.uni: no visible global function definition for ‘par’
    plot.rma.uni: no visible global function definition for ‘title’
    plot.rma.uni: no visible global function definition for ‘plot’
    plot.rma.uni: no visible global function definition for ‘lines’
    plot.rma.uni: no visible global function definition for ‘points’
    plot.rma.uni: no visible global function definition for ‘axis’
    plot.rma.uni: no visible global function definition for ‘abline’
    profile.rma.mv: no visible global function definition for ‘abline’
    profile.rma.uni: no visible global function definition for ‘abline’
    qqnorm.rma.mh: no visible global function definition for ‘abline’
    qqnorm.rma.mh: no visible global function definition for ‘text’
    qqnorm.rma.peto: no visible global function definition for ‘abline’
    qqnorm.rma.peto: no visible global function definition for ‘text’
    qqnorm.rma.uni: no visible global function definition for ‘abline’
    qqnorm.rma.uni: no visible global function definition for ‘lines’
    qqnorm.rma.uni: no visible global function definition for ‘text’
    radial.rma: no visible global function definition for ‘par’
    radial.rma: no visible global function definition for ‘plot’
    radial.rma: no visible global function definition for ‘polygon’
    radial.rma: no visible global function definition for ‘segments’
    radial.rma: no visible global function definition for ‘axis’
    radial.rma: no visible global function definition for ‘mtext’
    radial.rma: no visible global function definition for ‘lines’
    radial.rma: no visible global function definition for ‘text’
    radial.rma: no visible global function definition for ‘points’
    Undefined global functions or variables:
     abline axTicks axis box colorRampPalette dev.new hasArg lines mtext
     par plot points polygon rect segments strheight text title
Flavors: r-devel-linux-x86_64-debian-clang, r-devel-linux-x86_64-debian-gcc, r-devel-linux-x86_64-fedora-clang, r-devel-linux-x86_64-fedora-gcc, r-devel-windows-ix86+x86_64