CRAN Package Check Results for Package metafor

Last updated on 2021-09-22 22:56:33 CEST.

Flavor Version Tinstall Tcheck Ttotal Status Flags
r-devel-linux-x86_64-debian-clang 3.0-2 65.83 504.76 570.59 OK
r-devel-linux-x86_64-debian-gcc 3.0-2 50.95 353.55 404.50 OK
r-devel-linux-x86_64-fedora-clang 3.0-2 674.59 OK
r-devel-linux-x86_64-fedora-gcc 3.0-2 660.85 OK
r-devel-windows-x86_64 3.0-2 77.00 415.00 492.00 OK
r-devel-windows-x86_64-gcc10-UCRT 3.0-2 ERROR
r-patched-linux-x86_64 3.0-2 64.57 476.44 541.01 OK
r-patched-solaris-x86 3.0-2 771.30 NOTE
r-release-linux-x86_64 3.0-2 57.15 475.45 532.60 OK
r-release-macos-arm64 3.0-2 NOTE
r-release-macos-x86_64 3.0-2 OK
r-release-windows-ix86+x86_64 3.0-2 105.00 389.00 494.00 OK
r-oldrel-macos-x86_64 3.0-2 OK
r-oldrel-windows-ix86+x86_64 3.0-2 72.00 396.00 468.00 OK

Check Details

Version: 3.0-2
Check: PDF version of manual
Result: WARN
    LaTeX errors when creating PDF version.
    This typically indicates Rd problems.
Flavor: r-devel-windows-x86_64-gcc10-UCRT

Version: 3.0-2
Check: PDF version of manual without hyperrefs or index
Result: ERROR
    Re-running with no redirection of stdout/stderr.
Flavor: r-devel-windows-x86_64-gcc10-UCRT

Version: 3.0-2
Check: installed package size
Result: NOTE
     installed size is 5.1Mb
     sub-directories of 1Mb or more:
     R 1.9Mb
     help 1.8Mb
Flavors: r-patched-solaris-x86, r-release-macos-arm64