CRAN Package Check Results for Package metafor

Last updated on 2015-04-02 08:49:34.

Flavor Version Tinstall Tcheck Ttotal Status Flags
r-devel-linux-x86_64-debian-clang 1.9-5 16.25 104.89 121.14 NOTE
r-devel-linux-x86_64-debian-gcc 1.9-5 15.55 102.99 118.54 NOTE
r-devel-linux-x86_64-fedora-clang 1.9-5 243.75 NOTE
r-devel-linux-x86_64-fedora-gcc 1.9-5 245.81 NOTE
r-devel-osx-x86_64-clang 1.9-5 213.83 NOTE
r-prerel-windows-ix86+x86_64 1.9-5 42.00 133.00 175.00 NOTE
r-prerel-linux-x86_64 1.9-5 15.56 103.67 119.23 NOTE
r-prerel-solaris-sparc 1.9-5 1412.70 NOTE
r-prerel-solaris-x86 1.9-5 270.80 NOTE
r-release-linux-x86_64 1.9-5 19.64 116.41 136.05 NOTE
r-release-osx-x86_64-mavericks 1.9-5 OK
r-release-osx-x86_64-snowleopard 1.9-5 OK
r-release-windows-ix86+x86_64 1.9-5 31.00 158.00 189.00 NOTE
r-oldrel-windows-ix86+x86_64 1.9-5 36.00 136.00 172.00 ERROR

Check Details

Version: 1.9-5
Check: dependencies in R code
Result: NOTE
    'library' or 'require' calls in package code:
     ‘Epi’ ‘lme4’ ‘polycor’ ‘survival’
     Please use :: or requireNamespace() instead.
     See section 'Suggested packages' in the 'Writing R Extensions' manual.
Flavors: r-devel-linux-x86_64-debian-clang, r-devel-linux-x86_64-debian-gcc, r-devel-linux-x86_64-fedora-clang, r-devel-linux-x86_64-fedora-gcc, r-devel-osx-x86_64-clang, r-prerel-windows-ix86+x86_64, r-prerel-linux-x86_64, r-prerel-solaris-sparc, r-prerel-solaris-x86, r-release-linux-x86_64, r-release-windows-ix86+x86_64

Version: 1.9-5
Check: S3 generic/method consistency
Result: NOTE
    Found the following apparent S3 methods exported but not registered:
     print.hc.rma.uni
    See section ‘Registering S3 methods’ in the ‘Writing R Extensions’
    manual.
Flavors: r-devel-linux-x86_64-debian-clang, r-devel-linux-x86_64-debian-gcc, r-devel-linux-x86_64-fedora-clang, r-devel-linux-x86_64-fedora-gcc, r-devel-osx-x86_64-clang, r-prerel-linux-x86_64

Version: 1.9-5
Check: tests
Result: ERROR
    Running the tests in 'tests/test-all.R' failed.
    Last 13 lines of output:
     5: stop("Error in iterative search for tau2. Try increasing tau2.max or switch to another 'method'.")
    
     2. Error: confint() gives correct results for example 2 in Jackson et al. (2014).
     Error in iterative search for tau2. Try increasing tau2.max or switch to another 'method'.
     1: withCallingHandlers(eval(code, new_test_environment), error = capture_calls)
     2: eval(code, new_test_environment)
     3: eval(expr, envir, enclos)
     4: rma(yi, vi, mods = ~xi, method = "PM", digits = 3) at test_confint.r:76
     5: stop("Error in iterative search for tau2. Try increasing tau2.max or switch to another 'method'.")
    
     Error: Test failures
     In addition: There were 15 warnings (use warnings() to see them)
     Execution halted
Flavor: r-oldrel-windows-ix86+x86_64