CRAN Package Check Results for Package metafor

Last updated on 2014-10-23 05:46:45.

Flavor Version Tinstall Tcheck Ttotal Status Flags
r-devel-linux-x86_64-debian-clang 1.9-4 18.77 111.91 130.68 NOTE
r-devel-linux-x86_64-debian-gcc 1.9-4 17.24 107.57 124.81 NOTE
r-devel-linux-x86_64-fedora-clang 1.9-4 280.94 NOTE
r-devel-linux-x86_64-fedora-gcc 1.9-4 263.72 NOTE
r-devel-osx-x86_64-clang 1.9-4 229.58 NOTE
r-devel-windows-ix86+x86_64 1.9-4 34.00 123.00 157.00 NOTE
r-patched-linux-x86_64 1.9-4 20.33 118.35 138.68 NOTE
r-patched-solaris-sparc 1.9-4 1533.50 NOTE
r-patched-solaris-x86 1.9-4 321.60 NOTE
r-release-linux-ix86 1.9-4 22.97 136.11 159.08 OK
r-release-linux-x86_64 1.9-4 19.94 123.41 143.35 OK
r-release-osx-x86_64-mavericks 1.9-4 OK
r-release-osx-x86_64-snowleopard 1.9-4 OK
r-release-windows-ix86+x86_64 1.9-4 31.00 164.00 195.00 OK
r-oldrel-windows-ix86+x86_64 1.9-4 37.00 152.00 189.00 OK

Check Details

Version: 1.9-4
Check: R code for possible problems
Result: NOTE
    .GENQ.func: no visible global function definition for ‘farebrother’
    .dnchgi: no visible global function definition for ‘dFNCHypergeo’
    confint.rma.uni: no visible global function definition for
     ‘farebrother’
    escalc.default: no visible global function definition for ‘polychor’
    rma.glmm: no visible global function definition for ‘glmer’
    rma.glmm: no visible binding for global variable ‘glmerControl’
    rma.glmm: no visible global function definition for ‘fixef’
    rma.glmm: no visible global function definition for ‘VarCorr’
    rma.glmm: no visible binding for global variable ‘clogit’
    rma.glmm: no visible binding for global variable ‘clogistic’
Flavors: r-devel-linux-x86_64-debian-clang, r-devel-linux-x86_64-debian-gcc, r-devel-linux-x86_64-fedora-clang, r-devel-linux-x86_64-fedora-gcc, r-devel-osx-x86_64-clang, r-devel-windows-ix86+x86_64, r-patched-linux-x86_64, r-patched-solaris-sparc, r-patched-solaris-x86