CRAN Package Check Results for Package metafor

Last updated on 2014-04-18 11:47:20.

Flavor Version Tinstall Tcheck Ttotal Status Flags
r-devel-linux-x86_64-debian-clang 1.9-2 16.02 77.02 93.04 OK
r-devel-linux-x86_64-debian-gcc OK
r-devel-linux-x86_64-fedora-clang 1.9-2 193.97 OK
r-devel-linux-x86_64-fedora-gcc 1.9-2 184.31 OK
r-devel-macosx-x86_64-clang 1.9-2 146.58 OK
r-devel-macosx-x86_64-gcc 1.9-2 NOTE
r-devel-windows-ix86+x86_64 1.9-2 26.00 101.00 127.00 OK
r-patched-linux-x86_64 1.9-2 15.95 80.82 96.77 OK
r-patched-solaris-sparc 1.9-2 1007.50 OK
r-patched-solaris-x86 1.9-2 197.10 OK
r-release-linux-ix86 1.9-2 29.00 106.00 135.00 OK
r-release-linux-x86_64 1.9-2 15.88 76.79 92.67 OK
r-release-macosx-x86_64 1.9-2 OK
r-release-windows-ix86+x86_64 1.9-2 26.00 98.00 124.00 OK
r-oldrel-windows-ix86+x86_64 1.9-2 26.00 100.00 126.00 OK

Check Details

Version: 1.9-2
Check: package dependencies
Result: NOTE
    Package suggested but not available for checking: ‘lme4’
Flavor: r-devel-macosx-x86_64-gcc

Version: 1.9-2
Check: R code for possible problems
Result: NOTE
    rma.glmm: no visible global function definition for ‘glmer’
    rma.glmm: no visible binding for global variable ‘glmerControl’
    rma.glmm: no visible global function definition for ‘fixef’
    rma.glmm: no visible global function definition for ‘VarCorr’
Flavor: r-devel-macosx-x86_64-gcc

Version: 1.9-2
Check: Rd cross-references
Result: NOTE
    Package unavailable to check Rd xrefs: ‘lme4’
Flavor: r-devel-macosx-x86_64-gcc