CRAN Package Check Results for Package metafor

Last updated on 2014-09-03 03:50:31.

Flavor Version Tinstall Tcheck Ttotal Status Flags
r-devel-linux-x86_64-debian-clang 1.9-4 18.53 106.31 124.84 NOTE
r-devel-linux-x86_64-debian-gcc 1.9-4 17.55 104.60 122.15 NOTE
r-devel-linux-x86_64-fedora-clang 1.9-4 288.88 NOTE
r-devel-linux-x86_64-fedora-gcc 1.9-4 269.11 NOTE
r-devel-osx-x86_64-clang 1.9-4 205.53 NOTE
r-devel-windows-ix86+x86_64 1.9-4 34.00 136.00 170.00 NOTE
r-patched-linux-x86_64 1.9-4 20.54 116.60 137.14 OK
r-patched-solaris-sparc 1.9-4 1468.50 OK
r-patched-solaris-x86 1.9-4 333.10 OK
r-release-linux-ix86 1.9-4 22.48 134.44 156.92 OK
r-release-linux-x86_64 1.9-4 19.87 114.65 134.52 OK
r-release-osx-x86_64-mavericks 1.9-4 OK
r-release-osx-x86_64-snowleopard 1.9-4 OK
r-release-windows-ix86+x86_64 1.9-4 35.00 160.00 195.00 OK
r-oldrel-windows-ix86+x86_64 1.9-4 34.00 152.00 186.00 OK

Check Details

Version: 1.9-4
Check: R code for possible problems
Result: NOTE
    .GENQ.func: no visible global function definition for ‘farebrother’
    .dnchgi: no visible global function definition for ‘dFNCHypergeo’
    confint.rma.uni: no visible global function definition for
     ‘farebrother’
    escalc.default: no visible global function definition for ‘polychor’
    rma.glmm: no visible global function definition for ‘glmer’
    rma.glmm: no visible binding for global variable ‘glmerControl’
    rma.glmm: no visible global function definition for ‘fixef’
    rma.glmm: no visible global function definition for ‘VarCorr’
    rma.glmm: no visible binding for global variable ‘clogit’
    rma.glmm: no visible binding for global variable ‘clogistic’
Flavors: r-devel-linux-x86_64-debian-clang, r-devel-linux-x86_64-debian-gcc, r-devel-linux-x86_64-fedora-clang, r-devel-linux-x86_64-fedora-gcc, r-devel-osx-x86_64-clang, r-devel-windows-ix86+x86_64