CRAN Package Check Results for Package metafor

Last updated on 2017-04-30 23:51:38.

Flavor Version Tinstall Tcheck Ttotal Status Flags
r-devel-linux-x86_64-debian-clang 1.9-9 21.59 151.32 172.91 OK
r-devel-linux-x86_64-debian-gcc 1.9-9 22.06 148.73 170.79 OK
r-devel-linux-x86_64-fedora-clang 1.9-9 351.74 OK --no-stop-on-test-error
r-devel-linux-x86_64-fedora-gcc 1.9-9 338.47 OK --no-stop-on-test-error
r-devel-windows-ix86+x86_64 1.9-9 41.00 313.00 354.00 OK
r-patched-linux-x86_64 1.9-9 23.34 151.67 175.01 OK
r-patched-solaris-sparc 1.9-9 2023.90 OK
r-patched-solaris-x86 1.9-9 373.30 OK
r-release-linux-x86_64 1.9-9 23.18 150.75 173.93 OK
r-release-windows-ix86+x86_64 1.9-9 57.00 311.00 368.00 OK
r-release-osx-x86_64 1.9-9 ERROR
r-oldrel-windows-ix86+x86_64 1.9-9 50.00 280.00 330.00 OK
r-oldrel-osx-x86_64 1.9-9 OK

Check Details

Version: 1.9-9
Check: package dependencies
Result: NOTE
    Package suggested but not available for checking: ‘gsl’
Flavor: r-release-osx-x86_64

Version: 1.9-9
Check: tests
Result: ERROR
     Running ‘testthat.R’ [53s/87s]
    Running the tests in ‘tests/testthat.R’ failed.
    Last 13 lines of output:
     > test_check("metafor")
     1. Error: escalc() works correctly for measure='COR/UCOR/ZCOR' (@test_misc_escalc.r#127)
     Please install the 'gsl' package to use measure='UCOR'.
     1: escalc(measure = "UCOR", ri = ri, ni = ni, data = dat, subset = c(1, 13, 33, 102)) at testthat/test_misc_escalc.r:127
     2: escalc.default(measure = "UCOR", ri = ri, ni = ni, data = dat, subset = c(1, 13,
     33, 102))
     3: .Fcalc(1/2, 1/2, (ni - 2)/2, 1 - ri^2)
     4: stop("Please install the 'gsl' package to use measure='UCOR'.")
    
     testthat results ================================================================
     OK: 777 SKIPPED: 30 FAILED: 1
     1. Error: escalc() works correctly for measure='COR/UCOR/ZCOR' (@test_misc_escalc.r#127)
    
     Error: testthat unit tests failed
     Execution halted
Flavor: r-release-osx-x86_64