CRAN Package Check Results for Package metagen

Last updated on 2015-05-24 08:48:34.

Flavor Version Tinstall Tcheck Ttotal Status Flags
r-devel-linux-x86_64-debian-clang 1.0 4.68 54.44 59.12 OK
r-devel-linux-x86_64-debian-gcc 1.0 4.65 53.48 58.13 OK
r-devel-linux-x86_64-fedora-clang 1.0 123.99 OK
r-devel-linux-x86_64-fedora-gcc 1.0 116.38 OK
r-devel-osx-x86_64-clang 1.0 101.85 OK
r-devel-windows-ix86+x86_64 1.0 14.00 81.00 95.00 OK
r-patched-linux-x86_64 1.0 4.84 52.97 57.80 OK
r-patched-solaris-sparc 1.0 753.90 OK
r-patched-solaris-x86 1.0 160.10 OK
r-release-linux-x86_64 1.0 4.53 52.85 57.38 OK
r-release-osx-x86_64-mavericks 1.0 OK
r-release-osx-x86_64-snowleopard 1.0 ERROR
r-release-windows-ix86+x86_64 1.0 14.00 80.00 94.00 OK
r-oldrel-windows-ix86+x86_64 1.0 24.00 120.00 144.00 OK

Check Details

Version: 1.0
Check: package dependencies
Result: ERROR
    Package required but not available: ‘ggplot2’
    
    See section ‘The DESCRIPTION file’ in the ‘Writing R Extensions’
    manual.
Flavor: r-release-osx-x86_64-snowleopard