CRAN Package Check Results for Package metagen

Last updated on 2014-04-25 05:47:19.

Flavor Version Tinstall Tcheck Ttotal Status Flags
r-devel-linux-x86_64-debian-clang 0.2 3.98 46.99 50.97 OK
r-devel-linux-x86_64-debian-gcc 0.2 4.01 46.00 50.02 OK
r-devel-linux-x86_64-fedora-clang 0.2 98.96 OK
r-devel-linux-x86_64-fedora-gcc 0.2 96.51 OK
r-devel-osx-x86_64-clang 0.2 89.64 OK
r-devel-osx-x86_64-gcc 0.2 ERROR
r-devel-windows-ix86+x86_64 0.2 9.00 70.00 79.00 OK
r-patched-linux-x86_64 0.2 3.97 46.97 50.94 OK
r-patched-solaris-sparc 0.2 516.60 OK
r-patched-solaris-x86 0.2 122.10 OK
r-release-linux-ix86 0.2 6.00 81.00 87.00 OK
r-release-linux-x86_64 0.2 3.92 45.75 49.68 OK
r-release-osx-x86_64-mavericks 0.2 OK
r-release-osx-x86_64-snowleopard 0.2 OK
r-release-windows-ix86+x86_64 0.2 14.00 78.00 92.00 OK
r-oldrel-windows-ix86+x86_64 0.2 11.00 79.00 90.00 OK

Check Details

Version: 0.2
Check: package dependencies
Result: ERROR
    Package required but not available: ‘ggplot2’
    
    See the information on DESCRIPTION files in the chapter ‘Creating R
    packages’ of the ‘Writing R Extensions’ manual.
Flavor: r-devel-osx-x86_64-gcc