CRAN Package Check Results for Package metagen

Last updated on 2015-07-07 15:46:37.

Flavor Version Tinstall Tcheck Ttotal Status Flags
r-devel-linux-x86_64-debian-clang 1.0 4.58 53.85 58.43 NOTE
r-devel-linux-x86_64-debian-gcc 1.0 4.48 52.12 56.61 NOTE
r-devel-linux-x86_64-fedora-clang 1.0 122.22 NOTE
r-devel-linux-x86_64-fedora-gcc 1.0 113.91 NOTE
r-devel-osx-x86_64-clang 1.0 99.90 OK
r-devel-windows-ix86+x86_64 1.0 14.00 79.00 93.00 NOTE
r-patched-linux-x86_64 1.0 4.54 52.72 57.26 OK
r-patched-solaris-sparc 1.0 753.90 OK
r-patched-solaris-x86 1.0 161.30 OK
r-release-linux-x86_64 1.0 4.66 53.03 57.68 OK
r-release-osx-x86_64-mavericks 1.0 OK
r-release-windows-ix86+x86_64 1.0 19.00 85.00 104.00 OK
r-oldrel-windows-ix86+x86_64 1.0 23.00 131.00 154.00 OK

Check Details

Version: 1.0
Check: R code for possible problems
Result: NOTE
    bcgVaccineData: Error while checking: invalid ‘envir’ argument
    hConfidence: no visible global function definition for ‘qchisq’
    intervalEstimates_OneSgnf : crt: no visible global function definition
     for ‘qt’
    intervalEstimates_OneSgnf: no visible binding for global variable
     ‘qnorm’
    metagenGeneralised: no visible binding for global variable ‘quantile’
    performancePointH : property: no visible global function definition for
     ‘var’
    performancePointR : property: no visible global function definition for
     ‘var’
    pfunc : pfun: no visible global function definition for ‘uniroot’
    pivotalStream: no visible global function definition for ‘rchisq’
    pivotalStream : <anonymous>: no visible global function definition for
     ‘rchisq’
    pivotalStream: no visible global function definition for ‘rnorm’
    rBinomGauss: no visible global function definition for ‘rnorm’
    rBinomGauss: no visible global function definition for ‘rbinom’
    rD: no visible global function definition for ‘rchisq’
    rY: no visible global function definition for ‘rnorm’
    render: no visible global function definition for ‘pdf’
    render: no visible global function definition for ‘dev.off’
    renderSVG: no visible global function definition for ‘svg’
    renderSVG: no visible global function definition for ‘dev.off’
    Undefined global functions or variables:
     dev.off pdf qchisq qnorm qt quantile rbinom rchisq rnorm svg uniroot
     var
Flavors: r-devel-linux-x86_64-debian-clang, r-devel-linux-x86_64-debian-gcc, r-devel-linux-x86_64-fedora-clang, r-devel-linux-x86_64-fedora-gcc

Version: 1.0
Check: R code for possible problems
Result: NOTE
    bcgVaccineData: no visible global function definition for 'data'
    bcgVaccineData: no visible global function definition for 'qnorm'
    hConfidence: no visible global function definition for 'qchisq'
    intervalEstimates_OneSgnf : crt: no visible global function definition
     for 'qt'
    intervalEstimates_OneSgnf: no visible binding for global variable
     'qnorm'
    metagenGeneralised: no visible binding for global variable 'quantile'
    performancePointH : property: no visible global function definition for
     'var'
    performancePointR : property: no visible global function definition for
     'var'
    pfunc : pfun: no visible global function definition for 'uniroot'
    pivotalStream: no visible global function definition for 'rchisq'
    pivotalStream : <anonymous>: no visible global function definition for
     'rchisq'
    pivotalStream: no visible global function definition for 'rnorm'
    rBinomGauss: no visible global function definition for 'rnorm'
    rBinomGauss: no visible global function definition for 'rbinom'
    rD: no visible global function definition for 'rchisq'
    rY: no visible global function definition for 'rnorm'
    render: no visible global function definition for 'pdf'
    render: no visible global function definition for 'dev.off'
    renderSVG: no visible global function definition for 'svg'
    renderSVG: no visible global function definition for 'dev.off'
    Undefined global functions or variables:
     data dev.off pdf qchisq qnorm qt quantile rbinom rchisq rnorm svg
     uniroot var
Flavor: r-devel-windows-ix86+x86_64