CRAN Package Check Results for Package metagen

Last updated on 2015-04-20 02:48:37.

Flavor Version Tinstall Tcheck Ttotal Status Flags
r-devel-linux-x86_64-debian-clang 1.0 4.86 53.22 58.08 OK
r-devel-linux-x86_64-debian-gcc 1.0 4.54 51.50 56.04 OK
r-devel-linux-x86_64-fedora-clang 1.0 124.44 OK
r-devel-linux-x86_64-fedora-gcc 1.0 118.89 OK
r-devel-osx-x86_64-clang 1.0 100.55 OK
r-devel-windows-ix86+x86_64 1.0 18.00 109.00 127.00 OK
r-patched-linux-x86_64 1.0 4.78 54.27 59.05 OK
r-patched-solaris-sparc 1.0 771.00 OK
r-patched-solaris-x86 1.0 152.00 OK
r-release-linux-x86_64 1.0 4.53 52.81 57.34 OK
r-release-osx-x86_64-mavericks 1.0 OK
r-release-osx-x86_64-snowleopard 1.0 ERROR
r-release-windows-ix86+x86_64 1.0 9.00 78.00 87.00 OK
r-oldrel-windows-ix86+x86_64 1.0 18.00 113.00 131.00 OK

Check Details

Version: 1.0
Check: package dependencies
Result: ERROR
    Package required but not available: ‘ggplot2’
    
    See section ‘The DESCRIPTION file’ in the ‘Writing R Extensions’
    manual.
Flavor: r-release-osx-x86_64-snowleopard