CRAN Package Check Results for Package metagen

Last updated on 2015-08-03 16:48:20.

Flavor Version Tinstall Tcheck Ttotal Status Flags
r-devel-linux-x86_64-debian-clang 1.0 4.90 54.38 59.28 NOTE
r-devel-linux-x86_64-debian-gcc 1.0 4.55 53.00 57.55 NOTE
r-devel-linux-x86_64-fedora-clang 1.0 128.79 NOTE
r-devel-linux-x86_64-fedora-gcc 1.0 120.83 NOTE
r-devel-osx-x86_64-clang 1.0 98.90 OK
r-devel-windows-ix86+x86_64 1.0 12.00 91.00 103.00 NOTE
r-patched-linux-x86_64 1.0 5.25 52.93 58.18 OK
r-patched-solaris-sparc 1.0 737.20 OK
r-patched-solaris-x86 1.0 159.20 OK
r-release-linux-x86_64 1.0 5.12 52.52 57.64 OK
r-release-osx-x86_64-mavericks 1.0 OK
r-release-windows-ix86+x86_64 1.0 19.00 91.00 110.00 OK
r-oldrel-windows-ix86+x86_64 1.0 24.00 144.00 168.00 OK

Check Details

Version: 1.0
Check: R code for possible problems
Result: NOTE
    bcgVaccineData: no visible global function definition for ‘data’
    bcgVaccineData: no visible global function definition for ‘qnorm’
    hConfidence: no visible global function definition for ‘qchisq’
    intervalEstimates_OneSgnf : crt: no visible global function definition
     for ‘qt’
    intervalEstimates_OneSgnf: no visible binding for global variable
     ‘qnorm’
    metagenGeneralised: no visible binding for global variable ‘quantile’
    performancePointH : property: no visible global function definition for
     ‘var’
    performancePointR : property: no visible global function definition for
     ‘var’
    pfunc : pfun: no visible global function definition for ‘uniroot’
    pivotalStream: no visible global function definition for ‘rchisq’
    pivotalStream : <anonymous>: no visible global function definition for
     ‘rchisq’
    pivotalStream: no visible global function definition for ‘rnorm’
    rBinomGauss: no visible global function definition for ‘rnorm’
    rBinomGauss: no visible global function definition for ‘rbinom’
    rD: no visible global function definition for ‘rchisq’
    rY: no visible global function definition for ‘rnorm’
    render: no visible global function definition for ‘pdf’
    render: no visible global function definition for ‘dev.off’
    renderSVG: no visible global function definition for ‘svg’
    renderSVG: no visible global function definition for ‘dev.off’
    Undefined global functions or variables:
     data dev.off pdf qchisq qnorm qt quantile rbinom rchisq rnorm svg
     uniroot var
    Consider adding
     importFrom("grDevices", "dev.off", "pdf", "svg")
     importFrom("stats", "qchisq", "qnorm", "qt", "quantile", "rbinom",
     "rchisq", "rnorm", "uniroot", "var")
     importFrom("utils", "data")
    to your NAMESPACE.
Flavors: r-devel-linux-x86_64-debian-clang, r-devel-linux-x86_64-debian-gcc, r-devel-linux-x86_64-fedora-clang, r-devel-linux-x86_64-fedora-gcc, r-devel-windows-ix86+x86_64