CRAN Package Check Results for Package metaheuristicOpt

Last updated on 2021-12-06 03:53:04 CET.

Flavor Version Tinstall Tcheck Ttotal Status Flags
r-devel-linux-x86_64-debian-clang 2.0.0 5.38 70.03 75.41 NOTE
r-devel-linux-x86_64-debian-gcc 2.0.0 4.46 50.24 54.70 NOTE
r-devel-linux-x86_64-fedora-clang 2.0.0 90.65 NOTE
r-devel-linux-x86_64-fedora-gcc 2.0.0 77.78 NOTE
r-devel-windows-x86_64-new-UL 2.0.0 12.00 86.00 98.00 NOTE
r-devel-windows-x86_64-new-TK 2.0.0 NOTE
r-devel-windows-x86_64-old 2.0.0 9.00 55.00 64.00 NOTE
r-patched-linux-x86_64 2.0.0 5.71 58.79 64.50 NOTE
r-release-linux-x86_64 2.0.0 5.18 66.50 71.68 NOTE
r-release-macos-arm64 2.0.0 NOTE
r-release-macos-x86_64 2.0.0 NOTE
r-release-windows-ix86+x86_64 2.0.0 11.00 55.00 66.00 NOTE
r-oldrel-macos-x86_64 2.0.0 OK
r-oldrel-windows-ix86+x86_64 2.0.0 8.00 54.00 62.00 OK

Check Details

Version: 2.0.0
Check: LazyData
Result: NOTE
     'LazyData' is specified without a 'data' directory
Flavors: r-devel-linux-x86_64-debian-clang, r-devel-linux-x86_64-debian-gcc, r-devel-linux-x86_64-fedora-clang, r-devel-linux-x86_64-fedora-gcc, r-devel-windows-x86_64-new-UL, r-devel-windows-x86_64-new-TK, r-devel-windows-x86_64-old, r-patched-linux-x86_64, r-release-linux-x86_64, r-release-macos-arm64, r-release-macos-x86_64, r-release-windows-ix86+x86_64