CRAN Package Check Results for Package metaheuristicOpt

Last updated on 2023-03-23 18:49:17 CET.

Flavor Version Tinstall Tcheck Ttotal Status Flags
r-devel-linux-x86_64-debian-clang 2.0.0 5.27 65.73 71.00 NOTE
r-devel-linux-x86_64-debian-gcc 2.0.0 3.48 48.41 51.89 NOTE
r-devel-linux-x86_64-fedora-clang 2.0.0 87.73 NOTE
r-devel-linux-x86_64-fedora-gcc 2.0.0 83.95 NOTE
r-patched-linux-x86_64 2.0.0 6.82 62.41 69.23 NOTE
r-release-linux-x86_64 2.0.0 5.07 63.74 68.81 NOTE
r-release-macos-arm64 2.0.0 23.00 NOTE
r-release-macos-x86_64 2.0.0 33.00 NOTE
r-release-windows-x86_64 2.0.0 14.00 78.00 92.00 NOTE
r-oldrel-macos-arm64 2.0.0 29.00 NOTE
r-oldrel-macos-x86_64 2.0.0 48.00 NOTE
r-oldrel-windows-ix86+x86_64 2.0.0 11.00 55.00 66.00 NOTE

Check Details

Version: 2.0.0
Check: LazyData
Result: NOTE
     'LazyData' is specified without a 'data' directory
Flavors: r-devel-linux-x86_64-debian-clang, r-devel-linux-x86_64-debian-gcc, r-devel-linux-x86_64-fedora-clang, r-devel-linux-x86_64-fedora-gcc, r-patched-linux-x86_64, r-release-linux-x86_64, r-release-macos-arm64, r-release-macos-x86_64, r-release-windows-x86_64, r-oldrel-macos-arm64, r-oldrel-macos-x86_64, r-oldrel-windows-ix86+x86_64