CRAN Package Check Results for Package metamisc

Last updated on 2014-07-26 10:48:27.

Flavor Version Tinstall Tcheck Ttotal Status Flags
r-devel-linux-x86_64-debian-clang 0.1.1 1.30 23.10 24.40 NOTE
r-devel-linux-x86_64-debian-gcc 0.1.1 1.25 22.86 24.11 NOTE
r-devel-linux-x86_64-fedora-clang 0.1.1 51.66 NOTE
r-devel-linux-x86_64-fedora-gcc 0.1.1 48.90 NOTE
r-devel-osx-x86_64-clang 0.1.1 49.03 NOTE
r-devel-windows-ix86+x86_64 0.1.1 6.00 36.00 42.00 NOTE
r-patched-linux-x86_64 0.1.1 1.31 22.84 24.15 NOTE
r-patched-solaris-sparc 0.1.1 299.50 NOTE
r-patched-solaris-x86 0.1.1 78.50 NOTE
r-release-linux-ix86 0.1.1 1.78 30.78 32.56 NOTE
r-release-linux-x86_64 0.1.1 1.32 23.33 24.65 NOTE
r-release-osx-x86_64-mavericks 0.1.1 ERROR
r-release-osx-x86_64-snowleopard 0.1.1 NOTE
r-release-windows-ix86+x86_64 0.1.1 6.00 43.00 49.00 NOTE
r-oldrel-windows-ix86+x86_64 0.1.1 6.00 39.00 45.00 NOTE

Check Details

Version: 0.1.1
Check: dependencies in R code
Result: NOTE
    Packages in Depends field not imported from:
     ‘bbmle’ ‘ellipse’ ‘mvtnorm’
     These packages need to be imported from (in the NAMESPACE file)
     for when this namespace is loaded but not attached.
    See the information on DESCRIPTION files in the chapter ‘Creating R
    packages’ of the ‘Writing R Extensions’ manual.
Flavors: r-devel-linux-x86_64-debian-clang, r-devel-linux-x86_64-debian-gcc, r-devel-linux-x86_64-fedora-clang, r-devel-linux-x86_64-fedora-gcc, r-devel-osx-x86_64-clang, r-devel-windows-ix86+x86_64, r-patched-linux-x86_64, r-patched-solaris-sparc, r-patched-solaris-x86, r-release-linux-ix86, r-release-linux-x86_64, r-release-windows-ix86+x86_64, r-oldrel-windows-ix86+x86_64

Version: 0.1.1
Check: package dependencies
Result: ERROR
    Package required but not available: ‘rjags’
    
    See the information on DESCRIPTION files in the chapter ‘Creating R
    packages’ of the ‘Writing R Extensions’ manual.
Flavor: r-release-osx-x86_64-mavericks

Version: 0.1.1
Check: dependencies in R code
Result: NOTE
    Packages in Depends field not imported from:
     'bbmle' 'ellipse' 'mvtnorm'
     These packages need to be imported from for the case when
     this namespace is loaded but not attached.
    See the information on DESCRIPTION files in the chapter 'Creating R
    packages' of the 'Writing R Extensions' manual.
Flavor: r-release-osx-x86_64-snowleopard