CRAN Package Check Results for Package metamisc

Last updated on 2015-07-05 03:47:32.

Flavor Version Tinstall Tcheck Ttotal Status Flags
r-devel-linux-x86_64-debian-clang 0.1.1 1.06 18.16 19.21 NOTE
r-devel-linux-x86_64-debian-gcc 0.1.1 1.04 18.34 19.38 NOTE
r-devel-linux-x86_64-fedora-clang 0.1.1 38.85 NOTE
r-devel-linux-x86_64-fedora-gcc 0.1.1 35.66 NOTE
r-devel-osx-x86_64-clang 0.1.1 35.66 NOTE
r-devel-windows-ix86+x86_64 0.1.1 6.00 48.00 54.00 NOTE
r-patched-linux-x86_64 0.1.1 1.10 18.60 19.69 NOTE
r-patched-solaris-sparc 0.1.1 280.80 NOTE
r-patched-solaris-x86 0.1.1 61.50 NOTE
r-release-linux-x86_64 0.1.1 1.09 19.03 20.12 NOTE
r-release-osx-x86_64-mavericks 0.1.1 NOTE
r-release-windows-ix86+x86_64 0.1.1 6.00 33.00 39.00 NOTE
r-oldrel-windows-ix86+x86_64 0.1.1 5.00 39.00 44.00 NOTE

Check Details

Version: 0.1.1
Check: dependencies in R code
Result: NOTE
    Packages in Depends field not imported from:
     ‘bbmle’ ‘ellipse’ ‘mvtnorm’
     These packages need to be imported from (in the NAMESPACE file)
     for when this namespace is loaded but not attached.
Flavors: r-devel-linux-x86_64-debian-clang, r-devel-linux-x86_64-debian-gcc, r-devel-linux-x86_64-fedora-clang, r-devel-linux-x86_64-fedora-gcc, r-devel-osx-x86_64-clang, r-devel-windows-ix86+x86_64, r-patched-linux-x86_64, r-patched-solaris-sparc, r-patched-solaris-x86, r-release-linux-x86_64, r-release-osx-x86_64-mavericks, r-release-windows-ix86+x86_64, r-oldrel-windows-ix86+x86_64

Version: 0.1.1
Check: R code for possible problems
Result: NOTE
    plot.riley: no visible global function definition for ‘vcov’
    plot.riley: no visible global function definition for ‘ellipse’
    plot.riley: no visible global function definition for ‘plot’
    plot.riley: no visible global function definition for ‘polygon’
    plot.riley: no visible global function definition for ‘points’
    plot.riley: no visible global function definition for ‘text’
    plot.uvmeta: no visible global function definition for ‘qnorm’
    plot.uvmeta: no visible global function definition for ‘par’
    plot.uvmeta: no visible global function definition for ‘plot’
    plot.uvmeta: no visible global function definition for ‘axis’
    plot.uvmeta: no visible global function definition for ‘abline’
    plot.uvmeta: no visible global function definition for ‘points’
    plot.uvmeta: no visible global function definition for ‘lines’
    plot.uvmeta: no visible global function definition for ‘box’
    predict.riley: no visible global function definition for ‘coefficients’
    predict.riley: no visible global function definition for ‘qt’
    predict.riley: no visible global function definition for ‘vcov’
    rileyES: no visible global function definition for ‘optim’
    summary.riley: no visible global function definition for ‘confint’
    summary.uvmeta: no visible global function definition for ‘pchisq’
    uvmeta.default : calcProfile: no visible global function definition for
     ‘coef’
    uvmeta.default : calcProfile: no visible global function definition for
     ‘confint’
    uvmeta.default: no visible global function definition for ‘qnorm’
    uvmeta.default: no visible global function definition for ‘qt’
    uvmeta.default : mle.loglik.random: no visible global function
     definition for ‘dnorm’
    uvmeta.default : mle.loglik.fixed: no visible global function
     definition for ‘dnorm’
    uvmeta.default: no visible global function definition for ‘mle2’
    uvmeta.default: no visible global function definition for ‘coef’
    uvmeta.default: no visible global function definition for ‘vcov’
    uvmeta.default: no visible global function definition for ‘update’
    Undefined global functions or variables:
     abline axis box coef coefficients confint dnorm ellipse lines mle2
     optim par pchisq plot points polygon qnorm qt text update vcov
Flavors: r-devel-linux-x86_64-debian-clang, r-devel-linux-x86_64-debian-gcc, r-devel-linux-x86_64-fedora-clang, r-devel-linux-x86_64-fedora-gcc, r-devel-windows-ix86+x86_64

Version: 0.1.1
Check: R code for possible problems
Result: NOTE
    plot.riley: no visible global function definition for ‘ellipse’
    uvmeta.default: no visible global function definition for ‘mle2’
    Undefined global functions or variables:
     ellipse mle2
Flavor: r-devel-osx-x86_64-clang

Version: 0.1.1
Check: R code for possible problems
Result: NOTE
    plot.riley: no visible global function definition for ‘ellipse’
    uvmeta.default: no visible global function definition for ‘mle2’
Flavors: r-patched-linux-x86_64, r-patched-solaris-sparc, r-patched-solaris-x86, r-release-linux-x86_64, r-release-osx-x86_64-mavericks, r-release-windows-ix86+x86_64, r-oldrel-windows-ix86+x86_64