CRAN Package Check Results for Package metamisc

Last updated on 2014-12-20 03:49:35.

Flavor Version Tinstall Tcheck Ttotal Status Flags
r-devel-linux-x86_64-debian-clang 0.1.1 1.28 23.20 24.48 NOTE
r-devel-linux-x86_64-debian-gcc 0.1.1 1.22 22.22 23.44 NOTE
r-devel-linux-x86_64-fedora-clang 0.1.1 52.96 NOTE
r-devel-linux-x86_64-fedora-gcc 0.1.1 48.64 NOTE
r-devel-osx-x86_64-clang 0.1.1 46.55 NOTE
r-devel-windows-ix86+x86_64 0.1.1 6.00 40.00 46.00 NOTE
r-patched-linux-x86_64 0.1.1 1.28 24.48 25.76 NOTE
r-patched-solaris-sparc 0.1.1 290.20 NOTE
r-patched-solaris-x86 0.1.1 78.80 NOTE
r-release-linux-ix86 0.1.1 1.68 31.81 33.49 NOTE
r-release-linux-x86_64 0.1.1 1.28 23.88 25.16 NOTE
r-release-osx-x86_64-mavericks 0.1.1 NOTE
r-release-osx-x86_64-snowleopard 0.1.1 NOTE
r-release-windows-ix86+x86_64 0.1.1 6.00 39.00 45.00 NOTE
r-oldrel-windows-ix86+x86_64 0.1.1 7.00 41.00 48.00 NOTE

Check Details

Version: 0.1.1
Check: dependencies in R code
Result: NOTE
    Packages in Depends field not imported from:
     ‘bbmle’ ‘ellipse’ ‘mvtnorm’
     These packages need to be imported from (in the NAMESPACE file)
     for when this namespace is loaded but not attached.
    See the information on DESCRIPTION files in the chapter ‘Creating R
    packages’ of the ‘Writing R Extensions’ manual.
Flavors: r-devel-linux-x86_64-debian-clang, r-devel-linux-x86_64-debian-gcc, r-devel-linux-x86_64-fedora-clang, r-devel-linux-x86_64-fedora-gcc, r-devel-osx-x86_64-clang, r-devel-windows-ix86+x86_64, r-patched-linux-x86_64, r-patched-solaris-sparc, r-patched-solaris-x86, r-release-linux-ix86, r-release-linux-x86_64, r-release-osx-x86_64-mavericks, r-release-windows-ix86+x86_64, r-oldrel-windows-ix86+x86_64

Version: 0.1.1
Check: R code for possible problems
Result: NOTE
    plot.riley: no visible global function definition for ‘ellipse’
    uvmeta.default: no visible global function definition for ‘mle2’
Flavors: r-devel-linux-x86_64-debian-clang, r-devel-linux-x86_64-debian-gcc, r-devel-linux-x86_64-fedora-clang, r-devel-linux-x86_64-fedora-gcc, r-devel-osx-x86_64-clang, r-devel-windows-ix86+x86_64, r-patched-linux-x86_64, r-patched-solaris-sparc, r-patched-solaris-x86, r-release-linux-ix86, r-release-linux-x86_64, r-release-windows-ix86+x86_64

Version: 0.1.1
Check: dependencies in R code
Result: NOTE
    Packages in Depends field not imported from:
     'bbmle' 'ellipse' 'mvtnorm'
     These packages need to be imported from for the case when
     this namespace is loaded but not attached.
    See the information on DESCRIPTION files in the chapter 'Creating R
    packages' of the 'Writing R Extensions' manual.
Flavor: r-release-osx-x86_64-snowleopard