CRAN Package Check Results for Package metamisc

Last updated on 2015-05-28 12:47:52.

Flavor Version Tinstall Tcheck Ttotal Status Flags
r-devel-linux-x86_64-debian-clang 0.1.1 1.13 19.22 20.35 NOTE
r-devel-linux-x86_64-debian-gcc 0.1.1 1.10 18.72 19.82 NOTE
r-devel-linux-x86_64-fedora-clang 0.1.1 39.51 NOTE
r-devel-linux-x86_64-fedora-gcc 0.1.1 38.86 NOTE
r-devel-osx-x86_64-clang 0.1.1 39.06 NOTE
r-devel-windows-ix86+x86_64 0.1.1 5.00 33.00 38.00 NOTE
r-patched-linux-x86_64 0.1.1 1.08 18.93 20.01 NOTE
r-patched-solaris-sparc 0.1.1 280.80 NOTE
r-patched-solaris-x86 0.1.1 63.60 NOTE
r-release-linux-x86_64 0.1.1 1.10 18.54 19.64 NOTE
r-release-osx-x86_64-mavericks 0.1.1 NOTE
r-release-osx-x86_64-snowleopard 0.1.1 NOTE
r-release-windows-ix86+x86_64 0.1.1 5.00 30.00 35.00 NOTE
r-oldrel-windows-ix86+x86_64 0.1.1 8.00 38.00 46.00 NOTE

Check Details

Version: 0.1.1
Check: dependencies in R code
Result: NOTE
    Packages in Depends field not imported from:
     ‘bbmle’ ‘ellipse’ ‘mvtnorm’
     These packages need to be imported from (in the NAMESPACE file)
     for when this namespace is loaded but not attached.
Flavors: r-devel-linux-x86_64-debian-clang, r-devel-linux-x86_64-debian-gcc, r-devel-linux-x86_64-fedora-clang, r-devel-linux-x86_64-fedora-gcc, r-devel-osx-x86_64-clang, r-devel-windows-ix86+x86_64, r-patched-linux-x86_64, r-patched-solaris-sparc, r-patched-solaris-x86, r-release-linux-x86_64, r-release-osx-x86_64-mavericks, r-release-osx-x86_64-snowleopard, r-release-windows-ix86+x86_64, r-oldrel-windows-ix86+x86_64

Version: 0.1.1
Check: R code for possible problems
Result: NOTE
    plot.riley: no visible global function definition for ‘ellipse’
    uvmeta.default: no visible global function definition for ‘mle2’
Flavors: r-devel-linux-x86_64-debian-clang, r-devel-linux-x86_64-debian-gcc, r-devel-linux-x86_64-fedora-clang, r-devel-linux-x86_64-fedora-gcc, r-devel-osx-x86_64-clang, r-devel-windows-ix86+x86_64, r-patched-linux-x86_64, r-patched-solaris-sparc, r-patched-solaris-x86, r-release-linux-x86_64, r-release-osx-x86_64-mavericks, r-release-osx-x86_64-snowleopard, r-release-windows-ix86+x86_64, r-oldrel-windows-ix86+x86_64