CRAN Package Check Results for Package metamisc

Last updated on 2014-11-24 15:47:17.

Flavor Version Tinstall Tcheck Ttotal Status Flags
r-devel-linux-x86_64-debian-clang 0.1.1 1.26 23.68 24.93 NOTE
r-devel-linux-x86_64-debian-gcc 0.1.1 1.22 21.79 23.01 NOTE
r-devel-linux-x86_64-fedora-clang 0.1.1 52.70 NOTE
r-devel-linux-x86_64-fedora-gcc 0.1.1 49.16 NOTE
r-devel-osx-x86_64-clang 0.1.1 47.38 NOTE
r-devel-windows-ix86+x86_64 0.1.1 5.00 35.00 40.00 NOTE
r-patched-linux-x86_64 0.1.1 1.26 24.65 25.92 NOTE
r-patched-solaris-sparc 0.1.1 290.20 NOTE
r-patched-solaris-x86 0.1.1 76.60 NOTE
r-release-linux-ix86 0.1.1 1.86 28.85 30.71 NOTE
r-release-linux-x86_64 0.1.1 1.28 23.30 24.59 NOTE
r-release-osx-x86_64-mavericks 0.1.1 NOTE
r-release-osx-x86_64-snowleopard 0.1.1 NOTE
r-release-windows-ix86+x86_64 0.1.1 7.00 40.00 47.00 NOTE
r-oldrel-windows-ix86+x86_64 0.1.1 6.00 40.00 46.00 NOTE

Check Details

Version: 0.1.1
Check: dependencies in R code
Result: NOTE
    Packages in Depends field not imported from:
     ‘bbmle’ ‘ellipse’ ‘mvtnorm’
     These packages need to be imported from (in the NAMESPACE file)
     for when this namespace is loaded but not attached.
    See the information on DESCRIPTION files in the chapter ‘Creating R
    packages’ of the ‘Writing R Extensions’ manual.
Flavors: r-devel-linux-x86_64-debian-clang, r-devel-linux-x86_64-debian-gcc, r-devel-linux-x86_64-fedora-clang, r-devel-linux-x86_64-fedora-gcc, r-devel-osx-x86_64-clang, r-devel-windows-ix86+x86_64, r-patched-linux-x86_64, r-patched-solaris-sparc, r-patched-solaris-x86, r-release-linux-ix86, r-release-linux-x86_64, r-release-osx-x86_64-mavericks, r-release-windows-ix86+x86_64, r-oldrel-windows-ix86+x86_64

Version: 0.1.1
Check: R code for possible problems
Result: NOTE
    plot.riley: no visible global function definition for ‘ellipse’
    uvmeta.default: no visible global function definition for ‘mle2’
Flavors: r-devel-linux-x86_64-debian-clang, r-devel-linux-x86_64-debian-gcc, r-devel-linux-x86_64-fedora-clang, r-devel-linux-x86_64-fedora-gcc, r-devel-osx-x86_64-clang, r-devel-windows-ix86+x86_64, r-patched-linux-x86_64, r-patched-solaris-sparc, r-patched-solaris-x86, r-release-linux-ix86, r-release-linux-x86_64, r-release-windows-ix86+x86_64

Version: 0.1.1
Check: dependencies in R code
Result: NOTE
    Packages in Depends field not imported from:
     'bbmle' 'ellipse' 'mvtnorm'
     These packages need to be imported from for the case when
     this namespace is loaded but not attached.
    See the information on DESCRIPTION files in the chapter 'Creating R
    packages' of the 'Writing R Extensions' manual.
Flavor: r-release-osx-x86_64-snowleopard