CRAN Package Check Results for Package metamisc

Last updated on 2014-09-01 14:46:32.

Flavor Version Tinstall Tcheck Ttotal Status Flags
r-devel-linux-x86_64-debian-clang 0.1.1 1.24 22.32 23.56 NOTE
r-devel-linux-x86_64-debian-gcc 0.1.1 1.20 21.66 22.86 NOTE
r-devel-linux-x86_64-fedora-clang 0.1.1 51.01 NOTE
r-devel-linux-x86_64-fedora-gcc 0.1.1 46.41 NOTE
r-devel-osx-x86_64-clang 0.1.1 47.10 NOTE
r-devel-windows-ix86+x86_64 0.1.1 5.00 37.00 42.00 NOTE
r-patched-linux-x86_64 0.1.1 1.29 22.59 23.88 NOTE
r-patched-solaris-sparc 0.1.1 315.50 NOTE
r-patched-solaris-x86 0.1.1 77.40 NOTE
r-release-linux-ix86 0.1.1 1.81 30.87 32.68 NOTE
r-release-linux-x86_64 0.1.1 1.34 23.55 24.89 NOTE
r-release-osx-x86_64-mavericks 0.1.1 ERROR
r-release-osx-x86_64-snowleopard 0.1.1 NOTE
r-release-windows-ix86+x86_64 0.1.1 5.00 37.00 42.00 NOTE
r-oldrel-windows-ix86+x86_64 0.1.1 9.00 40.00 49.00 NOTE

Check Details

Version: 0.1.1
Check: dependencies in R code
Result: NOTE
    Packages in Depends field not imported from:
     ‘bbmle’ ‘ellipse’ ‘mvtnorm’
     These packages need to be imported from (in the NAMESPACE file)
     for when this namespace is loaded but not attached.
    See the information on DESCRIPTION files in the chapter ‘Creating R
    packages’ of the ‘Writing R Extensions’ manual.
Flavors: r-devel-linux-x86_64-debian-clang, r-devel-linux-x86_64-debian-gcc, r-devel-linux-x86_64-fedora-clang, r-devel-linux-x86_64-fedora-gcc, r-devel-osx-x86_64-clang, r-devel-windows-ix86+x86_64, r-patched-linux-x86_64, r-patched-solaris-sparc, r-patched-solaris-x86, r-release-linux-ix86, r-release-linux-x86_64, r-release-windows-ix86+x86_64, r-oldrel-windows-ix86+x86_64

Version: 0.1.1
Check: R code for possible problems
Result: NOTE
    plot.riley: no visible global function definition for ‘ellipse’
    uvmeta.default: no visible global function definition for ‘mle2’
Flavors: r-devel-linux-x86_64-debian-clang, r-devel-linux-x86_64-debian-gcc, r-devel-linux-x86_64-fedora-clang, r-devel-linux-x86_64-fedora-gcc, r-devel-osx-x86_64-clang, r-devel-windows-ix86+x86_64

Version: 0.1.1
Check: package dependencies
Result: ERROR
    Package required but not available: ‘rjags’
    
    See the information on DESCRIPTION files in the chapter ‘Creating R
    packages’ of the ‘Writing R Extensions’ manual.
Flavor: r-release-osx-x86_64-mavericks

Version: 0.1.1
Check: dependencies in R code
Result: NOTE
    Packages in Depends field not imported from:
     'bbmle' 'ellipse' 'mvtnorm'
     These packages need to be imported from for the case when
     this namespace is loaded but not attached.
    See the information on DESCRIPTION files in the chapter 'Creating R
    packages' of the 'Writing R Extensions' manual.
Flavor: r-release-osx-x86_64-snowleopard