CRAN Package Check Results for Package metamisc

Last updated on 2015-09-04 06:48:10.

Flavor Version Tinstall Tcheck Ttotal Status Flags
r-devel-linux-x86_64-debian-clang 0.1.1 1.05 18.23 19.28 NOTE
r-devel-linux-x86_64-debian-gcc 0.1.1 1.13 18.07 19.20 NOTE
r-devel-linux-x86_64-fedora-clang 0.1.1 40.07 NOTE
r-devel-linux-x86_64-fedora-gcc 0.1.1 36.83 NOTE
r-devel-osx-x86_64-clang 0.1.1 34.74 NOTE
r-devel-windows-ix86+x86_64 0.1.1 4.00 30.00 34.00 NOTE
r-patched-linux-x86_64 0.1.1 1.10 19.53 20.63 NOTE
r-patched-solaris-sparc 0.1.1 266.90 NOTE
r-patched-solaris-x86 0.1.1 64.90 NOTE
r-release-linux-x86_64 0.1.1 1.12 19.89 21.01 NOTE
r-release-osx-x86_64-mavericks 0.1.1 NOTE
r-release-windows-ix86+x86_64 0.1.1 5.00 32.00 37.00 NOTE
r-oldrel-windows-ix86+x86_64 0.1.1 9.00 44.00 53.00 NOTE

Check Details

Version: 0.1.1
Check: dependencies in R code
Result: NOTE
    Packages in Depends field not imported from:
     ‘bbmle’ ‘ellipse’ ‘mvtnorm’
     These packages need to be imported from (in the NAMESPACE file)
     for when this namespace is loaded but not attached.
Flavors: r-devel-linux-x86_64-debian-clang, r-devel-linux-x86_64-debian-gcc, r-devel-linux-x86_64-fedora-clang, r-devel-linux-x86_64-fedora-gcc, r-devel-osx-x86_64-clang, r-devel-windows-ix86+x86_64, r-patched-linux-x86_64, r-patched-solaris-sparc, r-patched-solaris-x86, r-release-linux-x86_64, r-release-osx-x86_64-mavericks, r-release-windows-ix86+x86_64, r-oldrel-windows-ix86+x86_64

Version: 0.1.1
Check: R code for possible problems
Result: NOTE
    plot.riley: no visible global function definition for ‘vcov’
    plot.riley: no visible global function definition for ‘ellipse’
    plot.riley: no visible global function definition for ‘plot’
    plot.riley: no visible global function definition for ‘polygon’
    plot.riley: no visible global function definition for ‘points’
    plot.riley: no visible global function definition for ‘text’
    plot.uvmeta: no visible global function definition for ‘qnorm’
    plot.uvmeta: no visible global function definition for ‘par’
    plot.uvmeta: no visible global function definition for ‘plot’
    plot.uvmeta: no visible global function definition for ‘axis’
    plot.uvmeta: no visible global function definition for ‘abline’
    plot.uvmeta: no visible global function definition for ‘points’
    plot.uvmeta: no visible global function definition for ‘lines’
    plot.uvmeta: no visible global function definition for ‘box’
    predict.riley: no visible global function definition for ‘coefficients’
    predict.riley: no visible global function definition for ‘qt’
    predict.riley: no visible global function definition for ‘vcov’
    rileyES: no visible global function definition for ‘optim’
    summary.riley: no visible global function definition for ‘confint’
    summary.uvmeta: no visible global function definition for ‘pchisq’
    uvmeta.default : calcProfile: no visible global function definition for
     ‘coef’
    uvmeta.default : calcProfile: no visible global function definition for
     ‘confint’
    uvmeta.default: no visible global function definition for ‘qnorm’
    uvmeta.default: no visible global function definition for ‘qt’
    uvmeta.default : mle.loglik.random: no visible global function
     definition for ‘dnorm’
    uvmeta.default : mle.loglik.fixed: no visible global function
     definition for ‘dnorm’
    uvmeta.default: no visible global function definition for ‘mle2’
    uvmeta.default: no visible global function definition for ‘coef’
    uvmeta.default: no visible global function definition for ‘vcov’
    uvmeta.default: no visible global function definition for ‘update’
    Undefined global functions or variables:
     abline axis box coef coefficients confint dnorm ellipse lines mle2
     optim par pchisq plot points polygon qnorm qt text update vcov
    Consider adding
     importFrom("graphics", "abline", "axis", "box", "lines", "par", "plot",
     "points", "polygon", "text")
     importFrom("stats", "coef", "coefficients", "confint", "dnorm",
     "optim", "pchisq", "qnorm", "qt", "update", "vcov")
    to your NAMESPACE.
Flavors: r-devel-linux-x86_64-debian-clang, r-devel-linux-x86_64-debian-gcc, r-devel-linux-x86_64-fedora-clang, r-devel-linux-x86_64-fedora-gcc, r-devel-windows-ix86+x86_64

Version: 0.1.1
Check: R code for possible problems
Result: NOTE
    plot.riley: no visible global function definition for ‘ellipse’
    uvmeta.default: no visible global function definition for ‘mle2’
    Undefined global functions or variables:
     ellipse mle2
Flavor: r-devel-osx-x86_64-clang

Version: 0.1.1
Check: R code for possible problems
Result: NOTE
    plot.riley: no visible global function definition for ‘ellipse’
    uvmeta.default: no visible global function definition for ‘mle2’
Flavors: r-patched-linux-x86_64, r-patched-solaris-sparc, r-patched-solaris-x86, r-release-linux-x86_64, r-release-osx-x86_64-mavericks, r-release-windows-ix86+x86_64, r-oldrel-windows-ix86+x86_64