CRAN Package Check Results for Package metamisc

Last updated on 2014-08-22 13:46:55.

Flavor Version Tinstall Tcheck Ttotal Status Flags
r-devel-linux-x86_64-debian-clang 0.1.1 1.27 22.30 23.56 NOTE
r-devel-linux-x86_64-debian-gcc 0.1.1 1.24 22.27 23.51 NOTE
r-devel-linux-x86_64-fedora-clang 0.1.1 50.73 NOTE
r-devel-linux-x86_64-fedora-gcc 0.1.1 46.52 NOTE
r-devel-osx-x86_64-clang 0.1.1 47.47 NOTE
r-devel-windows-ix86+x86_64 0.1.1 6.00 38.00 44.00 NOTE
r-patched-linux-x86_64 0.1.1 1.27 23.66 24.93 NOTE
r-patched-solaris-sparc 0.1.1 315.50 NOTE
r-patched-solaris-x86 0.1.1 77.40 NOTE
r-release-linux-ix86 0.1.1 1.79 31.11 32.90 NOTE
r-release-linux-x86_64 0.1.1 1.43 24.28 25.71 NOTE
r-release-osx-x86_64-mavericks 0.1.1 ERROR
r-release-osx-x86_64-snowleopard 0.1.1 NOTE
r-release-windows-ix86+x86_64 0.1.1 5.00 38.00 43.00 NOTE
r-oldrel-windows-ix86+x86_64 0.1.1 6.00 41.00 47.00 NOTE

Check Details

Version: 0.1.1
Check: dependencies in R code
Result: NOTE
    Packages in Depends field not imported from:
     ‘bbmle’ ‘ellipse’ ‘mvtnorm’
     These packages need to be imported from (in the NAMESPACE file)
     for when this namespace is loaded but not attached.
    See the information on DESCRIPTION files in the chapter ‘Creating R
    packages’ of the ‘Writing R Extensions’ manual.
Flavors: r-devel-linux-x86_64-debian-clang, r-devel-linux-x86_64-debian-gcc, r-devel-linux-x86_64-fedora-clang, r-devel-linux-x86_64-fedora-gcc, r-devel-osx-x86_64-clang, r-devel-windows-ix86+x86_64, r-patched-linux-x86_64, r-patched-solaris-sparc, r-patched-solaris-x86, r-release-linux-ix86, r-release-linux-x86_64, r-release-windows-ix86+x86_64, r-oldrel-windows-ix86+x86_64

Version: 0.1.1
Check: R code for possible problems
Result: NOTE
    plot.riley: no visible global function definition for ‘ellipse’
    uvmeta.default: no visible global function definition for ‘mle2’
Flavors: r-devel-linux-x86_64-fedora-clang, r-devel-linux-x86_64-fedora-gcc, r-devel-osx-x86_64-clang

Version: 0.1.1
Check: package dependencies
Result: ERROR
    Package required but not available: ‘rjags’
    
    See the information on DESCRIPTION files in the chapter ‘Creating R
    packages’ of the ‘Writing R Extensions’ manual.
Flavor: r-release-osx-x86_64-mavericks

Version: 0.1.1
Check: dependencies in R code
Result: NOTE
    Packages in Depends field not imported from:
     'bbmle' 'ellipse' 'mvtnorm'
     These packages need to be imported from for the case when
     this namespace is loaded but not attached.
    See the information on DESCRIPTION files in the chapter 'Creating R
    packages' of the 'Writing R Extensions' manual.
Flavor: r-release-osx-x86_64-snowleopard