CRAN Package Check Results for Package metamisc

Last updated on 2017-04-26 21:47:23.

Flavor Version Tinstall Tcheck Ttotal Status Flags
r-devel-linux-x86_64-debian-clang 0.1.4 3.42 48.73 52.15 OK
r-devel-linux-x86_64-debian-gcc 0.1.4 3.36 46.57 49.92 OK
r-devel-linux-x86_64-fedora-clang 0.1.4 115.47 OK --no-stop-on-test-error
r-devel-linux-x86_64-fedora-gcc 0.1.4 108.28 OK --no-stop-on-test-error
r-devel-windows-ix86+x86_64 0.1.4 13.00 91.00 104.00 OK
r-patched-linux-x86_64 0.1.4 3.61 46.58 50.19 OK
r-patched-solaris-sparc 0.1.4 666.20 OK
r-patched-solaris-x86 0.1.4 142.30 OK
r-release-linux-x86_64 0.1.4 3.37 46.82 50.19 OK
r-release-windows-ix86+x86_64 0.1.4 10.00 87.00 97.00 OK
r-release-osx-x86_64 0.1.4 NOTE
r-oldrel-windows-ix86+x86_64 0.1.4 6.00 107.00 113.00 OK
r-oldrel-osx-x86_64 0.1.4 OK

Check Details

Version: 0.1.4
Check: package dependencies
Result: NOTE
    Packages suggested but not available for checking: ‘runjags’ ‘rjags’
Flavor: r-release-osx-x86_64