CRAN Package Check Results for Package metamisc

Last updated on 2017-06-23 16:47:40.

Flavor Version Tinstall Tcheck Ttotal Status Flags
r-devel-linux-x86_64-debian-clang 0.1.4 3.36 47.90 51.26 OK
r-devel-linux-x86_64-debian-gcc 0.1.5 3.38 45.14 48.51 OK
r-devel-linux-x86_64-fedora-clang 0.1.5 102.73 OK
r-devel-linux-x86_64-fedora-gcc 0.1.5 99.22 OK
r-devel-windows-ix86+x86_64 0.1.4 9.00 94.00 103.00 OK
r-patched-linux-x86_64 0.1.5 3.11 44.85 47.96 OK
r-patched-solaris-sparc 0.1.4 666.20 OK
r-patched-solaris-x86 0.1.5 129.20 OK
r-release-linux-x86_64 0.1.4 3.48 46.82 50.30 OK
r-release-windows-ix86+x86_64 0.1.5 8.00 84.00 92.00 OK
r-release-osx-x86_64 0.1.4 NOTE
r-oldrel-windows-ix86+x86_64 0.1.4 13.00 98.00 111.00 OK
r-oldrel-osx-x86_64 0.1.4 OK

Check Details

Version: 0.1.4
Check: package dependencies
Result: NOTE
    Packages suggested but not available for checking: ‘runjags’ ‘rjags’
Flavor: r-release-osx-x86_64