CRAN Package Check Results for Package metatest

Last updated on 2015-03-30 17:49:07.

Flavor Version Tinstall Tcheck Ttotal Status Flags
r-devel-linux-x86_64-debian-clang 1.0-4 0.56 11.35 11.92 NOTE
r-devel-linux-x86_64-debian-gcc 1.0-4 0.54 10.47 11.00 NOTE
r-devel-linux-x86_64-fedora-clang 1.0-4 21.49 NOTE
r-devel-linux-x86_64-fedora-gcc 1.0-4 21.81 NOTE
r-devel-osx-x86_64-clang 1.0-4 29.15 NOTE
r-prerel-windows-ix86+x86_64 1.0-4 4.00 18.00 22.00 OK
r-prerel-linux-x86_64 1.0-4 0.56 10.76 11.32 NOTE
r-prerel-solaris-sparc 1.0-4 151.50 OK
r-prerel-solaris-x86 1.0-4 29.50 OK
r-release-linux-x86_64 1.0-4 0.57 11.28 11.85 OK
r-release-osx-x86_64-mavericks 1.0-4 OK
r-release-windows-ix86+x86_64 1.0-4 4.00 18.00 22.00 OK
r-oldrel-windows-ix86+x86_64 1.0-4 2.00 17.00 19.00 OK

Check Details

Version: 1.0-4
Check: S3 generic/method consistency
Result: NOTE
    Found the following apparent S3 methods exported but not registered:
     print.metatest summary.metatest
    See section ‘Registering S3 methods’ in the ‘Writing R Extensions’
    manual.
Flavors: r-devel-linux-x86_64-debian-clang, r-devel-linux-x86_64-debian-gcc, r-devel-linux-x86_64-fedora-clang, r-devel-linux-x86_64-fedora-gcc, r-devel-osx-x86_64-clang, r-prerel-linux-x86_64