CRAN Package Check Results for Package metatest

Last updated on 2015-08-05 03:48:09.

Flavor Version Tinstall Tcheck Ttotal Status Flags
r-devel-linux-x86_64-debian-clang 1.0-4 0.54 9.97 10.51 NOTE
r-devel-linux-x86_64-debian-gcc 1.0-4 0.52 10.25 10.76 NOTE
r-devel-linux-x86_64-fedora-clang 1.0-4 20.59 NOTE
r-devel-linux-x86_64-fedora-gcc 1.0-4 20.22 NOTE
r-devel-osx-x86_64-clang 1.0-4 21.25 NOTE
r-devel-windows-ix86+x86_64 1.0-4 3.00 18.00 21.00 NOTE
r-patched-linux-x86_64 1.0-4 0.60 10.29 10.89 NOTE
r-patched-solaris-sparc 1.0-4 138.60 NOTE
r-patched-solaris-x86 1.0-4 30.60 NOTE
r-release-linux-x86_64 1.0-4 0.52 11.02 11.54 NOTE
r-release-osx-x86_64-mavericks 1.0-4 OK
r-release-windows-ix86+x86_64 1.0-4 2.00 19.00 21.00 OK
r-oldrel-windows-ix86+x86_64 1.0-4 4.00 18.00 22.00 OK

Check Details

Version: 1.0-4
Check: S3 generic/method consistency
Result: NOTE
    Found the following apparent S3 methods exported but not registered:
     print.metatest summary.metatest
    See section ‘Registering S3 methods’ in the ‘Writing R Extensions’
    manual.
Flavors: r-devel-linux-x86_64-debian-clang, r-devel-linux-x86_64-debian-gcc, r-devel-linux-x86_64-fedora-clang, r-devel-linux-x86_64-fedora-gcc, r-devel-osx-x86_64-clang, r-patched-linux-x86_64, r-patched-solaris-sparc, r-patched-solaris-x86, r-release-linux-x86_64

Version: 1.0-4
Check: R code for possible problems
Result: NOTE
    estim: no visible global function definition for ‘var’
    metareg: no visible global function definition for ‘pchisq’
    metareg: no visible global function definition for ‘pnorm’
    metareg: no visible global function definition for ‘pt’
    metatest: no visible global function definition for ‘model.matrix’
    metatest: no visible global function definition for ‘model.response’
    permute: no visible global function definition for ‘rbinom’
    Undefined global functions or variables:
     model.matrix model.response pchisq pnorm pt rbinom var
    Consider adding
     importFrom("stats", "model.matrix", "model.response", "pchisq",
     "pnorm", "pt", "rbinom", "var")
    to your NAMESPACE.
Flavors: r-devel-linux-x86_64-debian-clang, r-devel-linux-x86_64-debian-gcc, r-devel-linux-x86_64-fedora-clang, r-devel-linux-x86_64-fedora-gcc, r-devel-windows-ix86+x86_64