CRAN Package Check Results for Package metatest

Last updated on 2015-01-30 23:48:49.

Flavor Version Tinstall Tcheck Ttotal Status Flags
r-devel-linux-x86_64-debian-clang 1.0-4 0.54 10.81 11.35 NOTE
r-devel-linux-x86_64-debian-gcc 1.0-4 0.60 10.76 11.36 NOTE
r-devel-linux-x86_64-fedora-clang 1.0-4 24.17 NOTE
r-devel-linux-x86_64-fedora-gcc 1.0-4 25.33 NOTE
r-devel-osx-x86_64-clang 1.0-4 27.46 NOTE
r-devel-windows-ix86+x86_64 1.0-4 3.00 18.00 21.00 OK
r-patched-linux-x86_64 1.0-4 0.70 11.27 11.97 OK
r-patched-solaris-sparc 1.0-4 148.40 OK
r-patched-solaris-x86 1.0-4 34.80 OK
r-release-linux-ix86 1.0-4 0.84 16.60 17.44 OK
r-release-linux-x86_64 1.0-4 0.58 11.30 11.88 OK
r-release-osx-x86_64-mavericks 1.0-4 OK
r-release-windows-ix86+x86_64 1.0-4 2.00 18.00 20.00 OK
r-oldrel-windows-ix86+x86_64 1.0-4 2.00 17.00 19.00 OK

Check Details

Version: 1.0-4
Check: S3 generic/method consistency
Result: NOTE
    Found the following apparent S3 methods exported but not registered:
     print.metatest summary.metatest
    See section ‘Registering S3 methods’ in the ‘Writing R Extensions’
    manual.
Flavors: r-devel-linux-x86_64-debian-clang, r-devel-linux-x86_64-debian-gcc, r-devel-linux-x86_64-fedora-clang, r-devel-linux-x86_64-fedora-gcc, r-devel-osx-x86_64-clang