CRAN Package Check Results for Package metatest

Last updated on 2015-07-04 16:46:30.

Flavor Version Tinstall Tcheck Ttotal Status Flags
r-devel-linux-x86_64-debian-clang 1.0-4 0.50 10.28 10.78 NOTE
r-devel-linux-x86_64-debian-gcc 1.0-4 0.50 10.44 10.93 NOTE
r-devel-linux-x86_64-fedora-clang 1.0-4 19.99 NOTE
r-devel-linux-x86_64-fedora-gcc 1.0-4 18.53 NOTE
r-devel-osx-x86_64-clang 1.0-4 21.19 NOTE
r-devel-windows-ix86+x86_64 1.0-4 4.00 26.00 30.00 OK
r-patched-linux-x86_64 1.0-4 0.52 10.36 10.88 NOTE
r-patched-solaris-sparc 1.0-4 142.10 NOTE
r-patched-solaris-x86 1.0-4 30.20 NOTE
r-release-linux-x86_64 1.0-4 0.52 10.28 10.80 NOTE
r-release-osx-x86_64-mavericks 1.0-4 OK
r-release-windows-ix86+x86_64 1.0-4 2.00 19.00 21.00 OK
r-oldrel-windows-ix86+x86_64 1.0-4 4.00 18.00 22.00 OK

Check Details

Version: 1.0-4
Check: S3 generic/method consistency
Result: NOTE
    Found the following apparent S3 methods exported but not registered:
     print.metatest summary.metatest
    See section ‘Registering S3 methods’ in the ‘Writing R Extensions’
    manual.
Flavors: r-devel-linux-x86_64-debian-clang, r-devel-linux-x86_64-debian-gcc, r-devel-linux-x86_64-fedora-clang, r-devel-linux-x86_64-fedora-gcc, r-devel-osx-x86_64-clang, r-patched-linux-x86_64, r-patched-solaris-sparc, r-patched-solaris-x86, r-release-linux-x86_64

Version: 1.0-4
Check: R code for possible problems
Result: NOTE
    estim: no visible global function definition for ‘var’
    metareg: no visible global function definition for ‘pchisq’
    metareg: no visible global function definition for ‘pnorm’
    metareg: no visible global function definition for ‘pt’
    metatest: no visible global function definition for ‘model.matrix’
    metatest: no visible global function definition for ‘model.response’
    permute: no visible global function definition for ‘rbinom’
    Undefined global functions or variables:
     model.matrix model.response pchisq pnorm pt rbinom var
Flavors: r-devel-linux-x86_64-debian-clang, r-devel-linux-x86_64-debian-gcc, r-devel-linux-x86_64-fedora-clang, r-devel-linux-x86_64-fedora-gcc