CRAN Package Check Results for Package metatest

Last updated on 2015-04-19 10:51:54.

Flavor Version Tinstall Tcheck Ttotal Status Flags
r-devel-linux-x86_64-debian-clang 1.0-4 0.54 10.50 11.04 NOTE
r-devel-linux-x86_64-debian-gcc 1.0-4 0.54 10.34 10.88 NOTE
r-devel-linux-x86_64-fedora-clang 1.0-4 21.92 NOTE
r-devel-linux-x86_64-fedora-gcc 1.0-4 20.93 NOTE
r-devel-osx-x86_64-clang 1.0-4 26.02 NOTE
r-devel-windows-ix86+x86_64 1.0-4 3.00 17.00 20.00 OK
r-patched-linux-x86_64 1.0-4 0.53 11.50 12.03 NOTE
r-patched-solaris-sparc 1.0-4 151.50 OK
r-patched-solaris-x86 1.0-4 30.10 OK
r-release-linux-x86_64 1.0-4 0.58 10.58 11.16 NOTE
r-release-osx-x86_64-mavericks 1.0-4 OK
r-release-osx-x86_64-snowleopard 1.0-4 OK
r-release-windows-ix86+x86_64 1.0-4 2.00 20.00 22.00 OK
r-oldrel-windows-ix86+x86_64 1.0-4 4.00 18.00 22.00 OK

Check Details

Version: 1.0-4
Check: S3 generic/method consistency
Result: NOTE
    Found the following apparent S3 methods exported but not registered:
     print.metatest summary.metatest
    See section ‘Registering S3 methods’ in the ‘Writing R Extensions’
    manual.
Flavors: r-devel-linux-x86_64-debian-clang, r-devel-linux-x86_64-debian-gcc, r-devel-linux-x86_64-fedora-clang, r-devel-linux-x86_64-fedora-gcc, r-devel-osx-x86_64-clang, r-patched-linux-x86_64, r-release-linux-x86_64