CRAN Package Check Results for Package metatest

Last updated on 2017-02-21 23:50:52.

Flavor Version Tinstall Tcheck Ttotal Status Flags
r-devel-linux-x86_64-debian-clang 1.0-4 0.68 12.76 13.44 NOTE
r-devel-linux-x86_64-debian-gcc 1.0-4 0.57 13.04 13.61 NOTE
r-devel-linux-x86_64-fedora-clang 1.0-4 21.96 NOTE --no-stop-on-test-error
r-devel-linux-x86_64-fedora-gcc 1.0-4 21.12 NOTE --no-stop-on-test-error
r-devel-macos-x86_64-clang 1.0-4 20.38 NOTE --no-stop-on-test-error
r-devel-windows-ix86+x86_64 1.0-4 2.00 38.00 40.00 NOTE
r-patched-linux-x86_64 1.0-4 0.55 10.53 11.08 NOTE
r-patched-solaris-sparc 1.0-4 124.20 NOTE
r-patched-solaris-x86 1.0-4 26.10 NOTE
r-release-linux-x86_64 1.0-4 0.52 10.54 11.05 NOTE
r-release-osx-x86_64-mavericks 1.0-4 NOTE
r-release-windows-ix86+x86_64 1.0-4 3.00 27.00 30.00 NOTE
r-oldrel-windows-ix86+x86_64 1.0-4 3.00 26.00 29.00 OK

Check Details

Version: 1.0-4
Check: S3 generic/method consistency
Result: NOTE
    Found the following apparent S3 methods exported but not registered:
     print.metatest summary.metatest
    See section ‘Registering S3 methods’ in the ‘Writing R Extensions’
    manual.
Flavors: r-devel-linux-x86_64-debian-clang, r-devel-linux-x86_64-debian-gcc, r-patched-linux-x86_64, r-patched-solaris-sparc, r-patched-solaris-x86, r-release-linux-x86_64

Version: 1.0-4
Check: R code for possible problems
Result: NOTE
    estim: no visible global function definition for ‘var’
    metareg: no visible global function definition for ‘pchisq’
    metareg: no visible global function definition for ‘pnorm’
    metareg: no visible global function definition for ‘pt’
    metatest: no visible global function definition for ‘model.matrix’
    metatest: no visible global function definition for ‘model.response’
    permute: no visible global function definition for ‘rbinom’
    Undefined global functions or variables:
     model.matrix model.response pchisq pnorm pt rbinom var
    Consider adding
     importFrom("stats", "model.matrix", "model.response", "pchisq",
     "pnorm", "pt", "rbinom", "var")
    to your NAMESPACE file.
Flavors: r-devel-linux-x86_64-debian-clang, r-devel-linux-x86_64-debian-gcc, r-devel-windows-ix86+x86_64, r-patched-linux-x86_64, r-patched-solaris-sparc, r-patched-solaris-x86, r-release-linux-x86_64, r-release-osx-x86_64-mavericks, r-release-windows-ix86+x86_64

Version: 1.0-4
Flags: --no-stop-on-test-error
Check: S3 generic/method consistency
Result: NOTE
    Found the following apparent S3 methods exported but not registered:
     print.metatest summary.metatest
    See section ‘Registering S3 methods’ in the ‘Writing R Extensions’
    manual.
Flavors: r-devel-linux-x86_64-fedora-clang, r-devel-linux-x86_64-fedora-gcc, r-devel-macos-x86_64-clang

Version: 1.0-4
Flags: --no-stop-on-test-error
Check: R code for possible problems
Result: NOTE
    estim: no visible global function definition for ‘var’
    metareg: no visible global function definition for ‘pchisq’
    metareg: no visible global function definition for ‘pnorm’
    metareg: no visible global function definition for ‘pt’
    metatest: no visible global function definition for ‘model.matrix’
    metatest: no visible global function definition for ‘model.response’
    permute: no visible global function definition for ‘rbinom’
    Undefined global functions or variables:
     model.matrix model.response pchisq pnorm pt rbinom var
    Consider adding
     importFrom("stats", "model.matrix", "model.response", "pchisq",
     "pnorm", "pt", "rbinom", "var")
    to your NAMESPACE file.
Flavors: r-devel-linux-x86_64-fedora-clang, r-devel-linux-x86_64-fedora-gcc, r-devel-macos-x86_64-clang