Last updated on 2025-01-20 03:48:42 CET.
Flavor | Version | Tinstall | Tcheck | Ttotal | Status | Flags |
---|---|---|---|---|---|---|
r-devel-linux-x86_64-debian-clang | 0.1.1 | 32.70 | 209.56 | 242.26 | NOTE | |
r-devel-linux-x86_64-debian-gcc | 0.1.1 | 24.66 | 123.87 | 148.53 | NOTE | |
r-devel-linux-x86_64-fedora-clang | 0.1.1 | 308.29 | NOTE | |||
r-devel-linux-x86_64-fedora-gcc | 0.1.1 | 596.79 | NOTE | |||
r-devel-windows-x86_64 | 0.1.1 | 36.00 | 185.00 | 221.00 | NOTE | |
r-patched-linux-x86_64 | 0.1.1 | 34.17 | 205.13 | 239.30 | NOTE | |
r-release-linux-x86_64 | 0.1.1 | 33.93 | 178.09 | 212.02 | NOTE | |
r-release-macos-arm64 | 0.1.1 | 98.00 | NOTE | |||
r-release-macos-x86_64 | 0.1.1 | 146.00 | NOTE | |||
r-release-windows-x86_64 | 0.1.1 | 37.00 | 256.00 | 293.00 | NOTE | |
r-oldrel-macos-arm64 | 0.1.1 | 107.00 | NOTE | |||
r-oldrel-macos-x86_64 | 0.1.1 | 167.00 | NOTE | |||
r-oldrel-windows-x86_64 | 0.1.1 | 42.00 | 309.00 | 351.00 | NOTE |
Version: 0.1.1
Check: C++ specification
Result: NOTE
Specified C++11: please drop specification unless essential
Flavors: r-devel-linux-x86_64-debian-clang, r-devel-linux-x86_64-debian-gcc, r-devel-linux-x86_64-fedora-clang, r-devel-linux-x86_64-fedora-gcc, r-devel-windows-x86_64, r-patched-linux-x86_64, r-release-linux-x86_64, r-release-macos-arm64, r-release-macos-x86_64, r-release-windows-x86_64, r-oldrel-macos-arm64, r-oldrel-macos-x86_64, r-oldrel-windows-x86_64
Version: 0.1.1
Check: installed package size
Result: NOTE
installed size is 7.3Mb
sub-directories of 1Mb or more:
doc 2.3Mb
help 2.0Mb
libs 2.6Mb
Flavors: r-release-macos-arm64, r-release-macos-x86_64, r-release-windows-x86_64, r-oldrel-macos-arm64, r-oldrel-macos-x86_64, r-oldrel-windows-x86_64