CRAN Package Check Results for Package metrumrg

Last updated on 2014-07-22 19:47:53.

Flavor Version Tinstall Tcheck Ttotal Status Flags
r-devel-linux-x86_64-debian-clang 5.55 4.70 61.43 66.13 OK
r-devel-linux-x86_64-debian-gcc 5.55 4.59 60.83 65.42 OK
r-devel-linux-x86_64-fedora-clang 5.55 147.27 OK
r-devel-linux-x86_64-fedora-gcc 5.55 136.77 OK
r-devel-osx-x86_64-clang 5.55 115.08 OK
r-devel-windows-ix86+x86_64 5.55 16.00 90.00 106.00 NOTE
r-patched-linux-x86_64 5.55 4.46 64.59 69.05 OK
r-patched-solaris-sparc 5.55 766.70 NOTE
r-patched-solaris-x86 5.55 165.90 NOTE
r-release-linux-ix86 5.55 5.58 73.03 78.61 OK
r-release-linux-x86_64 5.55 4.46 62.80 67.26 OK
r-release-osx-x86_64-mavericks 5.55 OK
r-release-osx-x86_64-snowleopard 5.55 OK
r-release-windows-ix86+x86_64 5.55 13.00 93.00 106.00 NOTE
r-oldrel-windows-ix86+x86_64 5.55 14.00 92.00 106.00 NOTE

Check Details

Version: 5.55
Check: package dependencies
Result: NOTE
    Package suggested but not available for checking: 'fork'
Flavors: r-devel-windows-ix86+x86_64, r-patched-solaris-sparc, r-patched-solaris-x86, r-release-windows-ix86+x86_64, r-oldrel-windows-ix86+x86_64