CRAN Package Check Results for Package metrumrg

Last updated on 2014-11-23 12:46:35.

Flavor Version Tinstall Tcheck Ttotal Status Flags
r-devel-linux-x86_64-debian-clang 5.55 4.96 62.47 67.43 NOTE
r-devel-linux-x86_64-debian-gcc 5.55 4.76 59.25 64.01 NOTE
r-devel-linux-x86_64-fedora-clang 5.55 144.11 NOTE
r-devel-linux-x86_64-fedora-gcc 5.55 135.29 NOTE
r-devel-osx-x86_64-clang 5.55 120.70 NOTE
r-devel-windows-ix86+x86_64 5.55 14.00 83.00 97.00 NOTE
r-patched-linux-x86_64 5.55 4.36 65.57 69.92 NOTE
r-patched-solaris-sparc 5.55 805.50 NOTE
r-patched-solaris-x86 5.55 168.50 NOTE
r-release-linux-ix86 5.55 5.34 70.75 76.10 NOTE
r-release-linux-x86_64 5.55 4.42 64.00 68.42 NOTE
r-release-osx-x86_64-mavericks 5.55 OK
r-release-osx-x86_64-snowleopard 5.55 OK
r-release-windows-ix86+x86_64 5.55 14.00 95.00 109.00 NOTE
r-oldrel-windows-ix86+x86_64 5.55 13.00 92.00 105.00 NOTE

Check Details

Version: 5.55
Check: R code for possible problems
Result: NOTE
    PLOTR: no visible global function definition for ‘melt’
    aggregate.keyed: no visible global function definition for ‘melt’
    as.unilog.pxml: no visible global function definition for ‘melt’
    as.unilog.runlog: no visible global function definition for ‘melt’
    cast: no visible global function definition for ‘guess_value’
    covariatePlots: no visible global function definition for ‘melt’
    cwresPlots: no visible global function definition for ‘melt’
    diagnosticPlots: no visible global function definition for ‘melt’
    inner.data.frame: no visible global function definition for ‘melt’
    melt.keyed: no visible global function definition for ‘melt’
    plot.nm: no visible global function definition for ‘melt’
    summary.hidden.data.frame: no visible global function definition for
     ‘melt’
    xyplotExt: no visible global function definition for ‘melt’
    cast,keyed: no visible global function definition for ‘guess_value’
Flavors: r-devel-linux-x86_64-debian-clang, r-devel-linux-x86_64-debian-gcc, r-devel-linux-x86_64-fedora-clang, r-devel-linux-x86_64-fedora-gcc, r-devel-osx-x86_64-clang, r-devel-windows-ix86+x86_64, r-patched-linux-x86_64, r-patched-solaris-sparc, r-patched-solaris-x86, r-release-linux-ix86, r-release-linux-x86_64, r-release-windows-ix86+x86_64

Version: 5.55
Check: package dependencies
Result: NOTE
    Package suggested but not available for checking: 'fork'
Flavors: r-devel-windows-ix86+x86_64, r-patched-solaris-sparc, r-patched-solaris-x86, r-release-windows-ix86+x86_64, r-oldrel-windows-ix86+x86_64