CRAN Package Check Results for Package metrumrg

Last updated on 2014-04-24 21:47:44.

Flavor Version Tinstall Tcheck Ttotal Status Flags
r-devel-linux-x86_64-debian-clang 5.55 5.21 65.32 70.52 OK
r-devel-linux-x86_64-debian-gcc 5.55 5.10 65.34 70.45 OK
r-devel-linux-x86_64-fedora-clang 5.55 143.19 OK
r-devel-linux-x86_64-fedora-gcc 5.55 137.75 OK
r-devel-osx-x86_64-clang 5.55 103.75 OK
r-devel-osx-x86_64-gcc 5.55 ERROR
r-devel-windows-ix86+x86_64 5.55 11.00 83.00 94.00 NOTE
r-patched-linux-x86_64 5.55 4.70 64.49 69.20 OK
r-patched-solaris-sparc 5.55 766.70 NOTE
r-patched-solaris-x86 5.55 164.80 NOTE
r-release-linux-ix86 5.55 7.00 98.00 105.00 OK
r-release-linux-x86_64 5.55 4.73 64.46 69.19 OK
r-release-osx-x86_64-mavericks 5.55 WARN
r-release-osx-x86_64-snowleopard 5.55 OK
r-release-windows-ix86+x86_64 5.55 13.00 97.00 110.00 NOTE
r-oldrel-windows-ix86+x86_64 5.55 13.00 84.00 97.00 NOTE

Check Details

Version: 5.55
Check: package dependencies
Result: ERROR
    Package required but not available: ‘XML’
    
    See the information on DESCRIPTION files in the chapter ‘Creating R
    packages’ of the ‘Writing R Extensions’ manual.
Flavor: r-devel-osx-x86_64-gcc

Version: 5.55
Check: package dependencies
Result: NOTE
    Package suggested but not available for checking: 'fork'
Flavors: r-devel-windows-ix86+x86_64, r-patched-solaris-sparc, r-patched-solaris-x86, r-release-windows-ix86+x86_64, r-oldrel-windows-ix86+x86_64

Version: 5.55
Check: PDF version of manual
Result: WARNING
    LaTeX errors when creating PDF version.
    This typically indicates Rd problems.
    LaTeX errors found:
    ! LaTeX Error: File `upquote.sty' not found.
    
    Type X to quit or <RETURN> to proceed,
    or enter new name. (Default extension: sty)
    
    5af9f8/Rd2.tex:8: ==> Fatal error occurred, no output PDF file produced!
Flavor: r-release-osx-x86_64-mavericks