CRAN Package Check Results for Package metrumrg

Last updated on 2014-10-31 21:47:57.

Flavor Version Tinstall Tcheck Ttotal Status Flags
r-devel-linux-x86_64-debian-clang 5.55 4.66 60.72 65.38 NOTE
r-devel-linux-x86_64-debian-gcc 5.55 4.19 62.24 66.43 NOTE
r-devel-linux-x86_64-fedora-clang 5.55 139.52 NOTE
r-devel-linux-x86_64-fedora-gcc 5.55 132.54 NOTE
r-devel-osx-x86_64-clang 5.55 121.37 NOTE
r-devel-windows-ix86+x86_64 5.55 14.00 88.00 102.00 NOTE
r-patched-linux-x86_64 5.55 4.72 63.59 68.31 NOTE
r-patched-solaris-sparc 5.55 805.50 NOTE
r-patched-solaris-x86 5.55 169.80 NOTE
r-release-linux-ix86 5.55 5.56 73.47 79.03 OK
r-release-linux-x86_64 5.55 5.07 63.52 68.60 OK
r-release-osx-x86_64-mavericks 5.55 OK
r-release-osx-x86_64-snowleopard 5.55 OK
r-release-windows-ix86+x86_64 5.55 15.00 86.00 101.00 NOTE
r-oldrel-windows-ix86+x86_64 5.55 13.00 93.00 106.00 NOTE

Check Details

Version: 5.55
Check: R code for possible problems
Result: NOTE
    PLOTR: no visible global function definition for ‘melt’
    aggregate.keyed: no visible global function definition for ‘melt’
    as.unilog.pxml: no visible global function definition for ‘melt’
    as.unilog.runlog: no visible global function definition for ‘melt’
    cast: no visible global function definition for ‘guess_value’
    covariatePlots: no visible global function definition for ‘melt’
    cwresPlots: no visible global function definition for ‘melt’
    diagnosticPlots: no visible global function definition for ‘melt’
    inner.data.frame: no visible global function definition for ‘melt’
    melt.keyed: no visible global function definition for ‘melt’
    plot.nm: no visible global function definition for ‘melt’
    summary.hidden.data.frame: no visible global function definition for
     ‘melt’
    xyplotExt: no visible global function definition for ‘melt’
    cast,keyed: no visible global function definition for ‘guess_value’
Flavors: r-devel-linux-x86_64-debian-clang, r-devel-linux-x86_64-debian-gcc, r-devel-linux-x86_64-fedora-clang, r-devel-linux-x86_64-fedora-gcc, r-devel-osx-x86_64-clang, r-devel-windows-ix86+x86_64, r-patched-linux-x86_64, r-patched-solaris-sparc, r-patched-solaris-x86

Version: 5.55
Check: package dependencies
Result: NOTE
    Package suggested but not available for checking: 'fork'
Flavors: r-devel-windows-ix86+x86_64, r-patched-solaris-sparc, r-patched-solaris-x86, r-release-windows-ix86+x86_64, r-oldrel-windows-ix86+x86_64