CRAN Package Check Results for Package mets

Last updated on 2014-12-21 11:46:38.

Flavor Version Tinstall Tcheck Ttotal Status Flags
r-devel-linux-x86_64-debian-clang 1.0 68.45 61.69 130.14 NOTE
r-devel-linux-x86_64-debian-gcc 1.0 78.15 62.16 140.31 NOTE
r-devel-linux-x86_64-fedora-clang 1.0 291.66 NOTE
r-devel-linux-x86_64-fedora-gcc 1.0 258.47 NOTE
r-devel-osx-x86_64-clang 1.0 185.98 OK
r-devel-windows-ix86+x86_64 1.0 229.00 116.00 345.00 NOTE
r-patched-linux-x86_64 1.0 78.04 63.14 141.18 NOTE
r-patched-solaris-sparc 1.0 1628.70 NOTE
r-patched-solaris-x86 1.0 331.80 NOTE
r-release-linux-ix86 1.0 95.95 74.70 170.65 NOTE
r-release-linux-x86_64 1.0 78.73 66.03 144.76 NOTE
r-release-osx-x86_64-mavericks 1.0 NOTE
r-release-osx-x86_64-snowleopard 1.0 WARN
r-release-windows-ix86+x86_64 1.0 217.00 128.00 345.00 NOTE
r-oldrel-windows-ix86+x86_64 1.0 215.00 133.00 348.00 NOTE

Check Details

Version: 1.0
Check: installed package size
Result: NOTE
     installed size is 12.4Mb
     sub-directories of 1Mb or more:
     libs 10.0Mb
Flavors: r-devel-linux-x86_64-debian-clang, r-devel-linux-x86_64-debian-gcc, r-devel-linux-x86_64-fedora-clang, r-devel-linux-x86_64-fedora-gcc, r-devel-windows-ix86+x86_64, r-patched-linux-x86_64, r-patched-solaris-sparc, r-patched-solaris-x86, r-release-linux-ix86, r-release-linux-x86_64, r-release-osx-x86_64-mavericks, r-release-osx-x86_64-snowleopard, r-release-windows-ix86+x86_64, r-oldrel-windows-ix86+x86_64

Version: 1.0
Check: whether package can be installed
Result: WARN
    Found the following significant warnings:
     /usr/include/c++/4.2.1/backward/backward_warning.h:32:2: warning: #warning This file includes at least one deprecated or antiquated header. Please consider using one of the 32 headers found in section 17.4.1.2 of the C++ standard. Examples include substituting the <X> header for the <X.h> header for C++ includes, or <iostream> instead of the deprecated header <iostream.h>. To disable this warning use -Wno-deprecated.
Flavor: r-release-osx-x86_64-snowleopard