CRAN Package Check Results for Package mets

Last updated on 2017-05-28 21:47:00.

Flavor Version Tinstall Tcheck Ttotal Status Flags
r-devel-linux-x86_64-debian-clang 1.2.2 144.63 137.01 281.64 OK
r-devel-linux-x86_64-debian-gcc 1.2.2 151.74 134.21 285.95 OK
r-devel-linux-x86_64-fedora-clang 1.2.2 538.66 NOTE
r-devel-linux-x86_64-fedora-gcc 1.2.2 531.73 NOTE
r-devel-windows-ix86+x86_64 1.2.2 381.00 377.00 758.00 NOTE
r-patched-linux-x86_64 1.2.2 133.74 136.42 270.16 OK
r-patched-solaris-sparc 1.2.2 2618.70 NOTE
r-patched-solaris-x86 1.2.2 535.00 NOTE
r-release-linux-x86_64 1.2.2 128.54 132.15 260.69 OK
r-release-windows-ix86+x86_64 1.2.2 499.00 378.00 877.00 NOTE
r-release-osx-x86_64 1.2.2 WARN
r-oldrel-windows-ix86+x86_64 1.2.2 467.00 275.00 742.00 NOTE
r-oldrel-osx-x86_64 1.2.2 NOTE

Check Details

Version: 1.2.2
Check: installed package size
Result: NOTE
     installed size is 17.3Mb
     sub-directories of 1Mb or more:
     doc 1.0Mb
     libs 13.0Mb
     misc 1.1Mb
Flavors: r-devel-linux-x86_64-fedora-clang, r-devel-linux-x86_64-fedora-gcc, r-devel-windows-ix86+x86_64, r-patched-solaris-sparc, r-patched-solaris-x86, r-release-windows-ix86+x86_64, r-release-osx-x86_64, r-oldrel-windows-ix86+x86_64, r-oldrel-osx-x86_64

Version: 1.2.2
Check: re-building of vignette outputs
Result: WARN
    Error in re-building vignettes:
     ...
    Error: processing vignette 'basic-dutils.ltx' failed with diagnostics:
    Running 'texi2dvi' on 'basic-dutils.ltx' failed.
    LaTeX errors:
    ! LaTeX Error: File `tufte-handout.cls' not found.
    
    Type X to quit or <RETURN> to proceed,
    or enter new name. (Default extension: cls)
    
    ! Emergency stop.
    <read *>
    
    l.10 \usepackage
     {etex}^^M
    ! ==> Fatal error occurred, no output PDF file produced!
    Execution halted
Flavor: r-release-osx-x86_64