CRAN Package Check Results for Package mets

Last updated on 2014-04-20 03:47:31.

Flavor Version Tinstall Tcheck Ttotal Status Flags
r-devel-linux-x86_64-debian-clang 0.2.7 65.32 59.73 125.05 NOTE
r-devel-linux-x86_64-debian-gcc 0.2.7 73.62 58.85 132.47 NOTE
r-devel-linux-x86_64-fedora-clang 0.2.7 256.09 NOTE
r-devel-linux-x86_64-fedora-gcc 0.2.7 252.13 NOTE
r-devel-macosx-x86_64-clang 0.2.7 164.01 OK
r-devel-macosx-x86_64-gcc 0.2.7 NOTE
r-devel-windows-ix86+x86_64 0.2.7 189.00 113.00 302.00 OK
r-patched-linux-x86_64 0.2.7 73.82 58.62 132.44 NOTE
r-patched-solaris-sparc 0.2.7 1546.70 NOTE
r-patched-solaris-x86 0.2.7 295.60 NOTE
r-release-linux-ix86 NOTE
r-release-linux-x86_64 0.2.7 73.12 59.23 132.34 NOTE
r-release-macosx-x86_64 0.2.7 NOTE
r-release-windows-ix86+x86_64 0.2.7 246.00 116.00 362.00 OK
r-oldrel-windows-ix86+x86_64 0.2.7 198.00 121.00 319.00 OK

Check Details

Version: 0.2.7
Check: installed package size
Result: NOTE
     installed size is 10.2Mb
     sub-directories of 1Mb or more:
     libs 7.9Mb
Flavors: r-devel-linux-x86_64-debian-clang, r-devel-linux-x86_64-debian-gcc, r-devel-linux-x86_64-fedora-clang, r-devel-linux-x86_64-fedora-gcc, r-devel-macosx-x86_64-gcc, r-patched-linux-x86_64, r-patched-solaris-sparc, r-patched-solaris-x86, r-release-linux-ix86, r-release-linux-x86_64, r-release-macosx-x86_64