CRAN Package Check Results for Package mets

Last updated on 2018-06-22 18:46:46 CEST.

Flavor Version Tinstall Tcheck Ttotal Status Flags
r-devel-linux-x86_64-debian-clang 1.2.3.1 242.26 228.95 471.21 WARN
r-devel-linux-x86_64-debian-gcc 1.2.3.1 194.20 176.52 370.72 OK
r-devel-linux-x86_64-fedora-clang 1.2.3.1 614.73 WARN
r-devel-linux-x86_64-fedora-gcc 1.2.3.1 555.67 OK
r-devel-windows-ix86+x86_64 1.2.3.1 372.00 321.00 693.00 NOTE
r-patched-linux-x86_64 1.2.3.1 237.31 215.34 452.65 OK
r-patched-solaris-x86 1.2.3.1 577.80 NOTE
r-release-linux-x86_64 1.2.3.1 224.05 212.16 436.21 OK
r-release-windows-ix86+x86_64 1.2.3.1 388.00 322.00 710.00 NOTE
r-release-osx-x86_64 1.2.3.1 WARN
r-oldrel-windows-ix86+x86_64 1.2.3.1 438.00 342.00 780.00 NOTE
r-oldrel-osx-x86_64 1.2.3.1 NOTE

Check Details

Version: 1.2.3.1
Check: whether package can be installed
Result: WARN
    Found the following significant warnings:
     binomial-twostage.cpp:78:4: warning: explicitly assigning value of variable of type 'double' to itself [-Wself-assign]
     binomial-twostage.cpp:280:4: warning: explicitly assigning value of variable of type 'double' to itself [-Wself-assign]
Flavors: r-devel-linux-x86_64-debian-clang, r-devel-linux-x86_64-fedora-clang, r-release-osx-x86_64

Version: 1.2.3.1
Check: installed package size
Result: NOTE
     installed size is 20.6Mb
     sub-directories of 1Mb or more:
     doc 1.0Mb
     libs 16.2Mb
     misc 1.1Mb
Flavors: r-devel-linux-x86_64-fedora-clang, r-devel-windows-ix86+x86_64, r-patched-solaris-x86, r-release-windows-ix86+x86_64, r-release-osx-x86_64, r-oldrel-windows-ix86+x86_64, r-oldrel-osx-x86_64