CRAN Package Check Results for Package mets

Last updated on 2017-11-23 11:52:29 CET.

Flavor Version Tinstall Tcheck Ttotal Status Flags
r-devel-linux-x86_64-debian-clang 1.2.2 141.93 196.80 338.73 OK
r-devel-linux-x86_64-debian-gcc 1.2.2 171.82 272.41 444.23 OK
r-devel-linux-x86_64-fedora-clang 1.2.2 510.47 NOTE
r-devel-linux-x86_64-fedora-gcc 1.2.2 513.92 NOTE
r-devel-windows-ix86+x86_64 1.2.2 362.00 389.00 751.00 NOTE
r-patched-linux-x86_64 1.2.2 201.12 328.64 529.76 OK
r-patched-solaris-x86 1.2.2 583.20 NOTE
r-release-linux-x86_64 1.2.2 151.94 126.55 278.49 OK
r-release-windows-ix86+x86_64 1.2.2 392.00 288.00 680.00 NOTE
r-release-osx-x86_64 1.2.2 WARN
r-oldrel-windows-ix86+x86_64 1.2.2 398.00 302.00 700.00 NOTE
r-oldrel-osx-x86_64 1.2.2 NOTE

Check Details

Version: 1.2.2
Check: installed package size
Result: NOTE
     installed size is 17.9Mb
     sub-directories of 1Mb or more:
     doc 1.0Mb
     libs 13.7Mb
     misc 1.1Mb
Flavors: r-devel-linux-x86_64-fedora-clang, r-devel-linux-x86_64-fedora-gcc, r-devel-windows-ix86+x86_64, r-patched-solaris-x86, r-release-windows-ix86+x86_64, r-release-osx-x86_64, r-oldrel-windows-ix86+x86_64, r-oldrel-osx-x86_64

Version: 1.2.2
Check: re-building of vignette outputs
Result: WARN
    Error in re-building vignettes:
     ...
    Error: processing vignette 'basic-dutils.ltx' failed with diagnostics:
    Running 'texi2dvi' on 'basic-dutils.ltx' failed.
    LaTeX errors:
    ! LaTeX Error: File `tufte-handout.cls' not found.
    
    Type X to quit or <RETURN> to proceed,
    or enter new name. (Default extension: cls)
    
    ! Emergency stop.
    <read *>
    
    l.10 \usepackage
     {etex}^^M
    ! ==> Fatal error occurred, no output PDF file produced!
    Execution halted
Flavor: r-release-osx-x86_64