Last updated on 2018-04-25 19:47:15 CEST.
Flavor | Version | Tinstall | Tcheck | Ttotal | Status | Flags |
---|---|---|---|---|---|---|
r-devel-linux-x86_64-debian-clang | 1.2.3 | 249.58 | 221.34 | 470.92 | WARN | |
r-devel-linux-x86_64-debian-gcc | 1.2.3 | 189.12 | 164.91 | 354.03 | OK | |
r-devel-linux-x86_64-fedora-clang | 1.2.3 | 602.99 | WARN | |||
r-devel-linux-x86_64-fedora-gcc | 1.2.3 | 546.02 | NOTE | |||
r-devel-windows-ix86+x86_64 | 1.2.3 | 520.00 | 318.00 | 838.00 | NOTE | |
r-patched-linux-x86_64 | 1.2.3 | 235.54 | 209.34 | 444.88 | OK | |
r-patched-solaris-x86 | 1.2.3 | 579.80 | NOTE | |||
r-release-linux-x86_64 | 1.2.3 | 233.20 | 209.84 | 443.04 | OK | |
r-release-windows-ix86+x86_64 | 1.2.3 | 520.00 | 318.00 | 838.00 | NOTE | |
r-release-osx-x86_64 | 1.2.3 | WARN | ||||
r-oldrel-windows-ix86+x86_64 | 1.2.3 | 384.00 | 337.00 | 721.00 | NOTE | |
r-oldrel-osx-x86_64 | 1.2.3 | NOTE |
Version: 1.2.3
Check: whether package can be installed
Result: WARN
Found the following significant warnings:
binomial-twostage.cpp:78:4: warning: explicitly assigning value of variable of type 'double' to itself [-Wself-assign]
binomial-twostage.cpp:280:4: warning: explicitly assigning value of variable of type 'double' to itself [-Wself-assign]
Flavors: r-devel-linux-x86_64-debian-clang, r-devel-linux-x86_64-fedora-clang, r-release-osx-x86_64
Version: 1.2.3
Check: installed package size
Result: NOTE
installed size is 20.6Mb
sub-directories of 1Mb or more:
doc 1.0Mb
libs 16.2Mb
misc 1.1Mb
Flavors: r-devel-linux-x86_64-fedora-clang, r-devel-linux-x86_64-fedora-gcc, r-devel-windows-ix86+x86_64, r-patched-solaris-x86, r-release-windows-ix86+x86_64, r-release-osx-x86_64, r-oldrel-windows-ix86+x86_64, r-oldrel-osx-x86_64