CRAN Package Check Results for Package mets

Last updated on 2014-07-24 17:49:03.

Flavor Version Tinstall Tcheck Ttotal Status Flags
r-devel-linux-x86_64-debian-clang 0.2.8 61.68 57.24 118.92 NOTE
r-devel-linux-x86_64-debian-gcc 0.2.8 73.47 55.02 128.48 NOTE
r-devel-linux-x86_64-fedora-clang 0.2.8 259.14 NOTE
r-devel-linux-x86_64-fedora-gcc 0.2.8 256.90 NOTE
r-devel-osx-x86_64-clang 0.2.8 195.06 OK
r-devel-windows-ix86+x86_64 0.2.8 192.00 107.00 299.00 OK
r-patched-linux-x86_64 0.2.8 73.27 55.88 129.15 NOTE
r-patched-solaris-sparc 0.2.8 1430.80 NOTE
r-patched-solaris-x86 0.2.8 306.40 NOTE
r-release-linux-ix86 0.2.8 94.90 70.54 165.44 NOTE
r-release-linux-x86_64 0.2.8 74.86 57.12 131.98 NOTE
r-release-osx-x86_64-mavericks 0.2.8 NOTE
r-release-osx-x86_64-snowleopard 0.2.8 WARN
r-release-windows-ix86+x86_64 0.2.8 200.00 119.00 319.00 OK
r-oldrel-windows-ix86+x86_64 0.2.8 208.00 123.00 331.00 OK

Check Details

Version: 0.2.8
Check: installed package size
Result: NOTE
     installed size is 10.2Mb
     sub-directories of 1Mb or more:
     libs 7.9Mb
Flavors: r-devel-linux-x86_64-debian-clang, r-devel-linux-x86_64-debian-gcc, r-devel-linux-x86_64-fedora-clang, r-devel-linux-x86_64-fedora-gcc, r-patched-linux-x86_64, r-patched-solaris-sparc, r-patched-solaris-x86, r-release-linux-ix86, r-release-linux-x86_64, r-release-osx-x86_64-mavericks, r-release-osx-x86_64-snowleopard

Version: 0.2.8
Check: whether package can be installed
Result: WARNING
    Found the following significant warnings:
     /usr/include/c++/4.2.1/backward/backward_warning.h:32:2: warning: #warning This file includes at least one deprecated or antiquated header. Please consider using one of the 32 headers found in section 17.4.1.2 of the C++ standard. Examples include substituting the <X> header for the <X.h> header for C++ includes, or <iostream> instead of the deprecated header <iostream.h>. To disable this warning use -Wno-deprecated.
    See ‘/Volumes/XT3/Builds/R-dev-web/QA/Simon/packages/snowleopard-x86_64/results/3.1/mets.Rcheck/00install.out’ for details.
Flavor: r-release-osx-x86_64-snowleopard