CRAN Package Check Results for Package mets

Last updated on 2014-08-23 06:48:36.

Flavor Version Tinstall Tcheck Ttotal Status Flags
r-devel-linux-x86_64-debian-clang 0.2.8 64.70 54.12 118.82 WARN
r-devel-linux-x86_64-debian-gcc 0.2.8 78.47 54.41 132.88 WARN
r-devel-linux-x86_64-fedora-clang 0.2.8 257.11 WARN
r-devel-linux-x86_64-fedora-gcc 0.2.8 251.72 WARN
r-devel-osx-x86_64-clang 0.2.8 181.95 WARN
r-devel-windows-ix86+x86_64 0.2.8 203.00 107.00 310.00 WARN
r-patched-linux-x86_64 0.2.8 73.99 56.86 130.85 WARN
r-patched-solaris-sparc 0.2.8 1579.90 WARN
r-patched-solaris-x86 0.2.8 311.00 WARN
r-release-linux-ix86 0.2.8 95.08 70.55 165.63 NOTE
r-release-linux-x86_64 0.2.8 74.38 61.23 135.61 NOTE
r-release-osx-x86_64-mavericks 0.2.8 NOTE
r-release-osx-x86_64-snowleopard 0.2.8 WARN
r-release-windows-ix86+x86_64 0.2.8 192.00 120.00 312.00 OK
r-oldrel-windows-ix86+x86_64 0.2.8 200.00 129.00 329.00 OK

Check Details

Version: 0.2.8
Check: installed package size
Result: NOTE
     installed size is 10.5Mb
     sub-directories of 1Mb or more:
     libs 8.2Mb
Flavors: r-devel-linux-x86_64-debian-clang, r-devel-linux-x86_64-debian-gcc, r-devel-linux-x86_64-fedora-clang, r-devel-linux-x86_64-fedora-gcc, r-patched-linux-x86_64, r-patched-solaris-sparc, r-patched-solaris-x86, r-release-linux-ix86, r-release-linux-x86_64, r-release-osx-x86_64-mavericks, r-release-osx-x86_64-snowleopard

Version: 0.2.8
Check: dependencies in R code
Result: WARN
    'library' or 'require' call not declared from: ‘compiler’
    See the information on DESCRIPTION files in the chapter ‘Creating R
    packages’ of the ‘Writing R Extensions’ manual.
Flavors: r-devel-linux-x86_64-debian-clang, r-devel-linux-x86_64-debian-gcc, r-devel-linux-x86_64-fedora-clang, r-devel-linux-x86_64-fedora-gcc, r-devel-osx-x86_64-clang, r-devel-windows-ix86+x86_64, r-patched-linux-x86_64, r-patched-solaris-sparc, r-patched-solaris-x86

Version: 0.2.8
Check: R code for possible problems
Result: NOTE
    bptwin: no visible global function definition for ‘ucminf’
    bptwin2: no visible global function definition for ‘ucminf’
    casewise: no visible global function definition for ‘getEvent’
    dep.cif: no visible global function definition for ‘survfit’
    easy.twostage: no visible global function definition for ‘basehaz’
    lifetable.formula: no visible global function definition for ‘is.Surv’
    nonparcuminc: no visible global function definition for ‘survfit’
    npc: no visible global function definition for ‘survfit’
    phreg: no visible global function definition for ‘is.Surv’
    phreg: no visible global function definition for ‘untangle.specials’
    phreg.par: no visible global function definition for ‘is.Surv’
    phreg.par: no visible global function definition for
     ‘untangle.specials’
    twinlm: no visible global function definition for ‘is.Surv’
    twinlm.time: no visible global function definition for ‘Surv’
    twinlm2: no visible global function definition for ‘is.Surv’
    twinlm2: no visible global function definition for ‘survreg’
    twinlmStart: no visible global function definition for ‘survreg’
    twostage: no visible global function definition for ‘basehaz’
Flavors: r-devel-linux-x86_64-debian-clang, r-devel-linux-x86_64-debian-gcc, r-devel-linux-x86_64-fedora-clang, r-devel-linux-x86_64-fedora-gcc, r-devel-osx-x86_64-clang

Version: 0.2.8
Check: whether package can be installed
Result: WARN
    Found the following significant warnings:
     /usr/include/c++/4.2.1/backward/backward_warning.h:32:2: warning: #warning This file includes at least one deprecated or antiquated header. Please consider using one of the 32 headers found in section 17.4.1.2 of the C++ standard. Examples include substituting the <X> header for the <X.h> header for C++ includes, or <iostream> instead of the deprecated header <iostream.h>. To disable this warning use -Wno-deprecated.
Flavor: r-release-osx-x86_64-snowleopard