CRAN Package Check Results for Package mets

Last updated on 2017-03-30 19:47:54.

Flavor Version Tinstall Tcheck Ttotal Status Flags
r-devel-linux-x86_64-debian-clang 1.2.1 127.00 113.07 240.07 ERROR
r-devel-linux-x86_64-debian-gcc 1.2.1 130.13 110.56 240.69 ERROR
r-devel-linux-x86_64-fedora-clang 1.2.1 456.57 ERROR --no-stop-on-test-error
r-devel-linux-x86_64-fedora-gcc 1.2.1 467.63 ERROR --no-stop-on-test-error
r-devel-macos-x86_64-clang 1.2.1 324.12 ERROR --no-stop-on-test-error
r-devel-windows-ix86+x86_64 1.2.1 326.00 336.00 662.00 ERROR
r-patched-linux-x86_64 1.2.1 109.23 112.79 222.02 ERROR
r-patched-solaris-sparc 1.2.1 2448.10 ERROR
r-release-linux-x86_64 1.2.1 108.26 102.91 211.17 ERROR
r-release-osx-x86_64-mavericks 1.2.1 NOTE
r-release-windows-ix86+x86_64 1.2.1 587.00 215.00 802.00 ERROR
r-oldrel-windows-ix86+x86_64 1.1.1 430.00 258.00 688.00 NOTE

Check Details

Version: 1.2.1
Check: examples
Result: ERROR
    Running examples in ‘mets-Ex.R’ failed
    The error most likely occurred in:
    
    > base::assign(".ptime", proc.time(), pos = "CheckExEnv")
    > ### Name: twinlm
    > ### Title: Classic twin model for quantitative traits
    > ### Aliases: twinlm twinlm.strata
    > ### Keywords: models regression
    >
    > ### ** Examples
    >
    > ## Simulate data
    > set.seed(1)
    > d <- twinsim(1000,b1=c(1,-1),b2=c(),acde=c(1,1,0,1))
    > ## E(y|z1,z2) = z1 - z2. var(A) = var(C) = var(E) = 1
    >
    > ## E.g to fit the data to an ACE-model without any confounders we simply write
    > ace <- twinlm(y ~ 1, data=d, DZ="DZ", zyg="zyg", id="id")
    Error in estimate.multigroup(mg, ...) :
     argument 2 matches multiple formal arguments
    Calls: twinlm
    Execution halted
Flavors: r-devel-linux-x86_64-debian-clang, r-devel-linux-x86_64-debian-gcc, r-patched-linux-x86_64, r-release-linux-x86_64

Version: 1.2.1
Flags: --no-stop-on-test-error
Check: installed package size
Result: NOTE
     installed size is 15.1Mb
     sub-directories of 1Mb or more:
     libs 12.3Mb
     misc 1.1Mb
Flavors: r-devel-linux-x86_64-fedora-clang, r-devel-linux-x86_64-fedora-gcc

Version: 1.2.1
Flags: --no-stop-on-test-error
Check: examples
Result: ERROR
    Running examples in ‘mets-Ex.R’ failed
    The error most likely occurred in:
    
    > ### Name: twinlm
    > ### Title: Classic twin model for quantitative traits
    > ### Aliases: twinlm twinlm.strata
    > ### Keywords: models regression
    >
    > ### ** Examples
    >
    > ## Simulate data
    > set.seed(1)
    > d <- twinsim(1000,b1=c(1,-1),b2=c(),acde=c(1,1,0,1))
    > ## E(y|z1,z2) = z1 - z2. var(A) = var(C) = var(E) = 1
    >
    > ## E.g to fit the data to an ACE-model without any confounders we simply write
    > ace <- twinlm(y ~ 1, data=d, DZ="DZ", zyg="zyg", id="id")
    Error in estimate.multigroup(mg, ...) :
     argument 2 matches multiple formal arguments
    Calls: twinlm
    Execution halted
Flavors: r-devel-linux-x86_64-fedora-clang, r-devel-linux-x86_64-fedora-gcc, r-devel-macos-x86_64-clang

Version: 1.2.1
Check: installed package size
Result: NOTE
     installed size is 6.3Mb
     sub-directories of 1Mb or more:
     libs 3.5Mb
     misc 1.1Mb
Flavors: r-devel-windows-ix86+x86_64, r-release-osx-x86_64-mavericks, r-release-windows-ix86+x86_64

Version: 1.2.1
Check: running examples for arch ‘i386’
Result: ERROR
    Running examples in 'mets-Ex.R' failed
    The error most likely occurred in:
    
    > ### Name: twinlm
    > ### Title: Classic twin model for quantitative traits
    > ### Aliases: twinlm twinlm.strata
    > ### Keywords: models regression
    >
    > ### ** Examples
    >
    > ## Simulate data
    > set.seed(1)
    > d <- twinsim(1000,b1=c(1,-1),b2=c(),acde=c(1,1,0,1))
    > ## E(y|z1,z2) = z1 - z2. var(A) = var(C) = var(E) = 1
    >
    > ## E.g to fit the data to an ACE-model without any confounders we simply write
    > ace <- twinlm(y ~ 1, data=d, DZ="DZ", zyg="zyg", id="id")
    Error in estimate.multigroup(mg, ...) :
     argument 2 matches multiple formal arguments
    Calls: twinlm
    Execution halted
Flavors: r-devel-windows-ix86+x86_64, r-release-windows-ix86+x86_64

Version: 1.2.1
Check: running examples for arch ‘x64’
Result: ERROR
    Running examples in 'mets-Ex.R' failed
    The error most likely occurred in:
    
    > ### Name: twinlm
    > ### Title: Classic twin model for quantitative traits
    > ### Aliases: twinlm twinlm.strata
    > ### Keywords: models regression
    >
    > ### ** Examples
    >
    > ## Simulate data
    > set.seed(1)
    > d <- twinsim(1000,b1=c(1,-1),b2=c(),acde=c(1,1,0,1))
    > ## E(y|z1,z2) = z1 - z2. var(A) = var(C) = var(E) = 1
    >
    > ## E.g to fit the data to an ACE-model without any confounders we simply write
    > ace <- twinlm(y ~ 1, data=d, DZ="DZ", zyg="zyg", id="id")
    Error in estimate.multigroup(mg, ...) :
     argument 2 matches multiple formal arguments
    Calls: twinlm
    Execution halted
Flavors: r-devel-windows-ix86+x86_64, r-release-windows-ix86+x86_64

Version: 1.2.1
Check: examples
Result: ERROR
    Running examples in ‘mets-Ex.R’ failed
    The error most likely occurred in:
    
    > ### Name: twinlm
    > ### Title: Classic twin model for quantitative traits
    > ### Aliases: twinlm twinlm.strata
    > ### Keywords: models regression
    >
    > ### ** Examples
    >
    > ## Simulate data
    > set.seed(1)
    > d <- twinsim(1000,b1=c(1,-1),b2=c(),acde=c(1,1,0,1))
    > ## E(y|z1,z2) = z1 - z2. var(A) = var(C) = var(E) = 1
    >
    > ## E.g to fit the data to an ACE-model without any confounders we simply write
    > ace <- twinlm(y ~ 1, data=d, DZ="DZ", zyg="zyg", id="id")
    Error in estimate.multigroup(mg, ...) :
     argument 2 matches multiple formal arguments
    Calls: twinlm
    Execution halted
Flavor: r-patched-solaris-sparc

Version: 1.1.1
Check: installed package size
Result: NOTE
     installed size is 5.1Mb
     sub-directories of 1Mb or more:
     libs 2.8Mb
Flavor: r-oldrel-windows-ix86+x86_64

Version: 1.1.1
Check: R code for possible problems
Result: NOTE
    eventpois: no visible global function definition for 'dsort'
Flavor: r-oldrel-windows-ix86+x86_64