CRAN Package Check Results for Package mets

Last updated on 2014-09-16 14:47:35.

Flavor Version Tinstall Tcheck Ttotal Status Flags
r-devel-linux-x86_64-debian-clang 0.2.8 65.99 57.56 123.55 WARN
r-devel-linux-x86_64-debian-gcc 0.2.8 74.19 53.45 127.64 WARN
r-devel-linux-x86_64-fedora-clang 0.2.8 260.10 WARN
r-devel-linux-x86_64-fedora-gcc 0.2.8 247.53 WARN
r-devel-osx-x86_64-clang 0.2.8 172.44 WARN
r-devel-windows-ix86+x86_64 0.2.8 192.00 100.00 292.00 WARN
r-patched-linux-x86_64 0.2.8 81.52 55.92 137.43 WARN
r-patched-solaris-sparc 0.2.8 1579.90 WARN
r-patched-solaris-x86 0.2.8 316.20 WARN
r-release-linux-ix86 0.2.8 95.00 71.14 166.14 NOTE
r-release-linux-x86_64 0.2.8 74.16 58.60 132.76 NOTE
r-release-osx-x86_64-mavericks 0.2.8 NOTE
r-release-osx-x86_64-snowleopard 0.2.8 WARN
r-release-windows-ix86+x86_64 0.2.8 202.00 122.00 324.00 OK
r-oldrel-windows-ix86+x86_64 0.2.8 201.00 116.00 317.00 OK

Check Details

Version: 0.2.8
Check: installed package size
Result: NOTE
     installed size is 12.0Mb
     sub-directories of 1Mb or more:
     libs 9.7Mb
Flavors: r-devel-linux-x86_64-debian-clang, r-devel-linux-x86_64-debian-gcc, r-devel-linux-x86_64-fedora-clang, r-devel-linux-x86_64-fedora-gcc, r-patched-linux-x86_64, r-patched-solaris-sparc, r-patched-solaris-x86, r-release-linux-ix86, r-release-linux-x86_64, r-release-osx-x86_64-mavericks, r-release-osx-x86_64-snowleopard

Version: 0.2.8
Check: dependencies in R code
Result: WARN
    'library' or 'require' call not declared from: ‘compiler’
    See the information on DESCRIPTION files in the chapter ‘Creating R
    packages’ of the ‘Writing R Extensions’ manual.
Flavors: r-devel-linux-x86_64-debian-clang, r-devel-linux-x86_64-debian-gcc, r-devel-linux-x86_64-fedora-clang, r-devel-linux-x86_64-fedora-gcc, r-devel-osx-x86_64-clang, r-devel-windows-ix86+x86_64, r-patched-linux-x86_64, r-patched-solaris-sparc, r-patched-solaris-x86

Version: 0.2.8
Check: R code for possible problems
Result: NOTE
    bptwin: no visible global function definition for ‘ucminf’
    bptwin2: no visible global function definition for ‘ucminf’
    casewise: no visible global function definition for ‘getEvent’
    dep.cif: no visible global function definition for ‘survfit’
    easy.twostage: no visible global function definition for ‘basehaz’
    lifetable.formula: no visible global function definition for ‘is.Surv’
    nonparcuminc: no visible global function definition for ‘survfit’
    npc: no visible global function definition for ‘survfit’
    phreg: no visible global function definition for ‘is.Surv’
    phreg: no visible global function definition for ‘untangle.specials’
    phreg.par: no visible global function definition for ‘is.Surv’
    phreg.par: no visible global function definition for
     ‘untangle.specials’
    twinlm: no visible global function definition for ‘is.Surv’
    twinlm.time: no visible global function definition for ‘Surv’
    twinlm2: no visible global function definition for ‘is.Surv’
    twinlm2: no visible global function definition for ‘survreg’
    twinlmStart: no visible global function definition for ‘survreg’
    twostage: no visible global function definition for ‘basehaz’
Flavors: r-devel-linux-x86_64-debian-clang, r-devel-linux-x86_64-debian-gcc, r-devel-linux-x86_64-fedora-clang, r-devel-linux-x86_64-fedora-gcc, r-devel-osx-x86_64-clang, r-devel-windows-ix86+x86_64

Version: 0.2.8
Check: whether package can be installed
Result: WARN
    Found the following significant warnings:
     /usr/include/c++/4.2.1/backward/backward_warning.h:32:2: warning: #warning This file includes at least one deprecated or antiquated header. Please consider using one of the 32 headers found in section 17.4.1.2 of the C++ standard. Examples include substituting the <X> header for the <X.h> header for C++ includes, or <iostream> instead of the deprecated header <iostream.h>. To disable this warning use -Wno-deprecated.
Flavor: r-release-osx-x86_64-snowleopard