CRAN Package Check Results for Package mets

Last updated on 2015-03-02 13:47:08.

Flavor Version Tinstall Tcheck Ttotal Status Flags
r-devel-linux-x86_64-debian-clang 1.1.0 70.39 59.54 129.93 NOTE
r-devel-linux-x86_64-debian-gcc 1.1.0 80.35 57.52 137.87 NOTE
r-devel-linux-x86_64-fedora-clang 1.1.0 296.14 NOTE
r-devel-linux-x86_64-fedora-gcc 1.1.0 267.72 NOTE
r-devel-osx-x86_64-clang 1.1.0 168.61 OK
r-devel-windows-ix86+x86_64 1.1.0 329.00 121.00 450.00 NOTE
r-patched-linux-x86_64 1.1.0 80.50 66.14 146.64 NOTE
r-patched-solaris-sparc 1.1.0 1676.90 NOTE
r-patched-solaris-x86 1.1.0 344.90 NOTE
r-release-linux-ix86 1.1.0 132.07 87.09 219.16 NOTE
r-release-linux-x86_64 1.1.0 81.18 64.14 145.32 NOTE
r-release-osx-x86_64-mavericks 1.1.0 NOTE
r-release-osx-x86_64-snowleopard 1.1.0 WARN
r-release-windows-ix86+x86_64 1.1.0 346.00 187.00 533.00 NOTE
r-oldrel-windows-ix86+x86_64 1.1.0 223.00 138.00 361.00 NOTE

Memtest notes: valgrind

Check Details

Version: 1.1.0
Check: installed package size
Result: NOTE
     installed size is 12.7Mb
     sub-directories of 1Mb or more:
     libs 10.3Mb
Flavors: r-devel-linux-x86_64-debian-clang, r-devel-linux-x86_64-debian-gcc, r-devel-linux-x86_64-fedora-clang, r-devel-linux-x86_64-fedora-gcc, r-devel-windows-ix86+x86_64, r-patched-linux-x86_64, r-patched-solaris-sparc, r-patched-solaris-x86, r-release-linux-ix86, r-release-linux-x86_64, r-release-osx-x86_64-mavericks, r-release-osx-x86_64-snowleopard, r-release-windows-ix86+x86_64, r-oldrel-windows-ix86+x86_64

Version: 1.1.0
Check: whether package can be installed
Result: WARN
    Found the following significant warnings:
     /usr/include/c++/4.2.1/backward/backward_warning.h:32:2: warning: #warning This file includes at least one deprecated or antiquated header. Please consider using one of the 32 headers found in section 17.4.1.2 of the C++ standard. Examples include substituting the <X> header for the <X.h> header for C++ includes, or <iostream> instead of the deprecated header <iostream.h>. To disable this warning use -Wno-deprecated.
Flavor: r-release-osx-x86_64-snowleopard