CRAN Package Check Results for Package mets

Last updated on 2017-07-22 14:46:34.

Flavor Version Tinstall Tcheck Ttotal Status Flags
r-devel-linux-x86_64-debian-clang 1.2.2 141.62 197.79 339.41 OK
r-devel-linux-x86_64-debian-gcc 1.2.2 150.75 194.36 345.11 OK
r-devel-linux-x86_64-fedora-clang 1.2.2 550.85 NOTE
r-devel-linux-x86_64-fedora-gcc 1.2.2 540.75 NOTE
r-devel-windows-ix86+x86_64 1.2.2 523.00 377.00 900.00 NOTE
r-patched-linux-x86_64 1.2.2 151.46 200.00 351.46 OK
r-patched-solaris-x86 1.2.2 547.80 NOTE
r-release-linux-x86_64 1.2.2 151.02 204.33 355.35 OK
r-release-windows-ix86+x86_64 1.2.2 357.00 371.00 728.00 NOTE
r-release-osx-x86_64 1.2.2 WARN
r-oldrel-windows-ix86+x86_64 1.2.2 517.00 347.00 864.00 NOTE
r-oldrel-osx-x86_64 1.2.2 NOTE

Check Details

Version: 1.2.2
Check: installed package size
Result: NOTE
     installed size is 17.3Mb
     sub-directories of 1Mb or more:
     doc 1.0Mb
     libs 13.0Mb
     misc 1.1Mb
Flavors: r-devel-linux-x86_64-fedora-clang, r-devel-linux-x86_64-fedora-gcc, r-devel-windows-ix86+x86_64, r-patched-solaris-x86, r-release-windows-ix86+x86_64, r-release-osx-x86_64, r-oldrel-windows-ix86+x86_64, r-oldrel-osx-x86_64

Version: 1.2.2
Check: re-building of vignette outputs
Result: WARN
    Error in re-building vignettes:
     ...
    Error: processing vignette 'basic-dutils.ltx' failed with diagnostics:
    Running 'texi2dvi' on 'basic-dutils.ltx' failed.
    LaTeX errors:
    ! LaTeX Error: File `tufte-handout.cls' not found.
    
    Type X to quit or <RETURN> to proceed,
    or enter new name. (Default extension: cls)
    
    ! Emergency stop.
    <read *>
    
    l.10 \usepackage
     {etex}^^M
    ! ==> Fatal error occurred, no output PDF file produced!
    Execution halted
Flavor: r-release-osx-x86_64