CRAN Package Check Results for Package mets

Last updated on 2018-02-22 10:47:30 CET.

Flavor Version Tinstall Tcheck Ttotal Status Flags
r-devel-linux-x86_64-debian-clang 1.2.3 231.25 188.63 419.88 WARN
r-devel-linux-x86_64-debian-gcc 1.2.3 184.37 164.42 348.79 OK
r-devel-linux-x86_64-fedora-clang 1.2.3 594.97 WARN
r-devel-linux-x86_64-fedora-gcc 1.2.3 558.00 NOTE
r-devel-windows-ix86+x86_64 1.2.3 525.00 316.00 841.00 NOTE
r-patched-linux-x86_64 1.2.3 213.37 228.10 441.47 OK
r-patched-solaris-x86 1.2.3 580.50 NOTE
r-release-linux-x86_64 1.2.3 214.83 229.76 444.59 OK
r-release-windows-ix86+x86_64 1.2.3 520.00 428.00 948.00 NOTE
r-release-osx-x86_64 1.2.3 NOTE
r-oldrel-windows-ix86+x86_64 1.2.3 403.00 338.00 741.00 NOTE
r-oldrel-osx-x86_64 1.2.2 NOTE

Check Details

Version: 1.2.3
Check: whether package can be installed
Result: WARN
    Found the following significant warnings:
     binomial-twostage.cpp:78:4: warning: explicitly assigning value of variable of type 'double' to itself [-Wself-assign]
     binomial-twostage.cpp:280:4: warning: explicitly assigning value of variable of type 'double' to itself [-Wself-assign]
Flavors: r-devel-linux-x86_64-debian-clang, r-devel-linux-x86_64-fedora-clang

Version: 1.2.3
Check: installed package size
Result: NOTE
     installed size is 20.3Mb
     sub-directories of 1Mb or more:
     doc 1.0Mb
     libs 15.9Mb
     misc 1.1Mb
Flavors: r-devel-linux-x86_64-fedora-clang, r-devel-linux-x86_64-fedora-gcc, r-devel-windows-ix86+x86_64, r-patched-solaris-x86, r-release-windows-ix86+x86_64, r-release-osx-x86_64, r-oldrel-windows-ix86+x86_64

Version: 1.2.2
Check: installed package size
Result: NOTE
     installed size is 15.9Mb
     sub-directories of 1Mb or more:
     doc 1.0Mb
     libs 11.9Mb
     misc 1.1Mb
Flavor: r-oldrel-osx-x86_64