CRAN Package Check Results for Package mets

Last updated on 2015-04-01 23:49:18.

Flavor Version Tinstall Tcheck Ttotal Status Flags
r-devel-linux-x86_64-debian-clang 1.1.0 76.59 59.53 136.12 NOTE
r-devel-linux-x86_64-debian-gcc 1.1.0 84.09 60.48 144.57 NOTE
r-devel-linux-x86_64-fedora-clang 1.1.0 299.23 NOTE
r-devel-linux-x86_64-fedora-gcc 1.1.0 285.82 NOTE
r-devel-osx-x86_64-clang 1.1.0 188.04 OK
r-prerel-windows-ix86+x86_64 1.1.0 229.00 123.00 352.00 NOTE
r-prerel-linux-x86_64 1.1.0 85.79 61.39 147.18 NOTE
r-prerel-solaris-sparc 1.1.0 1767.10 NOTE
r-prerel-solaris-x86 1.1.0 326.70 NOTE
r-release-linux-x86_64 1.1.0 85.24 66.21 151.45 NOTE
r-release-osx-x86_64-mavericks 1.1.0 NOTE
r-release-osx-x86_64-snowleopard 1.1.0 WARN
r-release-windows-ix86+x86_64 1.1.0 235.00 140.00 375.00 NOTE
r-oldrel-windows-ix86+x86_64 1.1.0 224.00 146.00 370.00 NOTE

Memtest notes: valgrind

Check Details

Version: 1.1.0
Check: installed package size
Result: NOTE
     installed size is 11.8Mb
     sub-directories of 1Mb or more:
     libs 9.4Mb
Flavors: r-devel-linux-x86_64-debian-clang, r-devel-linux-x86_64-debian-gcc, r-devel-linux-x86_64-fedora-clang, r-devel-linux-x86_64-fedora-gcc, r-prerel-windows-ix86+x86_64, r-prerel-linux-x86_64, r-prerel-solaris-sparc, r-prerel-solaris-x86, r-release-linux-x86_64, r-release-osx-x86_64-mavericks, r-release-osx-x86_64-snowleopard, r-release-windows-ix86+x86_64, r-oldrel-windows-ix86+x86_64

Version: 1.1.0
Check: whether package can be installed
Result: WARN
    Found the following significant warnings:
     /usr/include/c++/4.2.1/backward/backward_warning.h:32:2: warning: #warning This file includes at least one deprecated or antiquated header. Please consider using one of the 32 headers found in section 17.4.1.2 of the C++ standard. Examples include substituting the <X> header for the <X.h> header for C++ includes, or <iostream> instead of the deprecated header <iostream.h>. To disable this warning use -Wno-deprecated.
Flavor: r-release-osx-x86_64-snowleopard