CRAN Package Check Results for Package mets

Last updated on 2017-02-26 10:48:06.

Flavor Version Tinstall Tcheck Ttotal Status Flags
r-devel-linux-x86_64-debian-clang 1.2 128.06 116.49 244.55 NOTE
r-devel-linux-x86_64-debian-gcc 1.2 130.05 114.52 244.57 NOTE
r-devel-linux-x86_64-fedora-clang 1.2 525.26 NOTE --no-stop-on-test-error
r-devel-linux-x86_64-fedora-gcc 1.2 461.80 NOTE --no-stop-on-test-error
r-devel-macos-x86_64-clang 1.2 325.83 NOTE --no-stop-on-test-error
r-devel-windows-ix86+x86_64 1.2 437.00 308.00 745.00 NOTE
r-patched-linux-x86_64 1.2 108.43 107.67 216.10 OK
r-patched-solaris-sparc 1.2 2230.20 OK
r-patched-solaris-x86 1.2 420.80 OK
r-release-linux-x86_64 1.2 109.09 106.43 215.52 OK
r-release-osx-x86_64-mavericks 1.2 NOTE
r-release-windows-ix86+x86_64 1.2 426.00 275.00 701.00 NOTE
r-oldrel-windows-ix86+x86_64 1.1.1 430.00 258.00 688.00 NOTE

Check Details

Version: 1.2
Check: compiled code
Result: NOTE
    File ‘mets/libs/mets.so’:
     Found no calls to: ‘R_registerRoutines’, ‘R_useDynamicSymbols’
    
    It is good practice to register native routines and to disable symbol
    search.
    
    See ‘Writing portable packages’ in the ‘Writing R Extensions’ manual.
Flavors: r-devel-linux-x86_64-debian-clang, r-devel-linux-x86_64-debian-gcc

Version: 1.2
Flags: --no-stop-on-test-error
Check: installed package size
Result: NOTE
     installed size is 14.8Mb
     sub-directories of 1Mb or more:
     libs 12.2Mb
     misc 1.1Mb
Flavors: r-devel-linux-x86_64-fedora-clang, r-devel-linux-x86_64-fedora-gcc

Version: 1.2
Flags: --no-stop-on-test-error
Check: compiled code
Result: NOTE
    File ‘mets/libs/mets.so’:
     Found no calls to: ‘R_registerRoutines’, ‘R_useDynamicSymbols’
    
    It is good practice to register native routines and to disable symbol
    search.
    
    See ‘Writing portable packages’ in the ‘Writing R Extensions’ manual.
Flavors: r-devel-linux-x86_64-fedora-clang, r-devel-linux-x86_64-fedora-gcc, r-devel-macos-x86_64-clang

Version: 1.2
Check: installed package size
Result: NOTE
     installed size is 6.3Mb
     sub-directories of 1Mb or more:
     libs 3.8Mb
     misc 1.1Mb
Flavors: r-devel-windows-ix86+x86_64, r-release-osx-x86_64-mavericks, r-release-windows-ix86+x86_64

Version: 1.1.1
Check: installed package size
Result: NOTE
     installed size is 5.1Mb
     sub-directories of 1Mb or more:
     libs 2.8Mb
Flavor: r-oldrel-windows-ix86+x86_64

Version: 1.1.1
Check: R code for possible problems
Result: NOTE
    eventpois: no visible global function definition for 'dsort'
Flavor: r-oldrel-windows-ix86+x86_64