CRAN Package Check Results for Package mets

Last updated on 2015-07-31 22:49:35.

Flavor Version Tinstall Tcheck Ttotal Status Flags
r-devel-linux-x86_64-debian-clang 1.1.1 78.06 67.38 145.44 NOTE
r-devel-linux-x86_64-debian-gcc 1.1.1 121.54 66.02 187.56 NOTE
r-devel-linux-x86_64-fedora-clang 1.1.1 302.80 NOTE
r-devel-linux-x86_64-fedora-gcc 1.1.1 280.14 NOTE
r-devel-osx-x86_64-clang 1.1.1 188.31 OK
r-devel-windows-ix86+x86_64 1.1.1 308.00 149.00 457.00 NOTE
r-patched-linux-x86_64 1.1.1 84.68 66.74 151.42 NOTE
r-patched-solaris-sparc 1.1.1 1669.20 OK
r-patched-solaris-x86 1.1.1 308.10 OK
r-release-linux-x86_64 1.1.1 83.14 66.92 150.06 NOTE
r-release-osx-x86_64-mavericks 1.1.1 NOTE
r-release-windows-ix86+x86_64 1.1.1 324.00 171.00 495.00 NOTE
r-oldrel-windows-ix86+x86_64 1.1.1 221.00 193.00 414.00 NOTE

Check Details

Version: 1.1.1
Check: installed package size
Result: NOTE
     installed size is 11.9Mb
     sub-directories of 1Mb or more:
     libs 9.5Mb
Flavors: r-devel-linux-x86_64-debian-clang, r-devel-linux-x86_64-debian-gcc, r-devel-linux-x86_64-fedora-clang, r-devel-linux-x86_64-fedora-gcc, r-devel-windows-ix86+x86_64, r-patched-linux-x86_64, r-release-linux-x86_64, r-release-osx-x86_64-mavericks, r-release-windows-ix86+x86_64, r-oldrel-windows-ix86+x86_64

Version: 1.1.1
Check: R code for possible problems
Result: NOTE
    ClaytonOakes: no visible global function definition for ‘tail’
    biprobit.time: no visible global function definition for ‘tail’
    biprobit.time.trunc.test: no visible global function definition for
     ‘tail’
    compare.twinlm: no visible global function definition for ‘getS3method’
    corsim.prostate: no visible global function definition for ‘plot’
    corsim.prostate: no visible global function definition for ‘lines’
    easy.binomial.twostage: no visible global function definition for
     ‘head’
    easy.twostage: no visible global function definition for ‘head’
    eventpois: no visible global function definition for ‘glob2rx’
    phreg.par: no visible global function definition for ‘tail’
    piecewise.data: no visible global function definition for ‘head’
    piecewise.twostage: no visible global function definition for ‘head’
    plot.bptwin: no visible global function definition for ‘tail’
    plot.bptwin: no visible global function definition for ‘plot’
    plot.bptwin: no visible global function definition for ‘lines’
    plot.casewise: no visible global function definition for ‘plot’
    plot.casewise: no visible global function definition for ‘lines’
    plot.claytonoakes: no visible global function definition for ‘dev.list’
    plot.claytonoakes: no visible global function definition for ‘lines’
    plot.claytonoakes: no visible global function definition for ‘plot’
    plot.cumh: no visible global function definition for ‘plot’
    plot.cumh: no visible global function definition for ‘polygon’
    plot.cumh: no visible global function definition for ‘lines’
    plot.eventpois: no visible global function definition for ‘plot’
    plot.eventpois: no visible global function definition for ‘tail’
    plot.eventpois: no visible global function definition for ‘lines’
    plot.phreg: no visible global function definition for ‘lines’
    plot.phreg: no visible global function definition for ‘plot’
    plot.timemets: no visible global function definition for ‘plot’
    plot.timemets: no visible global function definition for ‘tail’
    plot.timemets: no visible global function definition for ‘lines’
    plot.twinlm: no visible global function definition for ‘par’
    plot.twinlm: no visible global function definition for ‘plot’
    plot.twostage: no visible global function definition for ‘plot’
    plot.twostage: no visible global function definition for ‘title’
    plot.twostage: no visible global function definition for ‘lines’
    plot.twostage: no visible global function definition for ‘abline’
    plotcr: no visible global function definition for ‘par’
    plotcr: no visible global function definition for ‘dev.interactive’
    plotcr: no visible global function definition for ‘devAskNewPage’
    plotcr: no visible global function definition for ‘plot’
    plotcr: no visible global function definition for ‘points’
    summary.twinlm: no visible global function definition for
     ‘capture.output’
    surv.boxarea: no visible global function definition for ‘head’
    Undefined global functions or variables:
     abline capture.output dev.interactive dev.list devAskNewPage
     getS3method glob2rx head lines par plot points polygon tail title
    Consider adding
     importFrom("grDevices", "dev.interactive", "dev.list", "devAskNewPage")
     importFrom("graphics", "abline", "lines", "par", "plot", "points",
     "polygon", "title")
     importFrom("utils", "capture.output", "getS3method", "glob2rx", "head",
     "tail")
    to your NAMESPACE.
Flavors: r-devel-linux-x86_64-debian-clang, r-devel-linux-x86_64-debian-gcc, r-devel-linux-x86_64-fedora-clang, r-devel-linux-x86_64-fedora-gcc

Version: 1.1.1
Check: R code for possible problems
Result: NOTE
    ClaytonOakes: no visible global function definition for 'tail'
    biprobit: no visible binding for global variable 'probit'
    biprobit.time: no visible global function definition for 'tail'
    biprobit.time.trunc.test: no visible global function definition for
     'tail'
    bptwin: no visible binding for global variable 'probit'
    bptwin2: no visible binding for global variable 'probit'
    compare.twinlm: no visible global function definition for 'getS3method'
    corsim.prostate: no visible global function definition for 'plot'
    corsim.prostate: no visible global function definition for 'lines'
    easy.binomial.twostage: no visible global function definition for
     'head'
    easy.twostage: no visible global function definition for 'head'
    eventpois: no visible global function definition for 'glob2rx'
    phreg.par: no visible global function definition for 'tail'
    piecewise.data: no visible global function definition for 'head'
    piecewise.twostage: no visible global function definition for 'head'
    plot.bptwin: no visible global function definition for 'tail'
    plot.bptwin: no visible global function definition for 'plot'
    plot.bptwin: no visible global function definition for 'lines'
    plot.casewise: no visible global function definition for 'plot'
    plot.casewise: no visible global function definition for 'lines'
    plot.claytonoakes: no visible global function definition for 'dev.list'
    plot.claytonoakes: no visible global function definition for 'lines'
    plot.claytonoakes: no visible global function definition for 'plot'
    plot.cumh: no visible global function definition for 'plot'
    plot.cumh: no visible global function definition for 'polygon'
    plot.cumh: no visible global function definition for 'lines'
    plot.eventpois: no visible global function definition for 'plot'
    plot.eventpois: no visible global function definition for 'tail'
    plot.eventpois: no visible global function definition for 'lines'
    plot.phreg: no visible global function definition for 'lines'
    plot.phreg: no visible global function definition for 'plot'
    plot.timemets: no visible global function definition for 'plot'
    plot.timemets: no visible global function definition for 'tail'
    plot.timemets: no visible global function definition for 'lines'
    plot.twinlm: no visible global function definition for 'par'
    plot.twinlm: no visible global function definition for 'plot'
    plot.twostage: no visible global function definition for 'plot'
    plot.twostage: no visible global function definition for 'title'
    plot.twostage: no visible global function definition for 'lines'
    plot.twostage: no visible global function definition for 'abline'
    plotcr: no visible global function definition for 'par'
    plotcr: no visible global function definition for 'dev.interactive'
    plotcr: no visible global function definition for 'devAskNewPage'
    plotcr: no visible global function definition for 'plot'
    plotcr: no visible global function definition for 'points'
    summary.twinlm: no visible global function definition for
     'capture.output'
    surv.boxarea: no visible global function definition for 'head'
    Undefined global functions or variables:
     abline capture.output dev.interactive dev.list devAskNewPage
     getS3method glob2rx head lines par plot points polygon probit tail
     title
    Consider adding
     importFrom("grDevices", "dev.interactive", "dev.list", "devAskNewPage")
     importFrom("graphics", "abline", "lines", "par", "plot", "points",
     "polygon", "title")
     importFrom("utils", "capture.output", "getS3method", "glob2rx", "head",
     "tail")
    to your NAMESPACE.
Flavor: r-devel-windows-ix86+x86_64