CRAN Package Check Results for Package metsyn

Last updated on 2023-12-02 18:53:48 CET.

Flavor Version Tinstall Tcheck Ttotal Status Flags
r-devel-linux-x86_64-debian-clang 0.1.2 4.88 39.17 44.05 NOTE
r-devel-linux-x86_64-debian-gcc 0.1.2 3.83 29.82 33.65 NOTE
r-devel-linux-x86_64-fedora-clang 0.1.2 57.23 NOTE
r-devel-linux-x86_64-fedora-gcc 0.1.2 50.43 NOTE
r-devel-windows-x86_64 0.1.2 5.00 51.00 56.00 NOTE
r-patched-linux-x86_64 0.1.2 3.00 37.45 40.45 NOTE
r-release-linux-x86_64 0.1.2 2.86 36.26 39.12 NOTE
r-release-macos-arm64 0.1.2 21.00 NOTE
r-release-macos-x86_64 0.1.2 29.00 NOTE
r-release-windows-x86_64 0.1.2 7.00 53.00 60.00 NOTE
r-oldrel-macos-arm64 0.1.2 21.00 NOTE
r-oldrel-macos-x86_64 0.1.2 34.00 NOTE
r-oldrel-windows-x86_64 0.1.2 6.00 58.00 64.00 NOTE

Check Details

Version: 0.1.2
Check: LazyData
Result: NOTE 'LazyData' is specified without a 'data' directory Flavors: r-devel-linux-x86_64-debian-clang, r-devel-linux-x86_64-debian-gcc, r-devel-linux-x86_64-fedora-clang, r-devel-linux-x86_64-fedora-gcc, r-devel-windows-x86_64, r-patched-linux-x86_64, r-release-linux-x86_64, r-release-macos-arm64, r-release-macos-x86_64, r-release-windows-x86_64, r-oldrel-macos-arm64, r-oldrel-macos-x86_64, r-oldrel-windows-x86_64