CRAN Package Check Results for Package mfp

Last updated on 2014-08-28 06:46:47.

Flavor Version Tinstall Tcheck Ttotal Status Flags
r-devel-linux-x86_64-debian-clang 1.4.9 0.63 13.76 14.40 NOTE
r-devel-linux-x86_64-debian-gcc 1.4.9 0.62 13.78 14.40 NOTE
r-devel-linux-x86_64-fedora-clang 1.4.9 30.73 NOTE
r-devel-linux-x86_64-fedora-gcc 1.4.9 28.34 NOTE
r-devel-osx-x86_64-clang 1.4.9 31.06 NOTE
r-devel-windows-ix86+x86_64 1.4.9 3.00 24.00 27.00 NOTE
r-patched-linux-x86_64 1.4.9 0.66 14.30 14.95 NOTE
r-patched-solaris-sparc 1.4.9 184.40 NOTE
r-patched-solaris-x86 1.4.9 42.60 NOTE
r-release-linux-ix86 1.4.9 1.06 21.52 22.57 NOTE
r-release-linux-x86_64 1.4.9 0.88 14.49 15.37 NOTE
r-release-osx-x86_64-mavericks 1.4.9 NOTE
r-release-osx-x86_64-snowleopard 1.4.9 NOTE
r-release-windows-ix86+x86_64 1.4.9 4.00 24.00 28.00 NOTE
r-oldrel-windows-ix86+x86_64 1.4.9 3.00 29.00 32.00 NOTE

Check Details

Version: 1.4.9
Check: dependencies in R code
Result: NOTE
    'library' or 'require' call to ‘survival’ which was already attached by Depends.
     Please remove these calls from your code.
    See the information on DESCRIPTION files in the chapter ‘Creating R
    packages’ of the ‘Writing R Extensions’ manual.
Flavors: r-devel-linux-x86_64-debian-clang, r-devel-linux-x86_64-debian-gcc, r-devel-linux-x86_64-fedora-clang, r-devel-linux-x86_64-fedora-gcc, r-devel-osx-x86_64-clang, r-devel-windows-ix86+x86_64, r-patched-linux-x86_64, r-patched-solaris-sparc, r-patched-solaris-x86, r-release-linux-ix86, r-release-linux-x86_64, r-release-osx-x86_64-mavericks, r-release-osx-x86_64-snowleopard, r-release-windows-ix86+x86_64, r-oldrel-windows-ix86+x86_64

Version: 1.4.9
Check: for old-style vignette sources
Result: NOTE
    Vignette sources only in ‘inst/doc’:
     ‘mfp.Rnw’
    A ‘vignettes’ directory is required as from R 3.1.0
    and these will not be indexed nor checked
Flavors: r-devel-linux-x86_64-debian-clang, r-devel-linux-x86_64-debian-gcc, r-devel-linux-x86_64-fedora-clang, r-devel-linux-x86_64-fedora-gcc, r-devel-osx-x86_64-clang, r-devel-windows-ix86+x86_64, r-patched-linux-x86_64, r-patched-solaris-sparc, r-patched-solaris-x86, r-release-linux-ix86, r-release-linux-x86_64, r-release-osx-x86_64-mavericks, r-release-osx-x86_64-snowleopard, r-release-windows-ix86+x86_64

Version: 1.4.9
Check: top-level files
Result: NOTE
    Non-standard file/directory found at top level:
     ‘TITLE’
Flavors: r-devel-linux-x86_64-fedora-clang, r-devel-linux-x86_64-fedora-gcc

Version: 1.4.9
Check: Rd line widths
Result: NOTE
    Rd file 'mfp.Rd':
     \usage lines wider than 90 characters:
     mfp(formula, data, family = gaussian, method = c("efron", "breslow"), subset, na.action, init, alpha=0.05,
     select = 1, maxits = 20, keep = NULL, rescale = TRUE, verbose = FALSE, x = TRUE, y = TRUE)
    
    These lines will be truncated in the PDF manual.
Flavors: r-devel-linux-x86_64-fedora-clang, r-devel-linux-x86_64-fedora-gcc

Version: 1.4.9
Check: for old-style vignette sources
Result: NOTE
    Vignette sources only in 'inst/doc':
     'mfp.Rnw'
    A 'vignettes' directory will be required as from R 3.1.0
Flavor: r-oldrel-windows-ix86+x86_64