CRAN Package Check Results for Package mfp

Last updated on 2014-09-21 13:46:46.

Flavor Version Tinstall Tcheck Ttotal Status Flags
r-patched-linux-x86_64 1.4.9 0.84 15.56 16.40 NOTE
r-release-linux-ix86 1.4.9 1.09 21.88 22.96 NOTE
r-release-linux-x86_64 1.4.9 0.69 15.13 15.82 NOTE
r-release-osx-x86_64-mavericks 1.4.9 NOTE
r-release-osx-x86_64-snowleopard 1.4.9 NOTE

Check Details

Version: 1.4.9
Check: top-level files
Result: NOTE
    Non-standard file/directory found at top level:
     ‘TITLE’
Flavors: r-patched-linux-x86_64, r-release-linux-x86_64

Version: 1.4.9
Check: dependencies in R code
Result: NOTE
    'library' or 'require' call to ‘survival’ which was already attached by Depends.
     Please remove these calls from your code.
    See the information on DESCRIPTION files in the chapter ‘Creating R
    packages’ of the ‘Writing R Extensions’ manual.
Flavors: r-patched-linux-x86_64, r-release-linux-ix86, r-release-linux-x86_64, r-release-osx-x86_64-mavericks, r-release-osx-x86_64-snowleopard

Version: 1.4.9
Check: Rd line widths
Result: NOTE
    Rd file 'mfp.Rd':
     \usage lines wider than 90 characters:
     mfp(formula, data, family = gaussian, method = c("efron", "breslow"), subset, na.action, init, alpha=0.05,
     select = 1, maxits = 20, keep = NULL, rescale = TRUE, verbose = FALSE, x = TRUE, y = TRUE)
    
    These lines will be truncated in the PDF manual.
Flavors: r-patched-linux-x86_64, r-release-linux-x86_64

Version: 1.4.9
Check: for old-style vignette sources
Result: NOTE
    Vignette sources only in ‘inst/doc’:
     ‘mfp.Rnw’
    A ‘vignettes’ directory is required as from R 3.1.0
    and these will not be indexed nor checked
Flavors: r-patched-linux-x86_64, r-release-linux-ix86, r-release-linux-x86_64, r-release-osx-x86_64-mavericks, r-release-osx-x86_64-snowleopard