CRAN Package Check Results for Package mfp

Last updated on 2015-08-28 08:47:03.

Flavor Version Tinstall Tcheck Ttotal Status Flags
r-devel-linux-x86_64-debian-clang 1.5.1 0.73 18.28 19.01 NOTE
r-devel-linux-x86_64-debian-gcc 1.5.1 0.58 18.46 19.03 NOTE
r-devel-linux-x86_64-fedora-clang 1.5.1 36.04 NOTE
r-devel-linux-x86_64-fedora-gcc 1.5.1 34.66 NOTE
r-devel-osx-x86_64-clang 1.5.1 31.94 NOTE
r-devel-windows-ix86+x86_64 1.5.1 6.00 34.00 40.00 NOTE
r-patched-linux-x86_64 1.5.1 0.64 18.91 19.55 NOTE
r-patched-solaris-sparc 1.5.1 238.50 NOTE
r-patched-solaris-x86 1.5.1 51.00 NOTE
r-release-linux-x86_64 1.5.1 0.64 18.06 18.70 NOTE
r-release-osx-x86_64-mavericks 1.5.1 OK
r-release-windows-ix86+x86_64 1.5.1 3.00 33.00 36.00 OK
r-oldrel-windows-ix86+x86_64 1.5.1 5.00 32.00 37.00 OK

Check Details

Version: 1.5.1
Check: R code for possible problems
Result: NOTE
    fp.fit: no visible global function definition for ‘getFromNamespace’
    fp.order: no visible global function definition for ‘getFromNamespace’
    mfp: no visible global function definition for ‘getFromNamespace’
    mfp.fit: no visible global function definition for ‘getFromNamespace’
    predict.mfp: no visible global function definition for
     ‘getFromNamespace’
    Undefined global functions or variables:
     getFromNamespace
    Consider adding
     importFrom("utils", "getFromNamespace")
    to your NAMESPACE.
Flavors: r-devel-linux-x86_64-debian-clang, r-devel-linux-x86_64-debian-gcc, r-devel-linux-x86_64-fedora-clang, r-devel-linux-x86_64-fedora-gcc, r-devel-windows-ix86+x86_64

Version: 1.5.1
Check: re-building of vignette outputs
Result: NOTE
    Error in re-building vignettes:
     ...
    Loading required package: survival
    Error in texi2dvi(file = file, pdf = TRUE, clean = clean, quiet = quiet, :
     Running ‘texi2dvi’ on ‘mfp_vignette.tex’ failed.
    LaTeX errors:
    ! LaTeX Error: Unknown float option `H'.
    
    See the LaTeX manual or LaTeX Companion for explanation.
    Type H <return> for immediate help.
     ...
    Calls: buildVignettes -> texi2pdf -> texi2dvi
    Execution halted
Flavors: r-devel-linux-x86_64-debian-clang, r-devel-linux-x86_64-debian-gcc, r-devel-linux-x86_64-fedora-clang, r-devel-linux-x86_64-fedora-gcc, r-devel-osx-x86_64-clang, r-patched-linux-x86_64, r-patched-solaris-sparc, r-patched-solaris-x86, r-release-linux-x86_64