CRAN Package Check Results for Package mfp

Last updated on 2015-07-29 08:50:08.

Flavor Version Tinstall Tcheck Ttotal Status Flags
r-devel-linux-x86_64-debian-clang 1.5.1 0.63 18.18 18.81 NOTE
r-devel-linux-x86_64-debian-gcc 1.5.1 0.60 18.14 18.74 NOTE
r-devel-linux-x86_64-fedora-clang 1.5.1 37.49 NOTE
r-devel-linux-x86_64-fedora-gcc 1.5.1 34.81 NOTE
r-devel-osx-x86_64-clang 1.5.1 33.31 NOTE
r-devel-windows-ix86+x86_64 1.5.1 4.00 41.00 45.00 NOTE
r-patched-linux-x86_64 1.5.1 0.68 18.42 19.10 NOTE
r-patched-solaris-sparc 1.5.1 238.50 NOTE
r-patched-solaris-x86 1.5.1 50.10 NOTE
r-release-linux-x86_64 1.5.1 0.63 19.04 19.67 NOTE
r-release-osx-x86_64-mavericks 1.5.1 OK
r-release-windows-ix86+x86_64 1.5.1 4.00 30.00 34.00 OK
r-oldrel-windows-ix86+x86_64 1.5.1 5.00 32.00 37.00 OK

Check Details

Version: 1.5.1
Check: R code for possible problems
Result: NOTE
    fp.fit: no visible global function definition for ‘getFromNamespace’
    fp.order: no visible global function definition for ‘getFromNamespace’
    mfp: no visible global function definition for ‘getFromNamespace’
    mfp.fit: no visible global function definition for ‘getFromNamespace’
    predict.mfp: no visible global function definition for
     ‘getFromNamespace’
    Undefined global functions or variables:
     getFromNamespace
    Consider adding
     importFrom("utils", "getFromNamespace")
    to your NAMESPACE.
Flavors: r-devel-linux-x86_64-debian-clang, r-devel-linux-x86_64-debian-gcc, r-devel-linux-x86_64-fedora-clang, r-devel-linux-x86_64-fedora-gcc, r-devel-windows-ix86+x86_64

Version: 1.5.1
Check: re-building of vignette outputs
Result: NOTE
    Error in re-building vignettes:
     ...
    Loading required package: survival
    Error in texi2dvi(file = file, pdf = TRUE, clean = clean, quiet = quiet, :
     Running ‘texi2dvi’ on ‘mfp_vignette.tex’ failed.
    LaTeX errors:
    ! LaTeX Error: Unknown float option `H'.
    
    See the LaTeX manual or LaTeX Companion for explanation.
    Type H <return> for immediate help.
     ...
    Calls: buildVignettes -> texi2pdf -> texi2dvi
    Execution halted
Flavors: r-devel-linux-x86_64-debian-clang, r-devel-linux-x86_64-debian-gcc, r-devel-linux-x86_64-fedora-clang, r-devel-linux-x86_64-fedora-gcc, r-devel-osx-x86_64-clang, r-patched-linux-x86_64, r-patched-solaris-sparc, r-patched-solaris-x86, r-release-linux-x86_64