CRAN Package Check Results for Package mfx

Last updated on 2015-04-25 06:46:22.

Flavor Version Tinstall Tcheck Ttotal Status Flags
r-devel-linux-x86_64-debian-clang 1.1 2.30 26.12 28.42 NOTE
r-devel-linux-x86_64-debian-gcc 1.1 2.12 24.96 27.08 NOTE
r-devel-linux-x86_64-fedora-clang 1.1 58.90 NOTE
r-devel-linux-x86_64-fedora-gcc 1.1 51.82 NOTE
r-devel-osx-x86_64-clang 1.1 51.32 NOTE
r-devel-windows-ix86+x86_64 1.1 6.00 41.00 47.00 OK
r-patched-linux-x86_64 1.1 1.74 25.88 27.62 NOTE
r-patched-solaris-sparc 1.1 336.20 OK
r-patched-solaris-x86 1.1 70.10 OK
r-release-linux-x86_64 1.1 1.77 25.29 27.06 NOTE
r-release-osx-x86_64-mavericks 1.1 OK
r-release-osx-x86_64-snowleopard 1.1 ERROR
r-release-windows-ix86+x86_64 1.1 6.00 39.00 45.00 OK
r-oldrel-windows-ix86+x86_64 1.1 8.00 50.00 58.00 OK

Check Details

Version: 1.1
Check: S3 generic/method consistency
Result: NOTE
    Found the following apparent S3 methods exported but not registered:
     print.betamfx print.betaor print.logitmfx print.logitor
     print.negbinirr print.negbinmfx print.poissonirr print.poissonmfx
     print.probitmfx
    See section ‘Registering S3 methods’ in the ‘Writing R Extensions’
    manual.
Flavor: r-patched-linux-x86_64