CRAN Package Check Results for Package mfx

Last updated on 2016-02-11 06:50:48.

Flavor Version Tinstall Tcheck Ttotal Status Flags
r-devel-linux-x86_64-debian-gcc 1.1 1.64 23.82 25.47 NOTE
r-devel-linux-x86_64-fedora-clang 1.1 48.40 NOTE
r-devel-linux-x86_64-fedora-gcc 1.1 47.28 NOTE
r-devel-osx-x86_64-clang 1.1 51.68 NOTE
r-devel-windows-ix86+x86_64 1.1 7.00 54.00 61.00 OK
r-patched-linux-x86_64 1.1 1.81 25.80 27.61 NOTE
r-patched-solaris-sparc 1.1 315.00 NOTE
r-patched-solaris-x86 1.1 66.40 NOTE
r-release-linux-x86_64 1.1 1.80 25.96 27.77 NOTE
r-release-osx-x86_64-mavericks 1.1 OK
r-release-windows-ix86+x86_64 1.1 8.00 61.00 69.00 OK
r-oldrel-windows-ix86+x86_64 1.1 13.00 85.00 98.00 OK

Check Details

Version: 1.1
Check: S3 generic/method consistency
Result: NOTE
    Found the following apparent S3 methods exported but not registered:
     print.betamfx print.betaor print.logitmfx print.logitor
     print.negbinirr print.negbinmfx print.poissonirr print.poissonmfx
     print.probitmfx
    See section ‘Registering S3 methods’ in the ‘Writing R Extensions’
    manual.
Flavors: r-devel-linux-x86_64-debian-gcc, r-devel-linux-x86_64-fedora-clang, r-devel-linux-x86_64-fedora-gcc, r-devel-osx-x86_64-clang, r-patched-linux-x86_64, r-patched-solaris-sparc, r-patched-solaris-x86, r-release-linux-x86_64