CRAN Package Check Results for Package mfx

Last updated on 2017-09-25 16:47:04.

Flavor Version Tinstall Tcheck Ttotal Status Flags
r-devel-linux-x86_64-debian-clang 1.1 1.74 28.67 30.41 NOTE
r-devel-linux-x86_64-debian-gcc 1.1 1.90 27.66 29.56 NOTE
r-devel-linux-x86_64-fedora-clang 1.1 52.60 NOTE
r-devel-linux-x86_64-fedora-gcc 1.1 53.44 NOTE
r-devel-windows-ix86+x86_64 1.1 6.00 49.00 55.00 OK
r-patched-linux-x86_64 1.1 2.07 28.59 30.66 NOTE
r-patched-solaris-x86 1.1 71.10 NOTE
r-release-linux-x86_64 1.1 1.82 28.36 30.18 NOTE
r-release-windows-ix86+x86_64 1.1 5.00 50.00 55.00 OK
r-release-osx-x86_64 1.1 OK
r-oldrel-windows-ix86+x86_64 1.1 7.00 48.00 55.00 OK
r-oldrel-osx-x86_64 1.1 OK

Check Details

Version: 1.1
Check: S3 generic/method consistency
Result: NOTE
    Found the following apparent S3 methods exported but not registered:
     print.betamfx print.betaor print.logitmfx print.logitor
     print.negbinirr print.negbinmfx print.poissonirr print.poissonmfx
     print.probitmfx
    See section ‘Registering S3 methods’ in the ‘Writing R Extensions’
    manual.
Flavors: r-devel-linux-x86_64-debian-clang, r-devel-linux-x86_64-debian-gcc, r-devel-linux-x86_64-fedora-clang, r-devel-linux-x86_64-fedora-gcc, r-patched-linux-x86_64, r-patched-solaris-x86, r-release-linux-x86_64