CRAN Package Check Results for Package mfx

Last updated on 2017-03-29 23:53:15.

Flavor Version Tinstall Tcheck Ttotal Status Flags
r-devel-linux-x86_64-debian-clang 1.1 1.76 28.68 30.44 NOTE
r-devel-linux-x86_64-debian-gcc 1.1 1.79 27.79 29.58 NOTE
r-devel-linux-x86_64-fedora-clang 1.1 51.77 NOTE --no-stop-on-test-error
r-devel-linux-x86_64-fedora-gcc 1.1 51.20 NOTE --no-stop-on-test-error
r-devel-macos-x86_64-clang 1.1 43.12 NOTE --no-stop-on-test-error
r-devel-windows-ix86+x86_64 1.1 5.00 90.00 95.00 OK
r-patched-linux-x86_64 1.1 1.86 27.86 29.72 NOTE
r-patched-solaris-sparc 1.1 312.00 NOTE
r-patched-solaris-x86 1.1 70.20 NOTE
r-release-linux-x86_64 1.1 1.63 24.27 25.90 NOTE
r-release-osx-x86_64-mavericks 1.1 OK
r-release-windows-ix86+x86_64 1.1 15.00 64.00 79.00 OK
r-oldrel-windows-ix86+x86_64 1.1 15.00 122.00 137.00 OK

Check Details

Version: 1.1
Check: S3 generic/method consistency
Result: NOTE
    Found the following apparent S3 methods exported but not registered:
     print.betamfx print.betaor print.logitmfx print.logitor
     print.negbinirr print.negbinmfx print.poissonirr print.poissonmfx
     print.probitmfx
    See section ‘Registering S3 methods’ in the ‘Writing R Extensions’
    manual.
Flavors: r-devel-linux-x86_64-debian-clang, r-devel-linux-x86_64-debian-gcc, r-patched-linux-x86_64, r-patched-solaris-sparc, r-patched-solaris-x86, r-release-linux-x86_64

Version: 1.1
Flags: --no-stop-on-test-error
Check: S3 generic/method consistency
Result: NOTE
    Found the following apparent S3 methods exported but not registered:
     print.betamfx print.betaor print.logitmfx print.logitor
     print.negbinirr print.negbinmfx print.poissonirr print.poissonmfx
     print.probitmfx
    See section ‘Registering S3 methods’ in the ‘Writing R Extensions’
    manual.
Flavors: r-devel-linux-x86_64-fedora-clang, r-devel-linux-x86_64-fedora-gcc, r-devel-macos-x86_64-clang