CRAN Package Check Results for Package mfx

Last updated on 2018-04-22 00:46:57 CEST.

Flavor Version Tinstall Tcheck Ttotal Status Flags
r-devel-linux-x86_64-debian-clang 1.1 3.64 41.88 45.52 NOTE
r-devel-linux-x86_64-debian-gcc 1.1 3.29 33.45 36.74 NOTE
r-devel-linux-x86_64-fedora-clang 1.1 55.85 NOTE
r-devel-linux-x86_64-fedora-gcc 1.1 53.29 NOTE
r-devel-windows-ix86+x86_64 1.1 10.00 58.00 68.00 OK
r-devel-osx-x86_64 1.1 OK
r-patched-linux-x86_64 1.1 3.44 42.79 46.23 NOTE
r-patched-solaris-x86 1.1 82.40 NOTE
r-release-linux-x86_64 1.1 2.49 44.33 46.82 NOTE
r-release-windows-ix86+x86_64 1.1 6.00 79.00 85.00 OK
r-release-osx-x86_64 1.1 OK
r-oldrel-windows-ix86+x86_64 1.1 9.00 49.00 58.00 OK

Check Details

Version: 1.1
Check: S3 generic/method consistency
Result: NOTE
    Found the following apparent S3 methods exported but not registered:
     print.betamfx print.betaor print.logitmfx print.logitor
     print.negbinirr print.negbinmfx print.poissonirr print.poissonmfx
     print.probitmfx
    See section ‘Registering S3 methods’ in the ‘Writing R Extensions’
    manual.
Flavors: r-devel-linux-x86_64-debian-clang, r-devel-linux-x86_64-debian-gcc, r-devel-linux-x86_64-fedora-clang, r-devel-linux-x86_64-fedora-gcc, r-patched-linux-x86_64, r-patched-solaris-x86, r-release-linux-x86_64