CRAN Package Check Results for Package mfx

Last updated on 2017-11-24 14:49:46 CET.

Flavor Version Tinstall Tcheck Ttotal Status Flags
r-devel-linux-x86_64-debian-clang 1.1 2.18 71.29 73.47 NOTE
r-devel-linux-x86_64-debian-gcc 1.1 2.13 70.13 72.25 NOTE
r-devel-linux-x86_64-fedora-clang 1.1 48.45 NOTE
r-devel-linux-x86_64-fedora-gcc 1.1 47.66 NOTE
r-devel-windows-ix86+x86_64 1.1 5.00 73.00 78.00 OK
r-patched-linux-x86_64 1.1 2.30 79.81 82.12 NOTE
r-patched-solaris-x86 1.1 72.50 NOTE
r-release-linux-x86_64 1.1 2.62 76.41 79.03 NOTE
r-release-windows-ix86+x86_64 1.1 6.00 60.00 66.00 OK
r-release-osx-x86_64 1.1 OK
r-oldrel-windows-ix86+x86_64 1.1 5.00 79.00 84.00 OK
r-oldrel-osx-x86_64 1.1 OK

Check Details

Version: 1.1
Check: S3 generic/method consistency
Result: NOTE
    Found the following apparent S3 methods exported but not registered:
     print.betamfx print.betaor print.logitmfx print.logitor
     print.negbinirr print.negbinmfx print.poissonirr print.poissonmfx
     print.probitmfx
    See section ‘Registering S3 methods’ in the ‘Writing R Extensions’
    manual.
Flavors: r-devel-linux-x86_64-debian-clang, r-devel-linux-x86_64-debian-gcc, r-devel-linux-x86_64-fedora-clang, r-devel-linux-x86_64-fedora-gcc, r-patched-linux-x86_64, r-patched-solaris-x86, r-release-linux-x86_64