CRAN Package Check Results for Package mfx

Last updated on 2016-08-27 15:46:58.

Flavor Version Tinstall Tcheck Ttotal Status Flags
r-devel-linux-x86_64-debian-clang 1.1 1.73 25.42 27.15 NOTE
r-devel-linux-x86_64-debian-gcc 1.1 2.37 33.17 35.54 NOTE
r-devel-linux-x86_64-fedora-clang 1.1 49.19 NOTE
r-devel-linux-x86_64-fedora-gcc 1.1 45.61 NOTE
r-devel-osx-x86_64-clang 1.1 41.73 NOTE
r-devel-windows-ix86+x86_64 1.1 7.00 45.00 52.00 OK
r-patched-linux-x86_64 1.1 1.61 24.71 26.32 NOTE
r-patched-solaris-sparc 1.1 295.20 NOTE
r-patched-solaris-x86 1.1 60.90 NOTE
r-release-linux-x86_64 1.1 1.72 25.45 27.17 NOTE
r-release-osx-x86_64-mavericks 1.1 OK
r-release-windows-ix86+x86_64 1.1 8.00 48.00 56.00 OK
r-oldrel-windows-ix86+x86_64 1.1 5.00 42.00 47.00 OK

Check Details

Version: 1.1
Check: S3 generic/method consistency
Result: NOTE
    Found the following apparent S3 methods exported but not registered:
     print.betamfx print.betaor print.logitmfx print.logitor
     print.negbinirr print.negbinmfx print.poissonirr print.poissonmfx
     print.probitmfx
    See section ‘Registering S3 methods’ in the ‘Writing R Extensions’
    manual.
Flavors: r-devel-linux-x86_64-debian-clang, r-devel-linux-x86_64-debian-gcc, r-devel-linux-x86_64-fedora-clang, r-devel-linux-x86_64-fedora-gcc, r-devel-osx-x86_64-clang, r-patched-linux-x86_64, r-patched-solaris-sparc, r-patched-solaris-x86, r-release-linux-x86_64