CRAN Package Check Results for Package mfx

Last updated on 2015-07-06 08:48:12.

Flavor Version Tinstall Tcheck Ttotal Status Flags
r-devel-linux-x86_64-debian-clang 1.1 1.71 25.42 27.13 NOTE
r-devel-linux-x86_64-debian-gcc 1.1 1.84 25.24 27.09 NOTE
r-devel-linux-x86_64-fedora-clang 1.1 54.59 NOTE
r-devel-linux-x86_64-fedora-gcc 1.1 50.60 NOTE
r-devel-osx-x86_64-clang 1.1 46.66 NOTE
r-devel-windows-ix86+x86_64 1.1 8.00 38.00 46.00 OK
r-patched-linux-x86_64 1.1 1.72 25.10 26.82 NOTE
r-patched-solaris-sparc 1.1 364.00 NOTE
r-patched-solaris-x86 1.1 71.10 NOTE
r-release-linux-x86_64 1.1 1.83 24.80 26.64 NOTE
r-release-osx-x86_64-mavericks 1.1 OK
r-release-windows-ix86+x86_64 1.1 8.00 39.00 47.00 OK
r-oldrel-windows-ix86+x86_64 1.1 13.00 56.00 69.00 OK

Check Details

Version: 1.1
Check: S3 generic/method consistency
Result: NOTE
    Found the following apparent S3 methods exported but not registered:
     print.betamfx print.betaor print.logitmfx print.logitor
     print.negbinirr print.negbinmfx print.poissonirr print.poissonmfx
     print.probitmfx
    See section ‘Registering S3 methods’ in the ‘Writing R Extensions’
    manual.
Flavors: r-devel-linux-x86_64-debian-clang, r-devel-linux-x86_64-debian-gcc, r-devel-linux-x86_64-fedora-clang, r-devel-linux-x86_64-fedora-gcc, r-devel-osx-x86_64-clang, r-patched-linux-x86_64, r-patched-solaris-sparc, r-patched-solaris-x86, r-release-linux-x86_64