CRAN Package Check Results for Package mfx

Last updated on 2017-01-18 18:48:19.

Flavor Version Tinstall Tcheck Ttotal Status Flags
r-devel-linux-x86_64-debian-clang 1.1 1.83 27.94 29.78 NOTE
r-devel-linux-x86_64-debian-gcc 1.1 1.84 28.05 29.89 NOTE
r-devel-linux-x86_64-fedora-clang 1.1 53.74 NOTE --no-stop-on-test-error
r-devel-linux-x86_64-fedora-gcc 1.1 51.93 NOTE --no-stop-on-test-error
r-devel-macos-x86_64-clang 1.1 43.53 NOTE --no-stop-on-test-error
r-devel-windows-ix86+x86_64 1.1 8.00 54.00 62.00 OK
r-patched-linux-x86_64 1.1 1.60 25.32 26.93 NOTE
r-patched-solaris-sparc 1.1 295.40 NOTE
r-patched-solaris-x86 1.1 60.10 NOTE
r-release-linux-x86_64 1.1 1.64 25.46 27.10 NOTE
r-release-osx-x86_64-mavericks 1.1 OK
r-release-windows-ix86+x86_64 1.1 5.00 69.00 74.00 OK
r-oldrel-windows-ix86+x86_64 1.1 7.00 72.00 79.00 OK

Check Details

Version: 1.1
Check: S3 generic/method consistency
Result: NOTE
    Found the following apparent S3 methods exported but not registered:
     print.betamfx print.betaor print.logitmfx print.logitor
     print.negbinirr print.negbinmfx print.poissonirr print.poissonmfx
     print.probitmfx
    See section ‘Registering S3 methods’ in the ‘Writing R Extensions’
    manual.
Flavors: r-devel-linux-x86_64-debian-clang, r-devel-linux-x86_64-debian-gcc, r-patched-linux-x86_64, r-patched-solaris-sparc, r-patched-solaris-x86, r-release-linux-x86_64

Version: 1.1
Flags: --no-stop-on-test-error
Check: S3 generic/method consistency
Result: NOTE
    Found the following apparent S3 methods exported but not registered:
     print.betamfx print.betaor print.logitmfx print.logitor
     print.negbinirr print.negbinmfx print.poissonirr print.poissonmfx
     print.probitmfx
    See section ‘Registering S3 methods’ in the ‘Writing R Extensions’
    manual.
Flavors: r-devel-linux-x86_64-fedora-clang, r-devel-linux-x86_64-fedora-gcc, r-devel-macos-x86_64-clang