CRAN Package Check Results for Package mfx

Last updated on 2016-07-27 02:47:06.

Flavor Version Tinstall Tcheck Ttotal Status Flags
r-devel-linux-x86_64-debian-clang 1.1 1.95 30.88 32.84 NOTE
r-devel-linux-x86_64-debian-gcc 1.1 2.00 28.95 30.94 NOTE
r-devel-linux-x86_64-fedora-clang 1.1 48.69 NOTE
r-devel-linux-x86_64-fedora-gcc 1.1 46.18 NOTE
r-devel-osx-x86_64-clang 1.1 41.41 NOTE
r-devel-windows-ix86+x86_64 1.1 8.00 67.00 75.00 OK
r-patched-linux-x86_64 1.1 1.84 28.47 30.32 NOTE
r-patched-solaris-sparc 1.1 295.20 NOTE
r-patched-solaris-x86 1.1 61.50 NOTE
r-release-linux-x86_64 1.1 2.03 30.38 32.40 NOTE
r-release-osx-x86_64-mavericks 1.1 OK
r-release-windows-ix86+x86_64 1.1 7.00 63.00 70.00 OK
r-oldrel-windows-ix86+x86_64 1.1 9.00 64.00 73.00 OK

Check Details

Version: 1.1
Check: S3 generic/method consistency
Result: NOTE
    Found the following apparent S3 methods exported but not registered:
     print.betamfx print.betaor print.logitmfx print.logitor
     print.negbinirr print.negbinmfx print.poissonirr print.poissonmfx
     print.probitmfx
    See section ‘Registering S3 methods’ in the ‘Writing R Extensions’
    manual.
Flavors: r-devel-linux-x86_64-debian-clang, r-devel-linux-x86_64-debian-gcc, r-devel-linux-x86_64-fedora-clang, r-devel-linux-x86_64-fedora-gcc, r-devel-osx-x86_64-clang, r-patched-linux-x86_64, r-patched-solaris-sparc, r-patched-solaris-x86, r-release-linux-x86_64