CRAN Package Check Results for Package mfx

Last updated on 2015-05-22 13:46:55.

Flavor Version Tinstall Tcheck Ttotal Status Flags
r-devel-linux-x86_64-debian-clang 1.1 2.46 26.18 28.63 NOTE
r-devel-linux-x86_64-debian-gcc 1.1 1.86 25.66 27.52 NOTE
r-devel-linux-x86_64-fedora-gcc 1.1 52.54 NOTE
r-devel-osx-x86_64-clang 1.1 51.24 NOTE
r-devel-windows-ix86+x86_64 1.1 7.00 39.00 46.00 OK
r-patched-linux-x86_64 1.1 1.72 26.42 28.14 NOTE
r-patched-solaris-sparc 1.1 336.20 OK
r-patched-solaris-x86 1.1 70.90 NOTE
r-release-linux-x86_64 1.1 1.74 25.13 26.87 NOTE
r-release-osx-x86_64-mavericks 1.1 OK
r-release-osx-x86_64-snowleopard 1.1 ERROR
r-release-windows-ix86+x86_64 1.1 6.00 38.00 44.00 OK
r-oldrel-windows-ix86+x86_64 1.1 9.00 51.00 60.00 OK

Check Details

Version: 1.1
Check: S3 generic/method consistency
Result: NOTE
    Found the following apparent S3 methods exported but not registered:
     print.betamfx print.betaor print.logitmfx print.logitor
     print.negbinirr print.negbinmfx print.poissonirr print.poissonmfx
     print.probitmfx
    See section ‘Registering S3 methods’ in the ‘Writing R Extensions’
    manual.
Flavors: r-devel-linux-x86_64-debian-clang, r-devel-linux-x86_64-debian-gcc, r-devel-linux-x86_64-fedora-gcc, r-devel-osx-x86_64-clang, r-patched-linux-x86_64, r-patched-solaris-x86, r-release-linux-x86_64

Version: 1.1
Check: package dependencies
Result: ERROR
    Packages required but not available: ‘sandwich’ ‘lmtest’ ‘betareg’
    
    See section ‘The DESCRIPTION file’ in the ‘Writing R Extensions’
    manual.
Flavor: r-release-osx-x86_64-snowleopard