CRAN Package Check Results for Package mfx

Last updated on 2015-08-02 19:47:30.

Flavor Version Tinstall Tcheck Ttotal Status Flags
r-devel-linux-x86_64-debian-clang 1.1 2.02 25.34 27.36 NOTE
r-devel-linux-x86_64-debian-gcc 1.1 1.80 24.93 26.73 NOTE
r-devel-linux-x86_64-fedora-clang 1.1 57.95 NOTE
r-devel-linux-x86_64-fedora-gcc 1.1 51.41 NOTE
r-devel-osx-x86_64-clang 1.1 47.16 NOTE
r-devel-windows-ix86+x86_64 1.1 6.00 43.00 49.00 OK
r-patched-linux-x86_64 1.1 2.40 25.19 27.59 NOTE
r-patched-solaris-sparc 1.1 343.20 NOTE
r-patched-solaris-x86 1.1 72.10 NOTE
r-release-linux-x86_64 1.1 1.78 24.92 26.70 NOTE
r-release-osx-x86_64-mavericks 1.1 OK
r-release-windows-ix86+x86_64 1.1 10.00 71.00 81.00 OK
r-oldrel-windows-ix86+x86_64 1.1 13.00 63.00 76.00 OK

Check Details

Version: 1.1
Check: S3 generic/method consistency
Result: NOTE
    Found the following apparent S3 methods exported but not registered:
     print.betamfx print.betaor print.logitmfx print.logitor
     print.negbinirr print.negbinmfx print.poissonirr print.poissonmfx
     print.probitmfx
    See section ‘Registering S3 methods’ in the ‘Writing R Extensions’
    manual.
Flavors: r-devel-linux-x86_64-debian-clang, r-devel-linux-x86_64-debian-gcc, r-devel-linux-x86_64-fedora-clang, r-devel-linux-x86_64-fedora-gcc, r-devel-osx-x86_64-clang, r-patched-linux-x86_64, r-patched-solaris-sparc, r-patched-solaris-x86, r-release-linux-x86_64