CRAN Package Check Results for Package mfx

Last updated on 2017-05-30 14:47:17.

Flavor Version Tinstall Tcheck Ttotal Status Flags
r-devel-linux-x86_64-debian-clang 1.1 1.84 28.72 30.57 NOTE
r-devel-linux-x86_64-debian-gcc 1.1 1.84 28.29 30.13 NOTE
r-devel-linux-x86_64-fedora-clang 1.1 53.52 NOTE
r-devel-linux-x86_64-fedora-gcc 1.1 54.31 NOTE
r-devel-windows-ix86+x86_64 1.1 6.00 75.00 81.00 OK
r-patched-linux-x86_64 1.1 1.86 28.46 30.32 NOTE
r-patched-solaris-sparc 1.1 312.00 NOTE
r-patched-solaris-x86 1.1 69.80 NOTE
r-release-linux-x86_64 1.1 1.92 27.88 29.80 NOTE
r-release-windows-ix86+x86_64 1.1 10.00 73.00 83.00 OK
r-release-osx-x86_64 1.1 OK
r-oldrel-windows-ix86+x86_64 1.1 5.00 50.00 55.00 OK
r-oldrel-osx-x86_64 1.1 OK

Check Details

Version: 1.1
Check: S3 generic/method consistency
Result: NOTE
    Found the following apparent S3 methods exported but not registered:
     print.betamfx print.betaor print.logitmfx print.logitor
     print.negbinirr print.negbinmfx print.poissonirr print.poissonmfx
     print.probitmfx
    See section ‘Registering S3 methods’ in the ‘Writing R Extensions’
    manual.
Flavors: r-devel-linux-x86_64-debian-clang, r-devel-linux-x86_64-debian-gcc, r-devel-linux-x86_64-fedora-clang, r-devel-linux-x86_64-fedora-gcc, r-patched-linux-x86_64, r-patched-solaris-sparc, r-patched-solaris-x86, r-release-linux-x86_64