CRAN Package Check Results for Package mfx

Last updated on 2017-02-23 11:48:59.

Flavor Version Tinstall Tcheck Ttotal Status Flags
r-devel-linux-x86_64-debian-clang 1.1 1.72 28.70 30.42 NOTE
r-devel-linux-x86_64-debian-gcc 1.1 1.85 28.52 30.37 NOTE
r-devel-linux-x86_64-fedora-clang 1.1 60.02 NOTE --no-stop-on-test-error
r-devel-linux-x86_64-fedora-gcc 1.1 51.52 NOTE --no-stop-on-test-error
r-devel-macos-x86_64-clang 1.1 43.45 NOTE --no-stop-on-test-error
r-devel-windows-ix86+x86_64 1.1 9.00 70.00 79.00 OK
r-patched-linux-x86_64 1.1 1.64 24.29 25.93 NOTE
r-patched-solaris-sparc 1.1 295.40 NOTE
r-patched-solaris-x86 1.1 59.30 NOTE
r-release-linux-x86_64 1.1 1.67 24.45 26.12 NOTE
r-release-osx-x86_64-mavericks 1.1 OK
r-release-windows-ix86+x86_64 1.1 8.00 63.00 71.00 OK
r-oldrel-windows-ix86+x86_64 1.1 9.00 46.00 55.00 OK

Check Details

Version: 1.1
Check: S3 generic/method consistency
Result: NOTE
    Found the following apparent S3 methods exported but not registered:
     print.betamfx print.betaor print.logitmfx print.logitor
     print.negbinirr print.negbinmfx print.poissonirr print.poissonmfx
     print.probitmfx
    See section ‘Registering S3 methods’ in the ‘Writing R Extensions’
    manual.
Flavors: r-devel-linux-x86_64-debian-clang, r-devel-linux-x86_64-debian-gcc, r-patched-linux-x86_64, r-patched-solaris-sparc, r-patched-solaris-x86, r-release-linux-x86_64

Version: 1.1
Flags: --no-stop-on-test-error
Check: S3 generic/method consistency
Result: NOTE
    Found the following apparent S3 methods exported but not registered:
     print.betamfx print.betaor print.logitmfx print.logitor
     print.negbinirr print.negbinmfx print.poissonirr print.poissonmfx
     print.probitmfx
    See section ‘Registering S3 methods’ in the ‘Writing R Extensions’
    manual.
Flavors: r-devel-linux-x86_64-fedora-clang, r-devel-linux-x86_64-fedora-gcc, r-devel-macos-x86_64-clang