CRAN Package Check Results for Package mfx

Last updated on 2015-03-04 00:47:12.

Flavor Version Tinstall Tcheck Ttotal Status Flags
r-devel-linux-x86_64-debian-clang 1.1 2.48 26.52 29.00 NOTE
r-devel-linux-x86_64-debian-gcc 1.1 1.71 24.75 26.46 NOTE
r-devel-linux-x86_64-fedora-clang 1.1 56.92 NOTE
r-devel-linux-x86_64-fedora-gcc 1.1 52.75 NOTE
r-devel-osx-x86_64-clang 1.1 52.96 NOTE
r-devel-windows-ix86+x86_64 1.1 5.00 38.00 43.00 OK
r-patched-linux-x86_64 1.1 2.67 34.16 36.83 OK
r-patched-solaris-sparc 1.1 453.70 OK
r-patched-solaris-x86 1.1 96.70 OK
r-release-linux-ix86 1.1 4.75 40.48 45.23 OK
r-release-linux-x86_64 1.1 2.63 34.34 36.98 OK
r-release-osx-x86_64-mavericks 1.1 OK
r-release-osx-x86_64-snowleopard 1.1 OK
r-release-windows-ix86+x86_64 1.1 13.00 76.00 89.00 OK
r-oldrel-windows-ix86+x86_64 1.1 8.00 51.00 59.00 OK

Check Details

Version: 1.1
Check: S3 generic/method consistency
Result: NOTE
    Found the following apparent S3 methods exported but not registered:
     print.betamfx print.betaor print.logitmfx print.logitor
     print.negbinirr print.negbinmfx print.poissonirr print.poissonmfx
     print.probitmfx
    See section ‘Registering S3 methods’ in the ‘Writing R Extensions’
    manual.
Flavors: r-devel-linux-x86_64-debian-clang, r-devel-linux-x86_64-debian-gcc, r-devel-linux-x86_64-fedora-clang, r-devel-linux-x86_64-fedora-gcc, r-devel-osx-x86_64-clang