CRAN Package Check Results for Package mfx

Last updated on 2015-01-25 09:51:32.

Flavor Version Tinstall Tcheck Ttotal Status Flags
r-devel-linux-x86_64-debian-clang 1.1 2.28 33.20 35.48 OK
r-devel-linux-x86_64-debian-gcc 1.1 2.24 31.79 34.03 OK
r-devel-linux-x86_64-fedora-clang 1.1 75.95 NOTE
r-devel-linux-x86_64-fedora-gcc 1.1 72.21 NOTE
r-devel-osx-x86_64-clang 1.1 68.66 NOTE
r-devel-windows-ix86+x86_64 1.1 9.00 53.00 62.00 OK
r-patched-linux-x86_64 1.1 2.45 33.34 35.79 OK
r-patched-solaris-sparc 1.1 439.70 OK
r-patched-solaris-x86 1.1 97.10 OK
r-release-linux-ix86 1.1 2.84 39.96 42.80 OK
r-release-linux-x86_64 1.1 2.64 35.24 37.88 OK
r-release-osx-x86_64-mavericks 1.1 OK
r-release-osx-x86_64-snowleopard 1.1 OK
r-release-windows-ix86+x86_64 1.1 9.00 54.00 63.00 OK
r-oldrel-windows-ix86+x86_64 1.1 8.00 51.00 59.00 OK

Check Details

Version: 1.1
Check: S3 generic/method consistency
Result: NOTE
    Found the following apparent S3 methods exported but not registered:
     print.betamfx print.betaor print.logitmfx print.logitor
     print.negbinirr print.negbinmfx print.poissonirr print.poissonmfx
     print.probitmfx
    See section ‘Registering S3 methods’ in the ‘Writing R Extensions’
    manual.
Flavors: r-devel-linux-x86_64-fedora-clang, r-devel-linux-x86_64-fedora-gcc, r-devel-osx-x86_64-clang