CRAN Package Check Results for Package mfx

Last updated on 2018-02-23 12:47:24 CET.

Flavor Version Tinstall Tcheck Ttotal Status Flags
r-devel-linux-x86_64-debian-clang 1.1 3.66 41.82 45.48 NOTE
r-devel-linux-x86_64-debian-gcc 1.1 3.24 33.04 36.28 NOTE
r-devel-linux-x86_64-fedora-clang 1.1 56.52 NOTE
r-devel-linux-x86_64-fedora-gcc 1.1 55.73 NOTE
r-devel-windows-ix86+x86_64 1.1 10.00 69.00 79.00 OK
r-patched-linux-x86_64 1.1 2.61 44.67 47.28 NOTE
r-patched-solaris-x86 1.1 69.50 NOTE
r-release-linux-x86_64 1.1 2.50 44.23 46.73 NOTE
r-release-windows-ix86+x86_64 1.1 13.00 72.00 85.00 OK
r-release-osx-x86_64 1.1 OK
r-oldrel-windows-ix86+x86_64 1.1 5.00 81.00 86.00 OK
r-oldrel-osx-x86_64 1.1 OK

Check Details

Version: 1.1
Check: S3 generic/method consistency
Result: NOTE
    Found the following apparent S3 methods exported but not registered:
     print.betamfx print.betaor print.logitmfx print.logitor
     print.negbinirr print.negbinmfx print.poissonirr print.poissonmfx
     print.probitmfx
    See section ‘Registering S3 methods’ in the ‘Writing R Extensions’
    manual.
Flavors: r-devel-linux-x86_64-debian-clang, r-devel-linux-x86_64-debian-gcc, r-devel-linux-x86_64-fedora-clang, r-devel-linux-x86_64-fedora-gcc, r-patched-linux-x86_64, r-patched-solaris-x86, r-release-linux-x86_64