CRAN Package Check Results for Package mfx

Last updated on 2016-05-02 21:49:52.

Flavor Version Tinstall Tcheck Ttotal Status Flags
r-devel-linux-x86_64-debian-gcc 1.1 1.83 24.65 26.48 NOTE
r-devel-linux-x86_64-fedora-clang 1.1 49.14 NOTE
r-devel-linux-x86_64-fedora-gcc 1.1 45.97 NOTE
r-devel-osx-x86_64-clang 1.1 51.88 NOTE
r-devel-windows-ix86+x86_64 1.1 6.00 51.00 57.00 OK
r-patched-linux-x86_64 1.1 1.79 24.25 26.04 NOTE
r-patched-solaris-sparc 1.1 295.50 NOTE
r-patched-solaris-x86 1.1 62.10 NOTE
r-release-linux-x86_64 1.1 1.81 27.29 29.10 NOTE
r-release-osx-x86_64-mavericks 1.1 OK
r-release-windows-ix86+x86_64 1.1 6.00 63.00 69.00 OK
r-oldrel-windows-ix86+x86_64 1.1 13.00 84.00 97.00 OK

Check Details

Version: 1.1
Check: S3 generic/method consistency
Result: NOTE
    Found the following apparent S3 methods exported but not registered:
     print.betamfx print.betaor print.logitmfx print.logitor
     print.negbinirr print.negbinmfx print.poissonirr print.poissonmfx
     print.probitmfx
    See section ‘Registering S3 methods’ in the ‘Writing R Extensions’
    manual.
Flavors: r-devel-linux-x86_64-debian-gcc, r-devel-linux-x86_64-fedora-clang, r-devel-linux-x86_64-fedora-gcc, r-devel-osx-x86_64-clang, r-patched-linux-x86_64, r-patched-solaris-sparc, r-patched-solaris-x86, r-release-linux-x86_64