CRAN Package Check Results for Package mfx

Last updated on 2017-07-20 23:51:23.

Flavor Version Tinstall Tcheck Ttotal Status Flags
r-devel-linux-x86_64-debian-clang 1.1 1.72 33.98 35.70 NOTE
r-devel-linux-x86_64-debian-gcc 1.1 1.73 33.73 35.46 NOTE
r-devel-linux-x86_64-fedora-clang 1.1 51.97 NOTE
r-devel-linux-x86_64-fedora-gcc 1.1 52.68 NOTE
r-devel-windows-ix86+x86_64 1.1 8.00 54.00 62.00 OK
r-patched-linux-x86_64 1.1 1.74 34.60 36.33 NOTE
r-patched-solaris-x86 1.1 71.30 NOTE
r-release-linux-x86_64 1.1 1.81 34.01 35.82 NOTE
r-release-windows-ix86+x86_64 1.1 6.00 69.00 75.00 OK
r-release-osx-x86_64 1.1 OK
r-oldrel-windows-ix86+x86_64 1.1 5.00 52.00 57.00 OK
r-oldrel-osx-x86_64 1.1 OK

Check Details

Version: 1.1
Check: S3 generic/method consistency
Result: NOTE
    Found the following apparent S3 methods exported but not registered:
     print.betamfx print.betaor print.logitmfx print.logitor
     print.negbinirr print.negbinmfx print.poissonirr print.poissonmfx
     print.probitmfx
    See section ‘Registering S3 methods’ in the ‘Writing R Extensions’
    manual.
Flavors: r-devel-linux-x86_64-debian-clang, r-devel-linux-x86_64-debian-gcc, r-devel-linux-x86_64-fedora-clang, r-devel-linux-x86_64-fedora-gcc, r-patched-linux-x86_64, r-patched-solaris-x86, r-release-linux-x86_64