CRAN Package Check Results for Package mgc

Last updated on 2022-01-24 20:49:39 CET.

Flavor Version Tinstall Tcheck Ttotal Status Flags
r-devel-linux-x86_64-debian-clang 2.0.2 26.99 393.55 420.54 NOTE
r-devel-linux-x86_64-debian-gcc 2.0.2 18.82 281.86 300.68 NOTE
r-devel-linux-x86_64-fedora-clang 2.0.2 495.01 NOTE
r-devel-linux-x86_64-fedora-gcc 2.0.2 521.66 NOTE
r-devel-windows-x86_64-new-UL 2.0.2 71.00 427.00 498.00 NOTE
r-devel-windows-x86_64-new-TK 2.0.2 NOTE
r-patched-linux-x86_64 2.0.2 22.29 407.93 430.22 NOTE
r-release-linux-x86_64 2.0.2 25.48 405.06 430.54 NOTE
r-release-macos-arm64 2.0.2 NOTE
r-release-macos-x86_64 2.0.2 NOTE
r-release-windows-ix86+x86_64 2.0.2 60.00 617.00 677.00 NOTE
r-oldrel-macos-x86_64 2.0.2 NOTE
r-oldrel-windows-ix86+x86_64 2.0.2 62.00 625.00 687.00 OK

Check Details

Version: 2.0.2
Check: LazyData
Result: NOTE
     'LazyData' is specified without a 'data' directory
Flavors: r-devel-linux-x86_64-debian-clang, r-devel-linux-x86_64-debian-gcc, r-devel-linux-x86_64-fedora-clang, r-devel-linux-x86_64-fedora-gcc, r-devel-windows-x86_64-new-UL, r-devel-windows-x86_64-new-TK, r-patched-linux-x86_64, r-release-linux-x86_64, r-release-macos-arm64, r-release-macos-x86_64, r-release-windows-ix86+x86_64

Version: 2.0.2
Check: dependencies in R code
Result: NOTE
    Namespaces in Imports field not imported from:
     ‘boot’ ‘energy’
     All declared Imports should be used.
Flavors: r-devel-linux-x86_64-fedora-clang, r-devel-linux-x86_64-fedora-gcc, r-devel-windows-x86_64-new-TK, r-release-macos-arm64, r-release-macos-x86_64, r-oldrel-macos-x86_64