Last updated on 2023-02-02 15:54:36 CET.
Flavor | Version | Tinstall | Tcheck | Ttotal | Status | Flags |
---|---|---|---|---|---|---|
r-devel-linux-x86_64-debian-clang | 0.1.9 | 21.94 | 319.84 | 341.78 | OK | |
r-devel-linux-x86_64-debian-gcc | 0.1.9 | 18.95 | 233.67 | 252.62 | OK | |
r-devel-linux-x86_64-fedora-clang | 0.1.9 | 412.62 | NOTE | |||
r-devel-linux-x86_64-fedora-gcc | 0.1.9 | 422.78 | OK | |||
r-devel-windows-x86_64 | 0.1.9 | 77.00 | 520.00 | 597.00 | NOTE | |
r-patched-linux-x86_64 | 0.1.9 | 26.54 | 299.59 | 326.13 | OK | |
r-release-linux-x86_64 | 0.1.9 | 17.51 | 309.72 | 327.23 | OK | |
r-release-macos-arm64 | 0.1.9 | 121.00 | NOTE | |||
r-release-macos-x86_64 | 0.1.9 | 192.00 | NOTE | |||
r-release-windows-x86_64 | 0.1.9 | 76.00 | 520.00 | 596.00 | NOTE | |
r-oldrel-macos-arm64 | 0.1.9 | 114.00 | NOTE | |||
r-oldrel-macos-x86_64 | 0.1.9 | 133.00 | NOTE | |||
r-oldrel-windows-ix86+x86_64 | 0.1.9 | 46.00 | 576.00 | 622.00 | NOTE |
Version: 0.1.9
Check: installed package size
Result: NOTE
installed size is 5.3Mb
sub-directories of 1Mb or more:
doc 4.6Mb
Flavors: r-devel-linux-x86_64-fedora-clang, r-devel-windows-x86_64, r-release-macos-arm64, r-release-macos-x86_64, r-release-windows-x86_64, r-oldrel-macos-arm64, r-oldrel-macos-x86_64, r-oldrel-windows-ix86+x86_64
Version: 0.1.9
Check: package dependencies
Result: NOTE
Package suggested but not available for checking: ‘webshot2’
Flavors: r-release-macos-arm64, r-release-macos-x86_64, r-oldrel-macos-arm64, r-oldrel-macos-x86_64