CRAN Package Check Results for Package mgcv

Last updated on 2014-08-28 00:47:05.

Flavor Version Tinstall Tcheck Ttotal Status Flags
r-devel-linux-x86_64-debian-clang 1.8-2 27.36 188.45 215.81 NOTE
r-devel-linux-x86_64-debian-gcc 1.8-2 32.43 182.43 214.86 NOTE
r-devel-linux-x86_64-fedora-clang 1.8-2 441.27 NOTE
r-devel-linux-x86_64-fedora-gcc 1.8-2 426.44 NOTE
r-devel-osx-x86_64-clang 1.8-2 320.03 NOTE
r-patched-linux-x86_64 1.8-2 35.05 188.67 223.72 OK
r-patched-solaris-sparc 1.8-2 OK
r-patched-solaris-x86 1.8-2 OK
r-release-linux-ix86 1.8-2 37.92 226.32 264.23 OK
r-release-linux-x86_64 1.8-2 34.98 188.08 223.06 OK
r-release-osx-x86_64-mavericks 1.8-2 OK
r-release-osx-x86_64-snowleopard 1.8-2 OK
r-release-windows-ix86+x86_64 1.8-2 75.00 371.00 446.00 OK
r-oldrel-windows-ix86+x86_64 1.8-2 76.00 378.00 454.00 OK

Check Details

Version: 1.8-2
Check: R code for possible problems
Result: NOTE
    Predict.matrix.pspline.smooth: no visible global function definition
     for ‘spline.des’
    bam.fit: no visible global function definition for ‘parLapply’
    bgam.fit: no visible global function definition for ‘parLapply’
    cSplineDes: no visible global function definition for ‘splineDesign’
    predict.bam: no visible global function definition for ‘parLapply’
    smooth.construct.ps.smooth.spec: no visible global function definition
     for ‘spline.des’
Flavors: r-devel-linux-x86_64-debian-clang, r-devel-linux-x86_64-debian-gcc, r-devel-linux-x86_64-fedora-clang, r-devel-linux-x86_64-fedora-gcc, r-devel-osx-x86_64-clang