CRAN Package Check Results for Package mgcv

Last updated on 2015-03-02 19:52:19.

Flavor Version Tinstall Tcheck Ttotal Status Flags
r-devel-linux-x86_64-debian-clang 1.8-4 29.22 178.21 207.44 NOTE
r-devel-linux-x86_64-debian-gcc 1.8-4 32.54 171.98 204.52 NOTE
r-devel-linux-x86_64-fedora-clang 1.8-4 394.52 NOTE
r-devel-linux-x86_64-fedora-gcc 1.8-4 372.88 NOTE
r-devel-osx-x86_64-clang 1.8-4 314.56 NOTE
r-patched-linux-x86_64 1.8-4 37.69 191.13 228.82 NOTE
r-patched-solaris-sparc 1.8-4 NOTE
r-patched-solaris-x86 1.8-4 NOTE
r-release-linux-ix86 1.8-4 38.20 229.24 267.44 OK
r-release-linux-x86_64 1.8-4 36.44 193.82 230.26 OK
r-release-osx-x86_64-mavericks 1.8-4 OK
r-release-osx-x86_64-snowleopard 1.8-4 OK
r-release-windows-ix86+x86_64 1.8-4 108.00 503.00 611.00 OK
r-oldrel-windows-ix86+x86_64 1.8-4 74.00 371.00 445.00 OK

Check Details

Version: 1.8-4
Check: dependencies in R code
Result: NOTE
    'library' or 'require' calls in package code:
     ‘parallel’ ‘splines’
     Please use :: or requireNamespace() instead.
     See section 'Suggested packages' in the 'Writing R Extensions' manual.
Flavors: r-devel-linux-x86_64-debian-clang, r-devel-linux-x86_64-debian-gcc, r-devel-linux-x86_64-fedora-clang, r-devel-linux-x86_64-fedora-gcc, r-devel-osx-x86_64-clang, r-patched-linux-x86_64, r-patched-solaris-sparc, r-patched-solaris-x86

Version: 1.8-4
Check: S3 generic/method consistency
Result: NOTE
    Found the following apparent S3 methods exported but not registered:
     smooth.construct.sf.smooth.spec smooth.construct.sw.smooth.spec
    See section ‘Registering S3 methods’ in the ‘Writing R Extensions’
    manual.
Flavors: r-devel-linux-x86_64-debian-clang, r-devel-linux-x86_64-debian-gcc, r-devel-linux-x86_64-fedora-clang, r-devel-linux-x86_64-fedora-gcc, r-devel-osx-x86_64-clang