CRAN Package Check Results for Package mgcv

Last updated on 2019-03-25 02:49:14 CET.

Flavor Version Tinstall Tcheck Ttotal Status Flags
r-devel-linux-x86_64-debian-clang 1.8-28 76.39 491.64 568.03 OK
r-devel-linux-x86_64-debian-gcc 1.8-28 54.98 382.47 437.45 OK
r-devel-linux-x86_64-fedora-clang 1.8-28 704.78 OK
r-devel-linux-x86_64-fedora-gcc 1.8-28 419.11 OK
r-devel-windows-ix86+x86_64 1.8-27 140.00 930.00 1070.00 OK
r-patched-linux-x86_64 1.8-28 50.87 579.05 629.92 OK
r-patched-solaris-x86 1.8-28 OK
r-release-linux-x86_64 1.8-28 57.15 574.97 632.12 OK
r-release-windows-ix86+x86_64 1.8-28 116.00 1070.00 1186.00 OK
r-release-osx-x86_64 1.8-27 WARN
r-oldrel-windows-ix86+x86_64 1.8-28 107.00 935.00 1042.00 OK
r-oldrel-osx-x86_64 1.8-27 OK

Check Details

Version: 1.8-27
Check: whether package can be installed
Result: WARN
    Found the following significant warnings:
     mat.c:1867:9: warning: using floating point absolute value function 'fabs' when argument is of integer type [-Wabsolute-value]
Flavor: r-release-osx-x86_64