CRAN Package Check Results for Package mgpd

Last updated on 2014-10-20 09:56:04.

Flavor Version Tinstall Tcheck Ttotal Status Flags
r-devel-linux-x86_64-debian-clang 1.99 4.55 68.30 72.86 NOTE
r-devel-linux-x86_64-debian-gcc 1.99 4.74 69.58 74.31 NOTE
r-devel-linux-x86_64-fedora-clang 1.99 166.34 NOTE
r-devel-linux-x86_64-fedora-gcc 1.99 136.24 NOTE
r-devel-osx-x86_64-clang 1.99 146.60 NOTE
r-devel-windows-ix86+x86_64 1.99 12.00 82.00 94.00 NOTE
r-patched-linux-x86_64 1.99 4.83 68.35 73.18 NOTE
r-patched-solaris-sparc 1.99 865.80 NOTE
r-patched-solaris-x86 1.99 177.90 NOTE
r-release-linux-ix86 1.99 5.94 80.84 86.78 NOTE
r-release-linux-x86_64 1.99 4.71 68.74 73.45 NOTE
r-release-osx-x86_64-mavericks 1.99 NOTE
r-release-osx-x86_64-snowleopard 1.99 OK
r-release-windows-ix86+x86_64 1.99 12.00 87.00 99.00 NOTE
r-oldrel-windows-ix86+x86_64 1.99 13.00 87.00 100.00 NOTE

Check Details

Version: 1.99
Check: dependencies in R code
Result: NOTE
    Packages in Depends field not imported from:
     ‘corpcor’ ‘evd’ ‘fields’ ‘numDeriv’
     These packages need to be imported from (in the NAMESPACE file)
     for when this namespace is loaded but not attached.
    See the information on DESCRIPTION files in the chapter ‘Creating R
    packages’ of the ‘Writing R Extensions’ manual.
Flavors: r-devel-linux-x86_64-debian-clang, r-devel-linux-x86_64-debian-gcc, r-devel-linux-x86_64-fedora-clang, r-devel-linux-x86_64-fedora-gcc, r-devel-osx-x86_64-clang, r-devel-windows-ix86+x86_64, r-patched-linux-x86_64, r-patched-solaris-sparc, r-patched-solaris-x86, r-release-linux-ix86, r-release-linux-x86_64, r-release-osx-x86_64-mavericks, r-release-windows-ix86+x86_64, r-oldrel-windows-ix86+x86_64

Version: 1.99
Check: R code for possible problems
Result: NOTE
    dbgpd_bilog: no visible global function definition for ‘pbvevd’
    dbgpd_negbilog: no visible global function definition for ‘pbvevd’
    dtgpd_psilog : conv: no visible global function definition for
     ‘is.positive.definite’
    dtgpd_psilog: no visible global function definition for ‘image.plot’
    dtgpd_psineglog : conv: no visible global function definition for
     ‘is.positive.definite’
    dtgpd_psineglog: no visible global function definition for ‘image.plot’
    mgpd_init: no visible global function definition for ‘fgev’
    ml_bilog: no visible global function definition for ‘pbvevd’
    ml_negbilog: no visible global function definition for ‘pbvevd’
    pbgpd_bilog: no visible global function definition for ‘pbvevd’
    pbgpd_ct: no visible global function definition for ‘pbvevd’
    pbgpd_negbilog: no visible global function definition for ‘pbvevd’
    ptgpd_psilog : conv: no visible global function definition for
     ‘is.positive.definite’
    ptgpd_psilog: no visible global function definition for ‘image.plot’
    ptgpd_psineglog : conv: no visible global function definition for
     ‘is.positive.definite’
    ptgpd_psineglog: no visible global function definition for ‘image.plot’
Flavors: r-devel-linux-x86_64-debian-clang, r-devel-linux-x86_64-debian-gcc, r-devel-linux-x86_64-fedora-clang, r-devel-linux-x86_64-fedora-gcc, r-devel-osx-x86_64-clang, r-devel-windows-ix86+x86_64, r-patched-linux-x86_64, r-patched-solaris-sparc, r-patched-solaris-x86

Version: 1.99
Check: Rd line widths
Result: NOTE
    Rd file 'dbgpd.Rd':
     \usage lines wider than 90 characters:
     dbgpd(x, y, model = "log", mar1 = c(0, 1, 0.1), mar2 = c(0, 1, 0.1), dep = 2, a = 1, b = 1, asy = 0, p = 3, ...)
    
    Rd file 'dbgpd_philog.Rd':
     \usage lines wider than 90 characters:
     dbgpd_philog(x, y, mar1 = c(0, 1, 0.1), mar2 = c(0, 1, 0.1), dep = 2, asy = 0, p = 2, compare = 2, ...)
    
    Rd file 'dbgpd_phineglog.Rd':
     \usage lines wider than 90 characters:
     dbgpd_phineglog(x, y, mar1 = c(0, 1, 0.1), mar2 = c(0, 1, 0.1), dep = 2, asy = 0, p = 2, compare = 2, ...)
    
    Rd file 'dbgpd_psilog.Rd':
     \usage lines wider than 90 characters:
     dbgpd_psilog(x, y, mar1 = c(0, 1, 0.1), mar2 = c(0, 1, 0.1), dep = 2, asy = 0, p = 3, asymin = -2, asymax = 2, ...)
    
    Rd file 'dbgpd_psineglog.Rd':
     \usage lines wider than 90 characters:
     dbgpd_psineglog(x, y, mar1 = c(0, 1, 0.1), mar2 = c(0, 1, 0.1), dep = 2, asy = 0, p = 3, ...)
    
    Rd file 'dtgpd.Rd':
     \usage lines wider than 90 characters:
     dtgpd(x, y, z, model = "log", mar1 = c(0, 1, 0.1), mar2 = c(0, 1, 0.1), mar3 = c(0, 1, 0.1), dep = 1.5, A1 = 0, A2 = 0, B1 = 3, B2 = 3, ... [TRUNCATED]
    
    Rd file 'dtgpd_log.Rd':
     \usage lines wider than 90 characters:
     dtgpd_log(x, y, z, mar1 = c(0, 1, 0.1), mar2 = c(0, 1, 0.1), mar3 = c(0, 1, 0.1), dep = 1.5)
    
    Rd file 'dtgpd_neglog.Rd':
     \usage lines wider than 90 characters:
     dtgpd_neglog(x, y, z, mar1 = c(0, 1, 0.1), mar2 = c(0, 1, 0.1), mar3 = c(0, 1, 0.1), dep = 1.5)
    
    Rd file 'dtgpd_psilog.Rd':
     \usage lines wider than 90 characters:
     dtgpd_psilog(x, y, z, mar1 = c(0, 1, 0.1), mar2 = c(0, 1, 0.1), mar3 = c(0, 1, 0.1), dep = 1.5, A1 = 0, A2 = 0, B1 = 3, B2 = 3, checkco ... [TRUNCATED]
    
    Rd file 'dtgpd_psineglog.Rd':
     \usage lines wider than 90 characters:
     dtgpd_psineglog(x, y, z, mar1 = c(0, 1, 0.1), mar2 = c(0, 1, 0.1), mar3 = c(0, 1, 0.1), dep = 1.5, A1 = 0, A2 = 0, B1 = 3, B2 = 3, chec ... [TRUNCATED]
    
    Rd file 'fbgpd.Rd':
     \usage lines wider than 90 characters:
     fbgpd(initpar, dat, model = "log", fixed = FALSE, control = list(maxit = 50000), psi = 3, ...)
    
    Rd file 'pbgpd.Rd':
     \usage lines wider than 90 characters:
     pbgpd(x, y, model = "log", mar1 = c(0, 1, 0.1), mar2 = c(0, 1, 0.1), dep = 2, a = 1/2, b = 1/2, asy = 0, p = 3, ...)
    
    Rd file 'pbgpd_philog.Rd':
     \usage lines wider than 90 characters:
     pbgpd_philog(x, y, mar1 = c(0, 1, 0.1), mar2 = c(0, 1, 0.1), dep = 2, asy = 0, p = 2, compare = 2, ...)
    
    Rd file 'pbgpd_phineglog.Rd':
     \usage lines wider than 90 characters:
     pbgpd_phineglog(x, y, mar1 = c(0, 1, 0.1), mar2 = c(0, 1, 0.1), dep = 2, asy = 0, p = 2, compare = 2, ...)
    
    Rd file 'pbgpd_psilog.Rd':
     \usage lines wider than 90 characters:
     pbgpd_psilog(x, y, mar1 = c(0, 1, 0.1), mar2 = c(0, 1, 0.1), dep = 1.5, asy = 0, p = 3, asymin1 = -2, asymax1 = 2, asymin2 = 0, asymax2 ... [TRUNCATED]
    
    Rd file 'pbgpd_psineglog.Rd':
     \usage lines wider than 90 characters:
     pbgpd_psineglog(x, y, mar1 = c(0, 1, 0.1), mar2 = c(0, 1, 0.1), dep = 1.5, asy = 0, p = 3, ...)
    
    Rd file 'ptgpd.Rd':
     \usage lines wider than 90 characters:
     ptgpd(x, y, z, model = "log", mar1 = c(0, 1, 0.1), mar2 = c(0, 1, 0.1), mar3 = c(0, 1, 0.1), dep = 1.5, A1 = 0, A2 = 0, B1 = 3, B2 = 3, ... [TRUNCATED]
    
    Rd file 'ptgpd_log.Rd':
     \usage lines wider than 90 characters:
     ptgpd_log(x, y, z, mar1 = c(0, 1, 0.1), mar2 = c(0, 1, 0.1), mar3 = c(0, 1, 0.1), dep = 1.5)
    
    Rd file 'ptgpd_neglog.Rd':
     \usage lines wider than 90 characters:
     ptgpd_neglog(x, y, z, mar1 = c(0, 1, 0.1), mar2 = c(0, 1, 0.1), mar3 = c(0, 1, 0.1), dep = 1.5)
    
    Rd file 'ptgpd_psilog.Rd':
     \usage lines wider than 90 characters:
     ptgpd_psilog(x, y, z, mar1 = c(0, 1, 0.1), mar2 = c(0, 1, 0.1), mar3 = c(0, 1, 0.1), dep = 1.5, A1 = 0, A2 = 0, B1 = 3, B2 = 3, checkco ... [TRUNCATED]
    
    Rd file 'ptgpd_psineglog.Rd':
     \usage lines wider than 90 characters:
     ptgpd_psineglog(x, y, z, mar1 = c(0, 1, 0.1), mar2 = c(0, 1, 0.1), mar3 = c(0, 1, 0.1), dep = 1.5, A1 = 0, A2 = 0, B1 = 3, B2 = 3, chec ... [TRUNCATED]
    
    Rd file 'transf_philog.Rd':
     \usage lines wider than 90 characters:
     transf_philog(mar1 = c(0, 1, 0.1), mar2 = c(0, 1, 0.1), dep = 2, asy = 0, p = 2, compare = 2, ...)
    
    Rd file 'transf_phineglog.Rd':
     \usage lines wider than 90 characters:
     transf_phineglog(mar1 = c(0, 1, 0.1), mar2 = c(0, 1, 0.1), dep = 2, asy = 0, p = 2, compare = 2, ...)
    
    Rd file 'transf_psilog.Rd':
     \usage lines wider than 90 characters:
     transf_psilog(mar1 = c(0, 1, 0.1), mar2 = c(0, 1, 0.1), dep = 2, asy = 0, p = 3, compare = 2, ...)
    
    Rd file 'transf_psineglog.Rd':
     \usage lines wider than 90 characters:
     transf_psineglog(mar1 = c(0, 1, 0.1), mar2 = c(0, 1, 0.1), dep = 2, asy = 0, p = 3, compare = 2, ...)
    
    These lines will be truncated in the PDF manual.
Flavors: r-devel-linux-x86_64-debian-clang, r-devel-linux-x86_64-debian-gcc, r-devel-linux-x86_64-fedora-clang, r-devel-linux-x86_64-fedora-gcc, r-patched-linux-x86_64, r-release-linux-x86_64