CRAN Package Check Results for Package mgraph

Last updated on 2014-07-24 15:52:22.

Flavor Version Tinstall Tcheck Ttotal Status Flags
r-devel-linux-x86_64-debian-clang 1.03 1.42 20.56 21.97 OK
r-devel-linux-x86_64-debian-gcc 1.03 1.40 19.87 21.28 OK
r-devel-linux-x86_64-fedora-clang 1.03 50.21 NOTE
r-devel-linux-x86_64-fedora-gcc 1.03 46.59 NOTE
r-devel-osx-x86_64-clang 1.03 40.94 OK
r-devel-windows-ix86+x86_64 1.03 4.00 32.00 36.00 OK
r-patched-linux-x86_64 1.03 1.42 20.01 21.43 OK
r-patched-solaris-sparc 1.03 255.70 OK
r-patched-solaris-x86 1.03 75.60 OK
r-release-linux-ix86 1.03 1.95 28.05 30.00 OK
r-release-linux-x86_64 1.03 1.61 20.66 22.27 OK
r-release-osx-x86_64-mavericks 1.03 ERROR
r-release-osx-x86_64-snowleopard 1.03 NOTE
r-release-windows-ix86+x86_64 1.03 5.00 34.00 39.00 OK
r-oldrel-windows-ix86+x86_64 1.03 5.00 30.00 35.00 OK

Check Details

Version: 1.03
Check: top-level files
Result: NOTE
    Non-standard file/directory found at top level:
     ‘Rplots.pdf’
Flavors: r-devel-linux-x86_64-fedora-clang, r-devel-linux-x86_64-fedora-gcc

Version: 1.03
Check: Rd line widths
Result: NOTE
    Rd file 'map.Rd':
     \examples lines wider than 100 characters:
     graph=map(source,layer=layer,attribute='PlantPop',type="points",label="Plant population",col="green")
    
    These lines will be truncated in the PDF manual.
Flavors: r-devel-linux-x86_64-fedora-clang, r-devel-linux-x86_64-fedora-gcc

Version: 1.03
Check: package dependencies
Result: ERROR
    Package required but not available: ‘rgdal’
    
    Package suggested but not available for checking: ‘gstat’
    
    See the information on DESCRIPTION files in the chapter ‘Creating R
    packages’ of the ‘Writing R Extensions’ manual.
Flavor: r-release-osx-x86_64-mavericks

Version: 1.03
Check: package dependencies
Result: NOTE
    Package suggested but not available for checking: 'gstat'
Flavor: r-release-osx-x86_64-snowleopard