CRAN Package Check Results for Package mgraph

Last updated on 2014-10-23 03:48:50.

Flavor Version Tinstall Tcheck Ttotal Status Flags
r-devel-linux-x86_64-debian-clang 1.03 1.36 20.35 21.71 NOTE
r-devel-linux-x86_64-debian-gcc 1.03 1.41 19.27 20.68 NOTE
r-devel-linux-x86_64-fedora-clang 1.03 45.79 NOTE
r-devel-linux-x86_64-fedora-gcc 1.03 41.63 NOTE
r-devel-osx-x86_64-clang 1.03 40.87 NOTE
r-devel-windows-ix86+x86_64 1.03 5.00 30.00 35.00 NOTE
r-patched-linux-x86_64 1.03 1.35 19.55 20.90 NOTE
r-patched-solaris-sparc 1.03 267.90 NOTE
r-patched-solaris-x86 1.03 73.80 NOTE
r-release-linux-ix86 1.03 1.92 28.13 30.05 OK
r-release-linux-x86_64 1.03 1.45 20.88 22.34 NOTE
r-release-osx-x86_64-mavericks 1.03 ERROR
r-release-osx-x86_64-snowleopard 1.03 NOTE
r-release-windows-ix86+x86_64 1.03 4.00 32.00 36.00 OK
r-oldrel-windows-ix86+x86_64 1.03 5.00 33.00 38.00 OK

Check Details

Version: 1.03
Check: top-level files
Result: NOTE
    Non-standard file/directory found at top level:
     ‘Rplots.pdf’
Flavors: r-devel-linux-x86_64-debian-clang, r-devel-linux-x86_64-debian-gcc, r-devel-linux-x86_64-fedora-clang, r-devel-linux-x86_64-fedora-gcc, r-patched-linux-x86_64, r-release-linux-x86_64

Version: 1.03
Check: R code for possible problems
Result: NOTE
    inbar: no visible global function definition for ‘spplot’
    inbox: no visible global function definition for ‘spplot’
    indot: no visible global function definition for
     ‘SpatialPointsDataFrame’
    indot: no visible global function definition for ‘coordinates’
    indot: no visible global function definition for ‘CRS’
    indot: no visible global function definition for ‘bubble’
    inhist: no visible global function definition for ‘spplot’
    inline: no visible global function definition for ‘spplot’
    inmap: no visible global function definition for
     ‘SpatialPointsDataFrame’
    inmap: no visible global function definition for ‘coordinates’
    inmap: no visible global function definition for ‘CRS’
    inmap: no visible global function definition for ‘bubble’
    inmap: no visible global function definition for ‘spplot’
    inpie: no visible global function definition for ‘spplot’
    inscatter: no visible global function definition for ‘spplot’
Flavors: r-devel-linux-x86_64-debian-clang, r-devel-linux-x86_64-debian-gcc, r-devel-linux-x86_64-fedora-clang, r-devel-linux-x86_64-fedora-gcc, r-devel-osx-x86_64-clang, r-devel-windows-ix86+x86_64, r-patched-linux-x86_64, r-patched-solaris-sparc, r-patched-solaris-x86

Version: 1.03
Check: Rd line widths
Result: NOTE
    Rd file 'map.Rd':
     \examples lines wider than 100 characters:
     graph=map(source,layer=layer,attribute='PlantPop',type="points",label="Plant population",col="green")
    
    These lines will be truncated in the PDF manual.
Flavors: r-devel-linux-x86_64-debian-clang, r-devel-linux-x86_64-debian-gcc, r-devel-linux-x86_64-fedora-clang, r-devel-linux-x86_64-fedora-gcc, r-patched-linux-x86_64, r-release-linux-x86_64

Version: 1.03
Check: package dependencies
Result: ERROR
    Package required but not available: ‘rgdal’
    
    Package suggested but not available for checking: ‘gstat’
    
    See the information on DESCRIPTION files in the chapter ‘Creating R
    packages’ of the ‘Writing R Extensions’ manual.
Flavor: r-release-osx-x86_64-mavericks

Version: 1.03
Check: package dependencies
Result: NOTE
    Package suggested but not available for checking: 'gstat'
Flavor: r-release-osx-x86_64-snowleopard