CRAN Package Check Results for Package mgraph

Last updated on 2015-07-07 21:46:41.

Flavor Version Tinstall Tcheck Ttotal Status Flags
r-devel-linux-x86_64-debian-clang 1.03 1.72 17.16 18.88 NOTE
r-devel-linux-x86_64-debian-gcc 1.03 1.19 17.02 18.21 NOTE
r-devel-linux-x86_64-fedora-clang 1.03 36.83 NOTE
r-devel-linux-x86_64-fedora-gcc 1.03 33.83 NOTE
r-devel-osx-x86_64-clang 1.03 30.74 NOTE
r-devel-windows-ix86+x86_64 1.03 7.00 27.00 34.00 NOTE
r-patched-linux-x86_64 1.03 1.20 17.51 18.71 NOTE
r-patched-solaris-sparc 1.03 274.60 NOTE
r-patched-solaris-x86 1.03 55.60 NOTE
r-release-linux-x86_64 1.03 1.20 17.50 18.70 NOTE
r-release-osx-x86_64-mavericks 1.03 NOTE
r-release-windows-ix86+x86_64 1.03 5.00 27.00 32.00 NOTE
r-oldrel-windows-ix86+x86_64 1.03 5.00 34.00 39.00 NOTE

Check Details

Version: 1.03
Check: DESCRIPTION meta-information
Result: NOTE
    Malformed Description field: should contain one or more complete sentences.
Flavors: r-devel-linux-x86_64-debian-clang, r-devel-linux-x86_64-debian-gcc, r-devel-linux-x86_64-fedora-clang, r-devel-linux-x86_64-fedora-gcc, r-devel-osx-x86_64-clang, r-devel-windows-ix86+x86_64, r-patched-linux-x86_64, r-patched-solaris-sparc, r-patched-solaris-x86, r-release-linux-x86_64, r-release-osx-x86_64-mavericks, r-release-windows-ix86+x86_64

Version: 1.03
Check: top-level files
Result: NOTE
    Non-standard file/directory found at top level:
     ‘Rplots.pdf’
Flavors: r-devel-linux-x86_64-debian-clang, r-devel-linux-x86_64-debian-gcc, r-devel-linux-x86_64-fedora-clang, r-devel-linux-x86_64-fedora-gcc, r-patched-linux-x86_64, r-release-linux-x86_64

Version: 1.03
Check: S3 generic/method consistency
Result: NOTE
    Found the following apparent S3 methods exported but not registered:
     barmap.default boxmap.default dotmap.default histmap.default
     linemap.default map.default piemap.default plot.barmap plot.boxmap
     plot.dotmap plot.histmap plot.linemap plot.map plot.piemap
     plot.scattermap print.barmap print.boxmap print.dotmap print.histmap
     print.linemap print.map print.piemap print.scattermap
     scattermap.default summary.barmap summary.boxmap summary.dotmap
     summary.histmap summary.linemap summary.map summary.piemap
     summary.scattermap
    See section ‘Registering S3 methods’ in the ‘Writing R Extensions’
    manual.
Flavors: r-devel-linux-x86_64-debian-clang, r-devel-linux-x86_64-debian-gcc, r-devel-linux-x86_64-fedora-clang, r-devel-linux-x86_64-fedora-gcc, r-devel-osx-x86_64-clang, r-patched-linux-x86_64, r-patched-solaris-sparc, r-patched-solaris-x86, r-release-linux-x86_64

Version: 1.03
Check: R code for possible problems
Result: NOTE
    inbar: no visible global function definition for ‘read.csv’
    inbar: no visible global function definition for ‘read.table’
    inbar: no visible global function definition for ‘gray’
    inbar: no visible global function definition for ‘rainbow’
    inbar: no visible global function definition for ‘plot’
    inbar: no visible global function definition for ‘spplot’
    inbar: no visible global function definition for ‘barplot’
    inbox: no visible global function definition for ‘read.csv’
    inbox: no visible global function definition for ‘read.table’
    inbox: no visible global function definition for ‘gray’
    inbox: no visible global function definition for ‘plot’
    inbox: no visible global function definition for ‘spplot’
    inbox: no visible global function definition for ‘boxplot’
    indot: no visible global function definition for ‘read.csv’
    indot: no visible global function definition for ‘read.table’
    indot: no visible global function definition for
     ‘SpatialPointsDataFrame’
    indot: no visible global function definition for ‘coordinates’
    indot: no visible global function definition for ‘CRS’
    indot: no visible global function definition for ‘as’
    indot: no visible global function definition for ‘plot’
    indot: no visible global function definition for ‘bubble’
    indot: no visible global function definition for ‘dotchart’
    inhist: no visible global function definition for ‘read.csv’
    inhist: no visible global function definition for ‘read.table’
    inhist: no visible global function definition for ‘plot’
    inhist: no visible global function definition for ‘spplot’
    inhist: no visible global function definition for ‘hist’
    inhist: no visible global function definition for ‘dnorm’
    inhist: no visible global function definition for ‘sd’
    inhist: no visible global function definition for ‘lines’
    inhist: no visible global function definition for ‘density’
    inhist: no visible global function definition for ‘polygon’
    inline: no visible global function definition for ‘read.csv’
    inline: no visible global function definition for ‘read.table’
    inline: no visible global function definition for ‘plot’
    inline: no visible global function definition for ‘spplot’
    inline: no visible global function definition for ‘lines’
    inmap: no visible global function definition for
     ‘SpatialPointsDataFrame’
    inmap: no visible global function definition for ‘coordinates’
    inmap: no visible global function definition for ‘CRS’
    inmap: no visible global function definition for ‘as’
    inmap: no visible global function definition for ‘plot’
    inmap: no visible global function definition for ‘bubble’
    inmap: no visible global function definition for ‘spplot’
    inpie: no visible global function definition for ‘read.csv’
    inpie: no visible global function definition for ‘read.table’
    inpie: no visible global function definition for ‘rainbow’
    inpie: no visible global function definition for ‘gray’
    inpie: no visible global function definition for ‘plot’
    inpie: no visible global function definition for ‘spplot’
    inpie: no visible global function definition for ‘pie’
    inscatter: no visible global function definition for ‘read.csv’
    inscatter: no visible global function definition for ‘read.table’
    inscatter: no visible global function definition for ‘plot’
    inscatter: no visible global function definition for ‘spplot’
    summary.scattermap: no visible global function definition for ‘cor’
    summary.scattermap: no visible global function definition for ‘lm’
    Undefined global functions or variables:
     CRS SpatialPointsDataFrame as barplot boxplot bubble coordinates cor
     density dnorm dotchart gray hist lines lm pie plot polygon rainbow
     read.csv read.table sd spplot
Flavors: r-devel-linux-x86_64-debian-clang, r-devel-linux-x86_64-debian-gcc, r-devel-linux-x86_64-fedora-clang, r-devel-linux-x86_64-fedora-gcc, r-devel-windows-ix86+x86_64

Version: 1.03
Check: Rd line widths
Result: NOTE
    Rd file 'map.Rd':
     \examples lines wider than 100 characters:
     graph=map(source,layer=layer,attribute='PlantPop',type="points",label="Plant population",col="green")
    
    These lines will be truncated in the PDF manual.
Flavors: r-devel-linux-x86_64-debian-clang, r-devel-linux-x86_64-debian-gcc, r-devel-linux-x86_64-fedora-clang, r-devel-linux-x86_64-fedora-gcc, r-patched-linux-x86_64, r-release-linux-x86_64

Version: 1.03
Check: R code for possible problems
Result: NOTE
    inbar: no visible global function definition for ‘spplot’
    inbox: no visible global function definition for ‘spplot’
    indot: no visible global function definition for
     ‘SpatialPointsDataFrame’
    indot: no visible global function definition for ‘coordinates’
    indot: no visible global function definition for ‘CRS’
    indot: no visible global function definition for ‘bubble’
    inhist: no visible global function definition for ‘spplot’
    inline: no visible global function definition for ‘spplot’
    inmap: no visible global function definition for
     ‘SpatialPointsDataFrame’
    inmap: no visible global function definition for ‘coordinates’
    inmap: no visible global function definition for ‘CRS’
    inmap: no visible global function definition for ‘bubble’
    inmap: no visible global function definition for ‘spplot’
    inpie: no visible global function definition for ‘spplot’
    inscatter: no visible global function definition for ‘spplot’
    Undefined global functions or variables:
     CRS SpatialPointsDataFrame bubble coordinates spplot
Flavor: r-devel-osx-x86_64-clang

Version: 1.03
Check: R code for possible problems
Result: NOTE
    inbar: no visible global function definition for ‘spplot’
    inbox: no visible global function definition for ‘spplot’
    indot: no visible global function definition for
     ‘SpatialPointsDataFrame’
    indot: no visible global function definition for ‘coordinates’
    indot: no visible global function definition for ‘CRS’
    indot: no visible global function definition for ‘bubble’
    inhist: no visible global function definition for ‘spplot’
    inline: no visible global function definition for ‘spplot’
    inmap: no visible global function definition for
     ‘SpatialPointsDataFrame’
    inmap: no visible global function definition for ‘coordinates’
    inmap: no visible global function definition for ‘CRS’
    inmap: no visible global function definition for ‘bubble’
    inmap: no visible global function definition for ‘spplot’
    inpie: no visible global function definition for ‘spplot’
    inscatter: no visible global function definition for ‘spplot’
Flavors: r-patched-linux-x86_64, r-patched-solaris-sparc, r-patched-solaris-x86, r-release-linux-x86_64, r-release-osx-x86_64-mavericks, r-release-windows-ix86+x86_64, r-oldrel-windows-ix86+x86_64