CRAN Package Check Results for Package mgraph

Last updated on 2015-01-29 05:48:25.

Flavor Version Tinstall Tcheck Ttotal Status Flags
r-devel-linux-x86_64-debian-clang 1.03 1.38 17.66 19.04 NOTE
r-devel-linux-x86_64-debian-gcc 1.03 1.54 17.46 19.00 NOTE
r-devel-linux-x86_64-fedora-clang 1.03 44.49 NOTE
r-devel-linux-x86_64-fedora-gcc 1.03 44.02 NOTE
r-devel-osx-x86_64-clang 1.03 40.80 NOTE
r-devel-windows-ix86+x86_64 1.03 5.00 28.00 33.00 NOTE
r-patched-linux-x86_64 1.03 1.39 19.71 21.10 NOTE
r-patched-solaris-sparc 1.03 273.90 NOTE
r-patched-solaris-x86 1.03 76.10 NOTE
r-release-linux-ix86 1.03 1.79 26.30 28.08 NOTE
r-release-linux-x86_64 1.03 1.38 20.08 21.46 NOTE
r-release-osx-x86_64-mavericks 1.03 ERROR
r-release-osx-x86_64-snowleopard 1.03 NOTE
r-release-windows-ix86+x86_64 1.03 5.00 30.00 35.00 NOTE
r-oldrel-windows-ix86+x86_64 1.03 5.00 33.00 38.00 OK

Check Details

Version: 1.03
Check: top-level files
Result: NOTE
    Non-standard file/directory found at top level:
     ‘Rplots.pdf’
Flavors: r-devel-linux-x86_64-debian-clang, r-devel-linux-x86_64-debian-gcc, r-devel-linux-x86_64-fedora-clang, r-devel-linux-x86_64-fedora-gcc, r-patched-linux-x86_64, r-release-linux-x86_64

Version: 1.03
Check: S3 generic/method consistency
Result: NOTE
    Found the following apparent S3 methods exported but not registered:
     barmap.default boxmap.default dotmap.default histmap.default
     linemap.default map.default piemap.default scattermap.default
     print.barmap print.boxmap print.dotmap print.histmap print.linemap
     print.map print.piemap print.scattermap summary.barmap summary.boxmap
     summary.dotmap summary.histmap summary.linemap summary.map
     summary.piemap summary.scattermap plot.barmap plot.boxmap plot.dotmap
     plot.histmap plot.linemap plot.map plot.piemap plot.scattermap
    See section ‘Registering S3 methods’ in the ‘Writing R Extensions’
    manual.
Flavors: r-devel-linux-x86_64-debian-clang, r-devel-linux-x86_64-debian-gcc, r-devel-linux-x86_64-fedora-clang, r-devel-linux-x86_64-fedora-gcc, r-devel-osx-x86_64-clang

Version: 1.03
Check: R code for possible problems
Result: NOTE
    inbar: no visible global function definition for ‘spplot’
    inbox: no visible global function definition for ‘spplot’
    indot: no visible global function definition for
     ‘SpatialPointsDataFrame’
    indot: no visible global function definition for ‘coordinates’
    indot: no visible global function definition for ‘CRS’
    indot: no visible global function definition for ‘bubble’
    inhist: no visible global function definition for ‘spplot’
    inline: no visible global function definition for ‘spplot’
    inmap: no visible global function definition for
     ‘SpatialPointsDataFrame’
    inmap: no visible global function definition for ‘coordinates’
    inmap: no visible global function definition for ‘CRS’
    inmap: no visible global function definition for ‘bubble’
    inmap: no visible global function definition for ‘spplot’
    inpie: no visible global function definition for ‘spplot’
    inscatter: no visible global function definition for ‘spplot’
Flavors: r-devel-linux-x86_64-debian-clang, r-devel-linux-x86_64-debian-gcc, r-devel-linux-x86_64-fedora-clang, r-devel-linux-x86_64-fedora-gcc, r-devel-osx-x86_64-clang, r-devel-windows-ix86+x86_64, r-patched-linux-x86_64, r-patched-solaris-sparc, r-patched-solaris-x86, r-release-linux-ix86, r-release-linux-x86_64, r-release-windows-ix86+x86_64

Version: 1.03
Check: Rd line widths
Result: NOTE
    Rd file 'map.Rd':
     \examples lines wider than 100 characters:
     graph=map(source,layer=layer,attribute='PlantPop',type="points",label="Plant population",col="green")
    
    These lines will be truncated in the PDF manual.
Flavors: r-devel-linux-x86_64-debian-clang, r-devel-linux-x86_64-debian-gcc, r-devel-linux-x86_64-fedora-clang, r-devel-linux-x86_64-fedora-gcc, r-patched-linux-x86_64, r-release-linux-x86_64

Version: 1.03
Check: package dependencies
Result: ERROR
    Package required but not available: ‘rgdal’
    
    See the information on DESCRIPTION files in the chapter ‘Creating R
    packages’ of the ‘Writing R Extensions’ manual.
Flavor: r-release-osx-x86_64-mavericks

Version: 1.03
Check: package dependencies
Result: NOTE
    Package suggested but not available for checking: 'gstat'
Flavor: r-release-osx-x86_64-snowleopard