CRAN Package Check Results for Package mgraph

Last updated on 2014-04-24 09:49:04.

Flavor Version Tinstall Tcheck Ttotal Status Flags
r-devel-linux-x86_64-debian-clang 1.03 1.54 21.58 23.12 OK
r-devel-linux-x86_64-debian-gcc 1.03 1.46 21.60 23.06 OK
r-devel-linux-x86_64-fedora-clang 1.03 47.20 NOTE
r-devel-linux-x86_64-fedora-gcc 1.03 46.21 NOTE
r-devel-osx-x86_64-clang 1.03 39.72 OK
r-devel-osx-x86_64-gcc 1.03 NOTE
r-devel-windows-ix86+x86_64 1.03 5.00 30.00 35.00 OK
r-patched-linux-x86_64 1.03 1.47 21.59 23.06 OK
r-patched-solaris-sparc 1.03 255.70 OK
r-patched-solaris-x86 1.03 71.60 OK
r-release-linux-ix86 1.03 2.00 42.00 44.00 OK
r-release-linux-x86_64 1.03 1.56 21.51 23.07 OK
r-release-osx-x86_64-mavericks 1.03 ERROR
r-release-osx-x86_64-snowleopard 1.03 NOTE
r-release-windows-ix86+x86_64 1.03 4.00 30.00 34.00 OK
r-oldrel-windows-ix86+x86_64 1.03 5.00 33.00 38.00 OK

Check Details

Version: 1.03
Check: top-level files
Result: NOTE
    Non-standard file/directory found at top level:
     ‘Rplots.pdf’
Flavors: r-devel-linux-x86_64-fedora-clang, r-devel-linux-x86_64-fedora-gcc

Version: 1.03
Check: Rd line widths
Result: NOTE
    Rd file 'map.Rd':
     \examples lines wider than 100 characters:
     graph=map(source,layer=layer,attribute='PlantPop',type="points",label="Plant population",col="green")
    
    These lines will be truncated in the PDF manual.
Flavors: r-devel-linux-x86_64-fedora-clang, r-devel-linux-x86_64-fedora-gcc

Version: 1.03
Check: package dependencies
Result: NOTE
    Package suggested but not available for checking: ‘gstat’
Flavors: r-devel-osx-x86_64-gcc, r-release-osx-x86_64-snowleopard

Version: 1.03
Check: package dependencies
Result: ERROR
    Package required but not available: ‘rgdal’
    
    Package suggested but not available for checking: ‘gstat’
    
    See the information on DESCRIPTION files in the chapter ‘Creating R
    packages’ of the ‘Writing R Extensions’ manual.
Flavor: r-release-osx-x86_64-mavericks