CRAN Package Check Results for Package mhsmm

Last updated on 2015-03-02 19:52:19.

Flavor Version Tinstall Tcheck Ttotal Status Flags
r-devel-linux-x86_64-debian-clang 0.4.14 1.52 23.30 24.82 NOTE
r-devel-linux-x86_64-debian-gcc 0.4.14 1.85 22.56 24.41 NOTE
r-devel-linux-x86_64-fedora-clang 0.4.14 50.45 NOTE
r-devel-linux-x86_64-fedora-gcc 0.4.14 47.47 NOTE
r-devel-osx-x86_64-clang 0.4.14 51.47 NOTE
r-devel-windows-ix86+x86_64 0.4.14 9.00 46.00 55.00 OK
r-patched-linux-x86_64 0.4.14 2.47 25.73 28.20 OK
r-patched-solaris-sparc 0.4.14 374.10 OK
r-patched-solaris-x86 0.4.14 74.20 OK
r-release-linux-ix86 0.4.14 2.42 37.45 39.86 OK
r-release-linux-x86_64 0.4.14 1.95 26.00 27.94 OK
r-release-osx-x86_64-mavericks 0.4.14 OK
r-release-osx-x86_64-snowleopard 0.4.14 OK
r-release-windows-ix86+x86_64 0.4.14 8.00 58.00 66.00 OK
r-oldrel-windows-ix86+x86_64 0.4.14 9.00 62.00 71.00 OK

Check Details

Version: 0.4.14
Check: S3 generic/method consistency
Result: NOTE
    Found the following apparent S3 methods exported but not registered:
     plot.hsmm plot.hsmm.data predict.hmm predict.hmmspec predict.hsmm
     predict.hsmmspec predict.smoothDiscrete print.hmm print.hmmspec
     print.hsmmspec print.smoothDiscrete simulate.hmmspec
     simulate.hsmmspec summary.hmm summary.hsmm summary.smoothDiscrete
    See section ‘Registering S3 methods’ in the ‘Writing R Extensions’
    manual.
Flavors: r-devel-linux-x86_64-debian-clang, r-devel-linux-x86_64-debian-gcc, r-devel-linux-x86_64-fedora-clang, r-devel-linux-x86_64-fedora-gcc, r-devel-osx-x86_64-clang