CRAN Package Check Results for Package mhsmm

Last updated on 2015-05-28 23:47:50.

Flavor Version Tinstall Tcheck Ttotal Status Flags
r-devel-linux-x86_64-debian-clang 0.4.14 1.61 22.73 24.34 NOTE
r-devel-linux-x86_64-debian-gcc 0.4.14 1.87 22.41 24.28 NOTE
r-devel-linux-x86_64-fedora-clang 0.4.14 50.12 NOTE
r-devel-linux-x86_64-fedora-gcc 0.4.14 46.74 NOTE
r-devel-osx-x86_64-clang 0.4.14 50.53 NOTE
r-devel-windows-ix86+x86_64 0.4.14 9.00 45.00 54.00 OK
r-patched-linux-x86_64 0.4.14 1.86 22.14 24.00 NOTE
r-patched-solaris-sparc 0.4.14 347.70 NOTE
r-patched-solaris-x86 0.4.14 64.10 NOTE
r-release-linux-x86_64 0.4.14 1.92 23.16 25.08 NOTE
r-release-osx-x86_64-mavericks 0.4.14 OK
r-release-osx-x86_64-snowleopard 0.4.14 OK
r-release-windows-ix86+x86_64 0.4.14 7.00 58.00 65.00 OK
r-oldrel-windows-ix86+x86_64 0.4.14 12.00 54.00 66.00 OK

Check Details

Version: 0.4.14
Check: S3 generic/method consistency
Result: NOTE
    Found the following apparent S3 methods exported but not registered:
     plot.hsmm plot.hsmm.data predict.hmm predict.hmmspec predict.hsmm
     predict.hsmmspec predict.smoothDiscrete print.hmm print.hmmspec
     print.hsmmspec print.smoothDiscrete simulate.hmmspec
     simulate.hsmmspec summary.hmm summary.hsmm summary.smoothDiscrete
    See section ‘Registering S3 methods’ in the ‘Writing R Extensions’
    manual.
Flavors: r-devel-linux-x86_64-debian-clang, r-devel-linux-x86_64-debian-gcc, r-devel-linux-x86_64-fedora-clang, r-devel-linux-x86_64-fedora-gcc, r-devel-osx-x86_64-clang, r-patched-linux-x86_64, r-patched-solaris-sparc, r-patched-solaris-x86, r-release-linux-x86_64