CRAN Package Check Results for Package mhsmm

Last updated on 2017-02-19 23:48:20.

Flavor Version Tinstall Tcheck Ttotal Status Flags
r-devel-linux-x86_64-debian-clang 0.4.16 2.10 27.76 29.85 NOTE
r-devel-linux-x86_64-debian-gcc 0.4.16 1.90 25.94 27.84 NOTE
r-devel-linux-x86_64-fedora-clang 0.4.16 50.54 NOTE --no-stop-on-test-error
r-devel-linux-x86_64-fedora-gcc 0.4.16 48.90 NOTE --no-stop-on-test-error
r-devel-macos-x86_64-clang 0.4.16 44.04 NOTE --no-stop-on-test-error
r-devel-windows-ix86+x86_64 0.4.16 9.00 80.00 89.00 OK
r-patched-linux-x86_64 0.4.16 1.76 22.38 24.14 OK
r-patched-solaris-sparc 0.4.16 278.70 OK
r-patched-solaris-x86 0.4.16 60.20 OK
r-release-linux-x86_64 0.4.16 1.71 22.25 23.96 OK
r-release-osx-x86_64-mavericks 0.4.16 OK
r-release-windows-ix86+x86_64 0.4.16 11.00 82.00 93.00 OK
r-oldrel-windows-ix86+x86_64 0.4.16 8.00 62.00 70.00 OK

Check Details

Version: 0.4.16
Check: compiled code
Result: NOTE
    File ‘mhsmm/libs/mhsmm.so’:
     Found no calls to: ‘R_registerRoutines’, ‘R_useDynamicSymbols’
    
    It is good practice to register native routines and to disable symbol
    search.
    
    See ‘Writing portable packages’ in the ‘Writing R Extensions’ manual.
Flavors: r-devel-linux-x86_64-debian-clang, r-devel-linux-x86_64-debian-gcc

Version: 0.4.16
Flags: --no-stop-on-test-error
Check: compiled code
Result: NOTE
    File ‘mhsmm/libs/mhsmm.so’:
     Found no calls to: ‘R_registerRoutines’, ‘R_useDynamicSymbols’
    
    It is good practice to register native routines and to disable symbol
    search.
    
    See ‘Writing portable packages’ in the ‘Writing R Extensions’ manual.
Flavors: r-devel-linux-x86_64-fedora-clang, r-devel-linux-x86_64-fedora-gcc, r-devel-macos-x86_64-clang