CRAN Package Check Results for Package mhsmm

Last updated on 2017-11-20 23:49:44 CET.

Flavor Version Tinstall Tcheck Ttotal Status Flags
r-devel-linux-x86_64-debian-clang 0.4.16 1.95 25.71 27.66 NOTE
r-devel-linux-x86_64-debian-gcc 0.4.16 2.60 82.90 85.50 NOTE
r-devel-linux-x86_64-fedora-clang 0.4.16 49.91 NOTE
r-devel-linux-x86_64-fedora-gcc 0.4.16 51.77 NOTE
r-devel-windows-ix86+x86_64 0.4.16 14.00 67.00 81.00 OK
r-patched-linux-x86_64 0.4.16 2.02 25.92 27.94 NOTE
r-patched-solaris-x86 0.4.16 67.30 OK
r-release-linux-x86_64 0.4.16 2.00 25.94 27.95 NOTE
r-release-windows-ix86+x86_64 0.4.16 9.00 56.00 65.00 OK
r-release-osx-x86_64 0.4.16 OK
r-oldrel-windows-ix86+x86_64 0.4.16 14.00 79.00 93.00 OK
r-oldrel-osx-x86_64 0.4.16 OK

Check Details

Version: 0.4.16
Check: compiled code
Result: NOTE
    File ‘mhsmm/libs/mhsmm.so’:
     Found no calls to: ‘R_registerRoutines’, ‘R_useDynamicSymbols’
    
    It is good practice to register native routines and to disable symbol
    search.
    
    See ‘Writing portable packages’ in the ‘Writing R Extensions’ manual.
Flavors: r-devel-linux-x86_64-debian-clang, r-devel-linux-x86_64-debian-gcc, r-devel-linux-x86_64-fedora-clang, r-devel-linux-x86_64-fedora-gcc, r-patched-linux-x86_64, r-release-linux-x86_64