CRAN Package Check Results for Package mhsmm

Last updated on 2017-04-24 10:47:28.

Flavor Version Tinstall Tcheck Ttotal Status Flags
r-devel-linux-x86_64-debian-clang 0.4.16 2.14 26.64 28.79 NOTE
r-devel-linux-x86_64-debian-gcc 0.4.16 1.99 25.34 27.33 NOTE
r-devel-linux-x86_64-fedora-clang 0.4.16 54.27 NOTE --no-stop-on-test-error
r-devel-linux-x86_64-fedora-gcc 0.4.16 50.35 NOTE --no-stop-on-test-error
r-devel-windows-ix86+x86_64 0.4.16 9.00 61.00 70.00 OK
r-patched-linux-x86_64 0.4.16 1.80 25.64 27.44 NOTE
r-patched-solaris-sparc 0.4.16 320.20 OK
r-patched-solaris-x86 0.4.16 66.10 OK
r-release-linux-x86_64 0.4.16 1.87 25.68 27.54 NOTE
r-release-windows-ix86+x86_64 0.4.16 8.00 60.00 68.00 OK
r-release-osx-x86_64 0.4.16 OK
r-oldrel-windows-ix86+x86_64 0.4.16 14.00 79.00 93.00 OK
r-oldrel-osx-x86_64 0.4.16 OK

Check Details

Version: 0.4.16
Check: compiled code
Result: NOTE
    File ‘mhsmm/libs/mhsmm.so’:
     Found no calls to: ‘R_registerRoutines’, ‘R_useDynamicSymbols’
    
    It is good practice to register native routines and to disable symbol
    search.
    
    See ‘Writing portable packages’ in the ‘Writing R Extensions’ manual.
Flavors: r-devel-linux-x86_64-debian-clang, r-devel-linux-x86_64-debian-gcc, r-patched-linux-x86_64, r-release-linux-x86_64

Version: 0.4.16
Flags: --no-stop-on-test-error
Check: compiled code
Result: NOTE
    File ‘mhsmm/libs/mhsmm.so’:
     Found no calls to: ‘R_registerRoutines’, ‘R_useDynamicSymbols’
    
    It is good practice to register native routines and to disable symbol
    search.
    
    See ‘Writing portable packages’ in the ‘Writing R Extensions’ manual.
Flavors: r-devel-linux-x86_64-fedora-clang, r-devel-linux-x86_64-fedora-gcc