CRAN Package Check Results for Package mhsmm

Last updated on 2017-03-26 11:53:50.

Flavor Version Tinstall Tcheck Ttotal Status Flags
r-devel-linux-x86_64-debian-clang 0.4.16 2.16 26.44 28.60 NOTE
r-devel-linux-x86_64-debian-gcc 0.4.16 1.96 25.21 27.18 NOTE
r-devel-linux-x86_64-fedora-clang 0.4.16 51.93 NOTE --no-stop-on-test-error
r-devel-linux-x86_64-fedora-gcc 0.4.16 49.11 NOTE --no-stop-on-test-error
r-devel-macos-x86_64-clang 0.4.16 42.17 NOTE --no-stop-on-test-error
r-devel-windows-ix86+x86_64 0.4.16 9.00 56.00 65.00 OK
r-patched-linux-x86_64 0.4.16 1.96 25.30 27.26 NOTE
r-patched-solaris-sparc 0.4.16 320.20 OK
r-patched-solaris-x86 0.4.16 68.00 OK
r-release-linux-x86_64 0.4.16 1.85 22.25 24.10 OK
r-release-osx-x86_64-mavericks 0.4.16 OK
r-release-windows-ix86+x86_64 0.4.16 14.00 79.00 93.00 OK
r-oldrel-windows-ix86+x86_64 0.4.16 14.00 57.00 71.00 OK

Check Details

Version: 0.4.16
Check: compiled code
Result: NOTE
    File ‘mhsmm/libs/mhsmm.so’:
     Found no calls to: ‘R_registerRoutines’, ‘R_useDynamicSymbols’
    
    It is good practice to register native routines and to disable symbol
    search.
    
    See ‘Writing portable packages’ in the ‘Writing R Extensions’ manual.
Flavors: r-devel-linux-x86_64-debian-clang, r-devel-linux-x86_64-debian-gcc, r-patched-linux-x86_64

Version: 0.4.16
Flags: --no-stop-on-test-error
Check: compiled code
Result: NOTE
    File ‘mhsmm/libs/mhsmm.so’:
     Found no calls to: ‘R_registerRoutines’, ‘R_useDynamicSymbols’
    
    It is good practice to register native routines and to disable symbol
    search.
    
    See ‘Writing portable packages’ in the ‘Writing R Extensions’ manual.
Flavors: r-devel-linux-x86_64-fedora-clang, r-devel-linux-x86_64-fedora-gcc, r-devel-macos-x86_64-clang