CRAN Package Check Results for Package mhsmm

Last updated on 2019-05-25 20:46:38 CEST.

Flavor Version Tinstall Tcheck Ttotal Status Flags
r-devel-linux-x86_64-debian-clang 0.4.16 5.08 45.16 50.24 OK
r-devel-linux-x86_64-debian-gcc 0.4.16 3.65 35.50 39.15 OK
r-devel-linux-x86_64-fedora-clang 0.4.16 60.96 NOTE
r-devel-linux-x86_64-fedora-gcc 0.4.16 55.88 NOTE
r-devel-windows-ix86+x86_64 0.4.16 93.00 71.00 164.00 OK
r-patched-linux-x86_64 0.4.16 OK
r-patched-solaris-x86 0.4.16 88.80 OK
r-release-linux-x86_64 0.4.16 4.50 43.71 48.21 OK
r-release-windows-ix86+x86_64 0.4.16 16.00 62.00 78.00 OK
r-release-osx-x86_64 0.4.16 OK
r-oldrel-windows-ix86+x86_64 0.4.16 9.00 70.00 79.00 OK
r-oldrel-osx-x86_64 0.4.16 OK

Check Details

Version: 0.4.16
Check: compiled code
Result: NOTE
    File ‘mhsmm/libs/mhsmm.so’:
     Found no calls to: ‘R_registerRoutines’, ‘R_useDynamicSymbols’
    
    It is good practice to register native routines and to disable symbol
    search.
    
    See ‘Writing portable packages’ in the ‘Writing R Extensions’ manual.
Flavors: r-devel-linux-x86_64-fedora-clang, r-devel-linux-x86_64-fedora-gcc