CRAN Package Check Results for Package mhsmm

Last updated on 2014-12-20 15:46:29.

Flavor Version Tinstall Tcheck Ttotal Status Flags
r-devel-linux-x86_64-debian-clang 0.4.12 1.56 25.21 26.78 OK
r-devel-linux-x86_64-debian-gcc 0.4.12 1.97 23.94 25.92 OK
r-devel-linux-x86_64-fedora-clang 0.4.12 56.93 OK
r-devel-linux-x86_64-fedora-gcc 0.4.12 52.11 OK
r-devel-osx-x86_64-clang 0.4.12 57.26 OK
r-devel-windows-ix86+x86_64 0.4.12 9.00 50.00 59.00 OK
r-patched-linux-x86_64 0.4.12 2.01 25.42 27.44 OK
r-patched-solaris-sparc 0.4.12 359.50 OK
r-patched-solaris-x86 0.4.12 75.70 OK
r-release-linux-ix86 0.4.12 2.32 34.97 37.29 OK
r-release-linux-x86_64 0.4.12 2.02 25.85 27.87 OK
r-release-osx-x86_64-mavericks 0.4.12 NOTE
r-release-osx-x86_64-snowleopard 0.4.12 OK
r-release-windows-ix86+x86_64 0.4.12 9.00 52.00 61.00 OK
r-oldrel-windows-ix86+x86_64 0.4.12 9.00 50.00 59.00 OK

Check Details

Version: 0.4.12
Check: re-building of vignette outputs
Result: NOTE
    Error in re-building vignettes:
     ...
    Loading required package: mvtnorm
    Error in texi2dvi(file = file, pdf = TRUE, clean = clean, quiet = quiet, :
     Running 'texi2dvi' on 'DHMM1.tex' failed.
    LaTeX errors:
    ! LaTeX Error: File `a4wide.sty' not found.
    
    Type X to quit or <RETURN> to proceed,
    or enter new name. (Default extension: sty)
    
    est/mhsmm/vignettes/DHMM1.tex:7: ==> Fatal error occurred, no output PDF file
    produced!
    Calls: buildVignettes -> texi2pdf -> texi2dvi
    Execution halted
Flavor: r-release-osx-x86_64-mavericks