CRAN Package Check Results for Package mhsmm

Last updated on 2014-11-23 17:49:31.

Flavor Version Tinstall Tcheck Ttotal Status Flags
r-devel-linux-x86_64-debian-clang 0.4.12 1.54 25.25 26.78 OK
r-devel-linux-x86_64-debian-gcc 0.4.12 1.92 24.51 26.42 OK
r-devel-linux-x86_64-fedora-clang 0.4.12 57.28 OK
r-devel-linux-x86_64-fedora-gcc 0.4.12 52.93 OK
r-devel-osx-x86_64-clang 0.4.12 58.16 OK
r-devel-windows-ix86+x86_64 0.4.12 8.00 46.00 54.00 OK
r-patched-linux-x86_64 0.4.12 2.13 31.63 33.76 OK
r-patched-solaris-sparc 0.4.12 359.50 OK
r-patched-solaris-x86 0.4.12 74.10 OK
r-release-linux-ix86 0.4.12 2.53 35.56 38.09 OK
r-release-linux-x86_64 0.4.12 1.95 25.75 27.70 OK
r-release-osx-x86_64-mavericks 0.4.12 NOTE
r-release-osx-x86_64-snowleopard 0.4.12 OK
r-release-windows-ix86+x86_64 0.4.12 8.00 49.00 57.00 OK
r-oldrel-windows-ix86+x86_64 0.4.12 7.00 49.00 56.00 OK

Check Details

Version: 0.4.12
Check: re-building of vignette outputs
Result: NOTE
    Error in re-building vignettes:
     ...
    Loading required package: mvtnorm
    Error in texi2dvi(file = file, pdf = TRUE, clean = clean, quiet = quiet, :
     Running 'texi2dvi' on 'DHMM1.tex' failed.
    LaTeX errors:
    ! LaTeX Error: File `a4wide.sty' not found.
    
    Type X to quit or <RETURN> to proceed,
    or enter new name. (Default extension: sty)
    
    est/mhsmm/vignettes/DHMM1.tex:7: ==> Fatal error occurred, no output PDF file
    produced!
    Calls: buildVignettes -> texi2pdf -> texi2dvi
    Execution halted
Flavor: r-release-osx-x86_64-mavericks