CRAN Package Check Results for Package mhsmm

Last updated on 2018-01-18 20:49:10 CET.

Flavor Version Tinstall Tcheck Ttotal Status Flags
r-devel-linux-x86_64-debian-clang 0.4.16 2.41 41.30 43.71 NOTE
r-devel-linux-x86_64-debian-gcc 0.4.16 2.38 32.99 35.37 NOTE
r-devel-linux-x86_64-fedora-clang 0.4.16 54.99 NOTE
r-devel-linux-x86_64-fedora-gcc 0.4.16 50.69 NOTE
r-devel-windows-ix86+x86_64 0.4.16 8.00 91.00 99.00 OK
r-patched-linux-x86_64 0.4.16 2.79 40.68 43.47 NOTE
r-patched-solaris-x86 0.4.16 73.50 OK
r-release-linux-x86_64 0.4.16 3.03 41.67 44.70 NOTE
r-release-windows-ix86+x86_64 0.4.16 9.00 56.00 65.00 OK
r-release-osx-x86_64 0.4.16 OK
r-oldrel-windows-ix86+x86_64 0.4.16 14.00 79.00 93.00 OK
r-oldrel-osx-x86_64 0.4.16 OK

Check Details

Version: 0.4.16
Check: compiled code
Result: NOTE
    File ‘mhsmm/libs/mhsmm.so’:
     Found no calls to: ‘R_registerRoutines’, ‘R_useDynamicSymbols’
    
    It is good practice to register native routines and to disable symbol
    search.
    
    See ‘Writing portable packages’ in the ‘Writing R Extensions’ manual.
Flavors: r-devel-linux-x86_64-debian-clang, r-devel-linux-x86_64-debian-gcc, r-devel-linux-x86_64-fedora-clang, r-devel-linux-x86_64-fedora-gcc, r-patched-linux-x86_64, r-release-linux-x86_64