CRAN Package Check Results for Package mhsmm

Last updated on 2018-05-21 23:51:00 CEST.

Flavor Version Tinstall Tcheck Ttotal Status Flags
r-devel-linux-x86_64-debian-clang 0.4.16 4.80 38.83 43.63 NOTE
r-devel-linux-x86_64-debian-gcc 0.4.16 4.03 31.99 36.02 NOTE
r-devel-linux-x86_64-fedora-clang 0.4.16 57.15 NOTE
r-devel-linux-x86_64-fedora-gcc 0.4.16 53.28 NOTE
r-devel-windows-ix86+x86_64 0.4.16 13.00 64.00 77.00 OK
r-patched-linux-x86_64 0.4.16 3.92 41.01 44.93 NOTE
r-patched-solaris-x86 0.4.16 79.20 OK
r-release-linux-x86_64 0.4.16 4.49 40.42 44.91 NOTE
r-release-windows-ix86+x86_64 0.4.16 14.00 61.00 75.00 OK
r-release-osx-x86_64 0.4.16 OK
r-oldrel-windows-ix86+x86_64 0.4.16 9.00 60.00 69.00 OK
r-oldrel-osx-x86_64 0.4.16 OK

Check Details

Version: 0.4.16
Check: compiled code
Result: NOTE
    File ‘mhsmm/libs/mhsmm.so’:
     Found no calls to: ‘R_registerRoutines’, ‘R_useDynamicSymbols’
    
    It is good practice to register native routines and to disable symbol
    search.
    
    See ‘Writing portable packages’ in the ‘Writing R Extensions’ manual.
Flavors: r-devel-linux-x86_64-debian-clang, r-devel-linux-x86_64-debian-gcc, r-devel-linux-x86_64-fedora-clang, r-devel-linux-x86_64-fedora-gcc, r-patched-linux-x86_64, r-release-linux-x86_64