CRAN Package Check Results for Package mhsmm

Last updated on 2015-01-30 08:51:28.

Flavor Version Tinstall Tcheck Ttotal Status Flags
r-devel-linux-x86_64-debian-clang 0.4.14 1.68 23.34 25.02 NOTE
r-devel-linux-x86_64-debian-gcc 0.4.14 1.93 25.78 27.71 NOTE
r-devel-linux-x86_64-fedora-clang 0.4.14 54.38 NOTE
r-devel-linux-x86_64-fedora-gcc 0.4.14 50.42 NOTE
r-devel-osx-x86_64-clang 0.4.14 55.51 NOTE
r-devel-windows-ix86+x86_64 0.4.14 9.00 46.00 55.00 OK
r-patched-linux-x86_64 0.4.14 2.44 25.54 27.98 OK
r-patched-solaris-sparc 0.4.14 374.10 OK
r-patched-solaris-x86 0.4.14 73.60 OK
r-release-linux-ix86 0.4.14 2.42 34.96 37.38 OK
r-release-linux-x86_64 0.4.14 2.13 25.44 27.57 OK
r-release-osx-x86_64-mavericks 0.4.14 OK
r-release-osx-x86_64-snowleopard 0.4.14 OK
r-release-windows-ix86+x86_64 0.4.14 8.00 58.00 66.00 OK
r-oldrel-windows-ix86+x86_64 0.4.14 9.00 62.00 71.00 OK

Check Details

Version: 0.4.14
Check: S3 generic/method consistency
Result: NOTE
    Found the following apparent S3 methods exported but not registered:
     print.hmm print.hmmspec print.hsmmspec print.smoothDiscrete
     summary.hmm summary.hsmm summary.smoothDiscrete plot.hsmm
     plot.hsmm.data predict.hmm predict.hmmspec predict.hsmm
     predict.hsmmspec predict.smoothDiscrete simulate.hmmspec
     simulate.hsmmspec
    See section ‘Registering S3 methods’ in the ‘Writing R Extensions’
    manual.
Flavors: r-devel-linux-x86_64-debian-clang, r-devel-linux-x86_64-debian-gcc, r-devel-linux-x86_64-fedora-clang, r-devel-linux-x86_64-fedora-gcc, r-devel-osx-x86_64-clang