CRAN Package Check Results for Package mht

Last updated on 2015-03-03 14:47:28.

Flavor Version Tinstall Tcheck Ttotal Status Flags
r-devel-linux-x86_64-debian-clang 3.0.11 3.59 34.12 37.71 NOTE
r-devel-linux-x86_64-debian-gcc 3.0.11 3.46 33.12 36.58 NOTE
r-devel-linux-x86_64-fedora-clang 3.0.11 81.23 NOTE
r-devel-linux-x86_64-fedora-gcc 3.0.11 73.82 NOTE
r-devel-osx-x86_64-clang 3.0.11 69.22 NOTE
r-devel-windows-ix86+x86_64 3.0.11 25.00 92.00 117.00 NOTE
r-patched-linux-x86_64 3.0.11 4.12 41.28 45.40 OK
r-patched-solaris-sparc 3.0.11 592.80 OK
r-patched-solaris-x86 3.0.11 135.80 OK
r-release-linux-ix86 3.0.11 6.42 49.30 55.72 OK
r-release-linux-x86_64 3.0.11 4.28 40.78 45.06 OK
r-release-osx-x86_64-mavericks 3.0.11 OK
r-release-osx-x86_64-snowleopard 3.0.11 OK
r-release-windows-ix86+x86_64 3.0.11 27.00 90.00 117.00 OK
r-oldrel-windows-ix86+x86_64 3.0.11 16.00 83.00 99.00 OK

Check Details

Version: 3.0.11
Check: DESCRIPTION meta-information
Result: NOTE
    Malformed Description field: should contain one or more complete sentences.
Flavors: r-devel-linux-x86_64-debian-clang, r-devel-linux-x86_64-debian-gcc, r-devel-linux-x86_64-fedora-clang, r-devel-linux-x86_64-fedora-gcc, r-devel-osx-x86_64-clang, r-devel-windows-ix86+x86_64