CRAN Package Check Results for Package mht

Last updated on 2014-09-02 10:51:51.

Flavor Version Tinstall Tcheck Ttotal Status Flags
r-devel-linux-x86_64-debian-clang 3.00 4.37 38.48 42.85 NOTE
r-devel-linux-x86_64-debian-gcc 3.00 4.23 38.11 42.34 NOTE
r-devel-linux-x86_64-fedora-clang 3.00 104.29 NOTE
r-devel-linux-x86_64-fedora-gcc 3.00 98.35 NOTE
r-devel-osx-x86_64-clang 3.0.11 51.23 OK
r-devel-windows-ix86+x86_64 3.00 18.00 71.00 89.00 NOTE
r-patched-linux-x86_64 3.00 4.33 40.12 44.45 OK
r-patched-solaris-sparc 3.0.11 500.50 OK
r-patched-solaris-x86 3.00 131.80 OK
r-release-linux-ix86 3.00 5.45 49.16 54.61 OK
r-release-linux-x86_64 3.00 4.36 40.32 44.68 OK
r-release-osx-x86_64-mavericks 3.00 OK
r-release-osx-x86_64-snowleopard 3.00 OK
r-release-windows-ix86+x86_64 3.00 14.00 82.00 96.00 OK
r-oldrel-windows-ix86+x86_64 3.00 17.00 77.00 94.00 OK

Check Details

Version: 3.00
Check: compiled code
Result: NOTE
    File ‘/home/hornik/tmp/R.check/r-devel-clang/Work/build/Packages/mht/libs/mht.so’:
     Found ‘rand’, possibly from ‘rand’ (C)
     Object: ‘gaussrand.o’
    
    Compiled code should not call entry points which might terminate R nor
    write to stdout/stderr instead of to the console, nor the C RNG.
    
    See ‘Writing portable packages’ in the ‘Writing R Extensions’ manual.
Flavor: r-devel-linux-x86_64-debian-clang

Version: 3.00
Check: compiled code
Result: NOTE
    File ‘/home/hornik/tmp/R.check/r-devel-gcc/Work/build/Packages/mht/libs/mht.so’:
     Found ‘rand’, possibly from ‘rand’ (C)
     Object: ‘gaussrand.o’
    
    Compiled code should not call entry points which might terminate R nor
    write to stdout/stderr instead of to the console, nor the C RNG.
    
    See ‘Writing portable packages’ in the ‘Writing R Extensions’ manual.
Flavor: r-devel-linux-x86_64-debian-gcc

Version: 3.00
Check: compiled code
Result: NOTE
    File ‘/data/gannet/ripley/R/packages/tests-clang/mht.Rcheck/mht/libs/mht.so’:
     Found ‘rand’, possibly from ‘rand’ (C)
     Object: ‘gaussrand.o’
    
    Compiled code should not call entry points which might terminate R nor
    write to stdout/stderr instead of to the console, nor the C RNG.
    
    See ‘Writing portable packages’ in the ‘Writing R Extensions’ manual.
Flavor: r-devel-linux-x86_64-fedora-clang

Version: 3.00
Check: compiled code
Result: NOTE
    File ‘/data/gannet/ripley/R/packages/tests-devel/mht.Rcheck/mht/libs/mht.so’:
     Found ‘rand’, possibly from ‘rand’ (C)
     Object: ‘gaussrand.o’
    
    Compiled code should not call entry points which might terminate R nor
    write to stdout/stderr instead of to the console, nor the C RNG.
    
    See ‘Writing portable packages’ in the ‘Writing R Extensions’ manual.
Flavor: r-devel-linux-x86_64-fedora-gcc

Version: 3.00
Check: compiled code
Result: NOTE
    File 'd:/Rcompile/CRANpkg/lib/3.2/mht/libs/i386/mht.dll':
     Found 'rand', possibly from 'rand' (C)
     Object: 'gaussrand.o'
    File 'd:/Rcompile/CRANpkg/lib/3.2/mht/libs/x64/mht.dll':
     Found 'rand', possibly from 'rand' (C)
     Object: 'gaussrand.o'
    
    Compiled code should not call entry points which might terminate R nor
    write to stdout/stderr instead of to the console, nor the C RNG.
    
    See 'Writing portable packages' in the 'Writing R Extensions' manual.
Flavor: r-devel-windows-ix86+x86_64