CRAN Package Check Results for Package mht

Last updated on 2017-07-25 01:51:43.

Flavor Version Tinstall Tcheck Ttotal Status Flags
r-devel-linux-x86_64-debian-clang 3.1.2 3.99 40.33 44.33 NOTE
r-devel-linux-x86_64-debian-gcc 3.1.2 3.72 40.12 43.84 NOTE
r-devel-linux-x86_64-fedora-clang 3.1.2 84.04 NOTE
r-devel-linux-x86_64-fedora-gcc 3.1.2 80.91 NOTE
r-devel-windows-ix86+x86_64 3.1.2 15.00 92.00 107.00 NOTE
r-patched-linux-x86_64 3.1.2 3.56 41.13 44.68 NOTE
r-patched-solaris-x86 3.1.2 114.30 NOTE
r-release-linux-x86_64 3.1.2 3.37 40.77 44.14 NOTE
r-release-windows-ix86+x86_64 3.1.2 15.00 108.00 123.00 NOTE
r-release-osx-x86_64 3.1.2 NOTE
r-oldrel-windows-ix86+x86_64 3.1.2 14.00 84.00 98.00 NOTE
r-oldrel-osx-x86_64 3.1.2 NOTE

Check Details

Version: 3.1.2
Check: R code for possible problems
Result: NOTE
    .onAttach: no visible global function definition for
     ‘packageDescription’
    bolasso: no visible global function definition for ‘lm’
    bolasso: no visible global function definition for ‘runif’
    mht: no visible global function definition for ‘lm’
    mht.order: no visible global function definition for ‘lm’
    mht.order: no visible global function definition for ‘qf’
    mht.order: no visible global function definition for ‘qchisq’
    order.variables: no visible global function definition for ‘lm’
    plot.bolasso: no visible global function definition for ‘topo.colors’
    plot.bolasso: no visible global function definition for ‘plot’
    plot.bolasso: no visible global function definition for ‘lines’
    plot.mht: no visible global function definition for ‘par’
    plot.mht: no visible global function definition for ‘plot’
    plot.mht: no visible global function definition for ‘abline’
    plot.mht: no visible global function definition for ‘qqnorm’
    plot.mht: no visible global function definition for ‘var’
    plot.mht: no visible global function definition for ‘barplot’
    plot.mht.order: no visible global function definition for ‘par’
    plot.mht.order: no visible global function definition for ‘plot’
    plot.mht.order: no visible global function definition for ‘abline’
    plot.mht.order: no visible global function definition for ‘qqnorm’
    plot.mht.order: no visible global function definition for ‘var’
    plot.mht.order: no visible global function definition for ‘barplot’
    predict.mht: no visible global function definition for ‘lm’
    predict.mht: no visible global function definition for ‘predict’
    predict.mht.order: no visible global function definition for ‘lm’
    predict.mht.order: no visible global function definition for ‘predict’
    quantil_ord: no visible global function definition for ‘rnorm’
    quantil_ord: no visible global function definition for ‘pf’
    quantil_ord: no visible global function definition for ‘pchisq’
    quantil_ord: no visible global function definition for ‘quantile’
    quantilemht: no visible global function definition for ‘rnorm’
    quantilemht: no visible global function definition for ‘quantile’
    refit.mht: no visible global function definition for ‘lm’
    refit.mht.order: no visible global function definition for ‘lm’
    refit.mht.order: no visible global function definition for ‘qf’
    refit.mht.order: no visible global function definition for ‘qchisq’
    Undefined global functions or variables:
     abline barplot lines lm packageDescription par pchisq pf plot predict
     qchisq qf qqnorm quantile rnorm runif topo.colors var
    Consider adding
     importFrom("grDevices", "topo.colors")
     importFrom("graphics", "abline", "barplot", "lines", "par", "plot")
     importFrom("stats", "lm", "pchisq", "pf", "predict", "qchisq", "qf",
     "qqnorm", "quantile", "rnorm", "runif", "var")
     importFrom("utils", "packageDescription")
    to your NAMESPACE file.
Flavors: r-devel-linux-x86_64-debian-clang, r-devel-linux-x86_64-debian-gcc, r-devel-linux-x86_64-fedora-clang, r-devel-linux-x86_64-fedora-gcc, r-devel-windows-ix86+x86_64, r-patched-linux-x86_64, r-patched-solaris-x86, r-release-linux-x86_64, r-release-windows-ix86+x86_64, r-release-osx-x86_64, r-oldrel-windows-ix86+x86_64, r-oldrel-osx-x86_64

Version: 3.1.2
Check: compiled code
Result: NOTE
    File ‘mht/libs/mht.so’:
     Found no calls to: ‘R_registerRoutines’, ‘R_useDynamicSymbols’
    
    It is good practice to register native routines and to disable symbol
    search.
    
    See ‘Writing portable packages’ in the ‘Writing R Extensions’ manual.
Flavors: r-devel-linux-x86_64-debian-clang, r-devel-linux-x86_64-debian-gcc, r-devel-linux-x86_64-fedora-clang, r-devel-linux-x86_64-fedora-gcc, r-patched-linux-x86_64, r-release-linux-x86_64