CRAN Package Check Results for Package mht

Last updated on 2015-07-28 23:47:39.

Flavor Version Tinstall Tcheck Ttotal Status Flags
r-devel-linux-x86_64-debian-clang 3.1.2 3.72 36.28 40.00 NOTE
r-devel-linux-x86_64-debian-gcc 3.1.2 3.60 33.74 37.34 NOTE
r-devel-linux-x86_64-fedora-clang 3.1.2 78.21 NOTE
r-devel-linux-x86_64-fedora-gcc 3.1.2 72.73 NOTE
r-devel-osx-x86_64-clang 3.1.2 59.16 OK
r-devel-windows-ix86+x86_64 3.1.2 16.00 71.00 87.00 NOTE
r-patched-linux-x86_64 3.1.2 3.42 33.99 37.42 OK
r-patched-solaris-sparc 3.1.2 473.00 OK
r-patched-solaris-x86 3.1.2 106.40 OK
r-release-linux-x86_64 3.1.2 3.47 33.44 36.90 OK
r-release-osx-x86_64-mavericks 3.1.2 OK
r-release-windows-ix86+x86_64 3.1.2 21.00 110.00 131.00 OK
r-oldrel-windows-ix86+x86_64 3.1.2 16.00 128.00 144.00 OK

Check Details

Version: 3.1.2
Check: R code for possible problems
Result: NOTE
    .onAttach: no visible global function definition for
     ‘packageDescription’
    bolasso: no visible global function definition for ‘lm’
    bolasso: no visible global function definition for ‘runif’
    mht: no visible global function definition for ‘lm’
    mht.order: no visible global function definition for ‘lm’
    mht.order: no visible global function definition for ‘qf’
    mht.order: no visible global function definition for ‘qchisq’
    order.variables: no visible global function definition for ‘lm’
    plot.bolasso: no visible global function definition for ‘topo.colors’
    plot.bolasso: no visible global function definition for ‘plot’
    plot.bolasso: no visible global function definition for ‘lines’
    plot.mht: no visible global function definition for ‘par’
    plot.mht: no visible global function definition for ‘plot’
    plot.mht: no visible global function definition for ‘abline’
    plot.mht: no visible global function definition for ‘qqnorm’
    plot.mht: no visible global function definition for ‘var’
    plot.mht: no visible global function definition for ‘barplot’
    plot.mht.order: no visible global function definition for ‘par’
    plot.mht.order: no visible global function definition for ‘plot’
    plot.mht.order: no visible global function definition for ‘abline’
    plot.mht.order: no visible global function definition for ‘qqnorm’
    plot.mht.order: no visible global function definition for ‘var’
    plot.mht.order: no visible global function definition for ‘barplot’
    predict.mht: no visible global function definition for ‘lm’
    predict.mht: no visible global function definition for ‘predict’
    predict.mht.order: no visible global function definition for ‘lm’
    predict.mht.order: no visible global function definition for ‘predict’
    quantil_ord: no visible global function definition for ‘rnorm’
    quantil_ord: no visible global function definition for ‘pf’
    quantil_ord: no visible global function definition for ‘pchisq’
    quantil_ord: no visible global function definition for ‘quantile’
    quantilemht: no visible global function definition for ‘rnorm’
    quantilemht: no visible global function definition for ‘quantile’
    refit.mht: no visible global function definition for ‘lm’
    refit.mht.order: no visible global function definition for ‘lm’
    refit.mht.order: no visible global function definition for ‘qf’
    refit.mht.order: no visible global function definition for ‘qchisq’
    Undefined global functions or variables:
     abline barplot lines lm packageDescription par pchisq pf plot predict
     qchisq qf qqnorm quantile rnorm runif topo.colors var
    Consider adding
     importFrom("grDevices", "topo.colors")
     importFrom("graphics", "abline", "barplot", "lines", "par", "plot")
     importFrom("stats", "lm", "pchisq", "pf", "predict", "qchisq", "qf",
     "qqnorm", "quantile", "rnorm", "runif", "var")
     importFrom("utils", "packageDescription")
    to your NAMESPACE.
Flavors: r-devel-linux-x86_64-debian-clang, r-devel-linux-x86_64-debian-gcc, r-devel-linux-x86_64-fedora-clang, r-devel-linux-x86_64-fedora-gcc, r-devel-windows-ix86+x86_64