CRAN Package Check Results for Package mhurdle

Last updated on 2017-02-25 03:48:23.

Flavor Version Tinstall Tcheck Ttotal Status Flags
r-devel-linux-x86_64-debian-clang 1.1-7 3.04 59.32 62.35 NOTE
r-devel-linux-x86_64-debian-gcc 1.1-7 3.36 58.30 61.67 NOTE
r-devel-linux-x86_64-fedora-clang 1.1-7 150.80 NOTE --no-stop-on-test-error
r-devel-linux-x86_64-fedora-gcc 1.1-7 126.61 NOTE --no-stop-on-test-error
r-devel-macos-x86_64-clang 1.1-7 96.15 NOTE --no-stop-on-test-error
r-devel-windows-ix86+x86_64 1.1-7 17.00 163.00 180.00 OK
r-patched-linux-x86_64 1.1-7 3.03 49.80 52.83 OK
r-patched-solaris-sparc 1.1-7 643.70 OK
r-patched-solaris-x86 1.1-7 137.70 OK
r-release-linux-x86_64 1.1-7 2.96 50.86 53.82 OK
r-release-osx-x86_64-mavericks 1.1-7 OK
r-release-windows-ix86+x86_64 1.1-7 16.00 147.00 163.00 OK
r-oldrel-windows-ix86+x86_64 1.1-7 15.00 261.00 276.00 OK

Check Details

Version: 1.1-7
Check: compiled code
Result: NOTE
    File ‘mhurdle/libs/mhurdle.so’:
     Found no calls to: ‘R_registerRoutines’, ‘R_useDynamicSymbols’
    
    It is good practice to register native routines and to disable symbol
    search.
    
    See ‘Writing portable packages’ in the ‘Writing R Extensions’ manual.
Flavors: r-devel-linux-x86_64-debian-clang, r-devel-linux-x86_64-debian-gcc

Version: 1.1-7
Flags: --no-stop-on-test-error
Check: compiled code
Result: NOTE
    File ‘mhurdle/libs/mhurdle.so’:
     Found no calls to: ‘R_registerRoutines’, ‘R_useDynamicSymbols’
    
    It is good practice to register native routines and to disable symbol
    search.
    
    See ‘Writing portable packages’ in the ‘Writing R Extensions’ manual.
Flavors: r-devel-linux-x86_64-fedora-clang, r-devel-linux-x86_64-fedora-gcc, r-devel-macos-x86_64-clang