CRAN Package Check Results for Package mhurdle

Last updated on 2015-07-04 08:50:27.

Flavor Version Tinstall Tcheck Ttotal Status Flags
r-devel-linux-x86_64-debian-clang 1.0-1 0.88 70.64 71.52 NOTE
r-devel-linux-x86_64-debian-gcc 1.0-1 0.93 73.37 74.30 NOTE
r-devel-linux-x86_64-fedora-clang 1.0-1 138.18 NOTE
r-devel-linux-x86_64-fedora-gcc 1.0-1 130.30 NOTE
r-devel-osx-x86_64-clang 1.0-1 87.08 OK
r-devel-windows-ix86+x86_64 1.0-1 4.00 119.00 123.00 NOTE
r-patched-linux-x86_64 1.0-1 0.82 71.46 72.29 OK
r-patched-solaris-sparc 1.0-1 904.60 OK
r-patched-solaris-x86 1.0-1 182.10 OK
r-release-linux-x86_64 1.0-1 0.96 71.71 72.66 OK
r-release-osx-x86_64-mavericks 1.0-1 OK
r-release-windows-ix86+x86_64 1.0-1 5.00 113.00 118.00 OK
r-oldrel-windows-ix86+x86_64 1.0-1 6.00 130.00 136.00 OK

Check Details

Version: 1.0-1
Check: R code for possible problems
Result: NOTE
    fit.simple.mhurdle: no visible global function definition for ‘glm’
    fit.simple.mhurdle: Error while checking: invalid ‘envir’ argument
    lnl.naive: no visible global function definition for ‘pnorm’
    lnl.naive: no visible global function definition for ‘dnorm’
    mhurdle: no visible global function definition for ‘model.matrix’
    mhurdle: no visible global function definition for ‘model.response’
    mhurdle: no visible global function definition for ‘var’
    mhurdle: no visible global function definition for ‘lm’
    mhurdle.lnl: no visible global function definition for ‘pnorm’
    mhurdle.lnl: no visible global function definition for ‘dnorm’
    mills: no visible global function definition for ‘dnorm’
    mills: no visible global function definition for ‘pnorm’
    mypbivnorm: no visible global function definition for ‘pnorm’
    mypbivnorm: no visible global function definition for ‘dnorm’
    predict.mhurdle: no visible global function definition for ‘fitted’
    predict.mhurdle: no visible global function definition for
     ‘model.frame’
    predict.mhurdle: no visible global function definition for ‘formula’
    predict.mhurdle: no visible global function definition for
     ‘model.matrix’
    predict.mhurdle: no visible global function definition for
     ‘model.response’
    predict.mhurdle: no visible global function definition for ‘coef’
    print.mhurdle: no visible global function definition for ‘coef’
    print.summary.mhurdle: no visible global function definition for
     ‘printCoefmat’
    print.summary.mhurdle: no visible global function definition for
     ‘logLik’
    pwchisq: no visible global function definition for ‘rnorm’
    pwchisq: no visible global function definition for ‘ecdf’
    qwchisq: no visible global function definition for ‘rnorm’
    qwchisq: no visible global function definition for ‘quantile’
    rsq: no visible global function definition for ‘model.response’
    rsq: no visible global function definition for ‘model.frame’
    rsq: no visible global function definition for ‘coef’
    rsq: no visible global function definition for ‘logLik’
    rsq: no visible global function definition for ‘fitted’
    rsq: no visible global function definition for ‘cor’
    start.mhurdle: no visible global function definition for ‘lm’
    start.mhurdle: no visible global function definition for ‘coef’
    start.mhurdle: no visible global function definition for ‘glm’
    start.mhurdle: Error while checking: invalid ‘envir’ argument
    summary.mhurdle: no visible global function definition for ‘coef’
    summary.mhurdle: no visible global function definition for ‘vcov’
    summary.mhurdle: no visible global function definition for ‘pnorm’
    update.mhurdle: no visible global function definition for ‘update’
    update.mhurdle: no visible global function definition for ‘formula’
    vuongtest: no visible global function definition for ‘coef’
    vuongtest: no visible global function definition for ‘model.frame’
    vuongtest: no visible global function definition for ‘vcov’
    vuongtest: no visible global function definition for ‘pnorm’
    vuongtest: no visible global function definition for ‘pchisq’
    Undefined global functions or variables:
     coef cor dnorm ecdf fitted formula glm lm logLik model.frame
     model.matrix model.response pchisq pnorm printCoefmat quantile rnorm
     update var vcov
Flavors: r-devel-linux-x86_64-debian-clang, r-devel-linux-x86_64-debian-gcc, r-devel-linux-x86_64-fedora-clang, r-devel-linux-x86_64-fedora-gcc

Version: 1.0-1
Check: R code for possible problems
Result: NOTE
    fit.simple.mhurdle: no visible global function definition for 'glm'
    fit.simple.mhurdle: no visible global function definition for
     'binomial'
    fit.simple.mhurdle: no visible global function definition for 'lm'
    fit.simple.mhurdle: no visible global function definition for
     'df.residual'
    fit.simple.mhurdle: no visible global function definition for 'pnorm'
    fit.simple.mhurdle: no visible global function definition for 'dnorm'
    lnl.naive: no visible global function definition for 'pnorm'
    lnl.naive: no visible global function definition for 'dnorm'
    mhurdle: no visible global function definition for 'model.matrix'
    mhurdle: no visible global function definition for 'model.response'
    mhurdle: no visible global function definition for 'var'
    mhurdle: no visible global function definition for 'lm'
    mhurdle.lnl: no visible global function definition for 'pnorm'
    mhurdle.lnl: no visible global function definition for 'dnorm'
    mills: no visible global function definition for 'dnorm'
    mills: no visible global function definition for 'pnorm'
    mypbivnorm: no visible global function definition for 'pnorm'
    mypbivnorm: no visible global function definition for 'dnorm'
    predict.mhurdle: no visible global function definition for 'fitted'
    predict.mhurdle: no visible global function definition for
     'model.frame'
    predict.mhurdle: no visible global function definition for 'formula'
    predict.mhurdle: no visible global function definition for
     'model.matrix'
    predict.mhurdle: no visible global function definition for
     'model.response'
    predict.mhurdle: no visible global function definition for 'coef'
    print.mhurdle: no visible global function definition for 'coef'
    print.summary.mhurdle: no visible global function definition for
     'printCoefmat'
    print.summary.mhurdle: no visible global function definition for
     'logLik'
    pwchisq: no visible global function definition for 'rnorm'
    pwchisq: no visible global function definition for 'ecdf'
    qwchisq: no visible global function definition for 'rnorm'
    qwchisq: no visible global function definition for 'quantile'
    rsq: no visible global function definition for 'model.response'
    rsq: no visible global function definition for 'model.frame'
    rsq: no visible global function definition for 'coef'
    rsq: no visible global function definition for 'logLik'
    rsq: no visible global function definition for 'fitted'
    rsq: no visible global function definition for 'cor'
    start.mhurdle: no visible global function definition for 'lm'
    start.mhurdle: no visible global function definition for 'coef'
    start.mhurdle: no visible global function definition for 'glm'
    start.mhurdle: no visible global function definition for 'binomial'
    start.mhurdle: no visible global function definition for 'pnorm'
    summary.mhurdle: no visible global function definition for 'coef'
    summary.mhurdle: no visible global function definition for 'vcov'
    summary.mhurdle: no visible global function definition for 'pnorm'
    update.mhurdle: no visible global function definition for 'update'
    update.mhurdle: no visible global function definition for 'formula'
    vuongtest: no visible global function definition for 'coef'
    vuongtest: no visible global function definition for 'model.frame'
    vuongtest: no visible global function definition for 'vcov'
    vuongtest: no visible global function definition for 'pnorm'
    vuongtest: no visible global function definition for 'pchisq'
    Undefined global functions or variables:
     binomial coef cor df.residual dnorm ecdf fitted formula glm lm logLik
     model.frame model.matrix model.response pchisq pnorm printCoefmat
     quantile rnorm update var vcov
Flavor: r-devel-windows-ix86+x86_64