CRAN Package Check Results for Package mhurdle

Last updated on 2016-08-30 16:47:22.

Flavor Version Tinstall Tcheck Ttotal Status Flags
r-devel-linux-x86_64-debian-clang 1.1-6 2.87 53.94 56.82 WARN
r-devel-linux-x86_64-debian-gcc 1.1-6 2.96 52.80 55.76 WARN
r-devel-linux-x86_64-fedora-clang 1.1-6 114.44 WARN
r-devel-linux-x86_64-fedora-gcc 1.1-6 107.46 WARN
r-devel-osx-x86_64-clang 1.1-6 86.07 WARN
r-devel-windows-ix86+x86_64 1.1-6 16.00 103.00 119.00 OK
r-patched-linux-x86_64 1.1-6 3.41 55.04 58.45 OK
r-patched-solaris-sparc 1.1-6 623.90 OK
r-patched-solaris-x86 1.1-6 135.60 OK
r-release-linux-x86_64 1.1-6 3.03 51.08 54.11 OK
r-release-osx-x86_64-mavericks 1.1-6 OK
r-release-windows-ix86+x86_64 1.1-6 10.00 100.00 110.00 OK
r-oldrel-windows-ix86+x86_64 1.1-6 17.00 131.00 148.00 OK

Check Details

Version: 1.1-6
Check: whether package can be installed
Result: WARN
    Found the following significant warnings:
     Warning: ‘absx’ is used uninitialized in this function [-Wuninitialized]
     Warning: ‘o’ is used uninitialized in this function [-Wuninitialized]
Flavors: r-devel-linux-x86_64-debian-clang, r-devel-linux-x86_64-debian-gcc, r-devel-linux-x86_64-fedora-clang, r-devel-linux-x86_64-fedora-gcc, r-devel-osx-x86_64-clang