CRAN Package Check Results for Package mhurdle

Last updated on 2014-04-24 09:49:04.

Flavor Version Tinstall Tcheck Ttotal Status Flags
r-devel-linux-x86_64-debian-clang 1.0-1 1.10 73.87 74.98 OK
r-devel-linux-x86_64-debian-gcc 1.0-1 1.11 73.21 74.32 OK
r-devel-linux-x86_64-fedora-clang 1.0-1 166.01 OK
r-devel-linux-x86_64-fedora-gcc 1.0-1 155.42 OK
r-devel-osx-x86_64-clang 1.0-1 95.86 OK
r-devel-osx-x86_64-gcc 1.0-1 ERROR
r-devel-windows-ix86+x86_64 1.0-1 4.00 116.00 120.00 OK
r-patched-linux-x86_64 1.0-1 1.09 74.90 76.00 OK
r-patched-solaris-sparc 1.0-1 910.90 OK
r-patched-solaris-x86 1.0-1 198.00 OK
r-release-linux-ix86 1.0-1 2.00 143.00 145.00 OK
r-release-linux-x86_64 1.0-1 1.09 73.39 74.48 OK
r-release-osx-x86_64-mavericks 1.0-1 WARN
r-release-osx-x86_64-snowleopard 1.0-1 ERROR
r-release-windows-ix86+x86_64 1.0-1 5.00 119.00 124.00 OK
r-oldrel-windows-ix86+x86_64 1.0-1 5.00 128.00 133.00 OK

Check Details

Version: 1.0-1
Check: package dependencies
Result: ERROR
    Packages required but not available: ‘truncreg’ ‘maxLik’
    
    See the information on DESCRIPTION files in the chapter ‘Creating R
    packages’ of the ‘Writing R Extensions’ manual.
Flavor: r-devel-osx-x86_64-gcc

Version: 1.0-1
Check: re-building of vignette outputs
Result: NOTE
    Error in re-building vignettes:
     ...
    Loading required package: truncreg
    Loading required package: maxLik
    Loading required package: miscTools
    
    Please cite the 'maxLik' package as:
    Henningsen, Arne and Toomet, Ott (2011). maxLik: A package for maximum likelihood estimation in R. Computational Statistics 26(3), 443-458. DOI 10.1007/s00180-010-0217-1.
    
    If you have questions, suggestions, or comments regarding the 'maxLik' package, please use a forum or 'tracker' at maxLik's R-Forge site:
    https://r-forge.r-project.org/projects/maxlik/
    Loading required package: pbivnorm
    Error in texi2dvi(file = file, pdf = TRUE, clean = clean, quiet = quiet, :
     Running 'texi2dvi' on 'mhurdle.tex' failed.
    LaTeX errors:
    ! LaTeX Error: File `threeparttable.sty' not found.
    
    Type X to quit or <RETURN> to proceed,
    or enter new name. (Default extension: sty)
    
    _test/mhurdle/vignettes/mhurdle.tex:13: ==> Fatal error occurred, no output PD
    F file produced!
    Calls: buildVignettes -> texi2pdf -> texi2dvi
    Execution halted
Flavor: r-release-osx-x86_64-mavericks

Version: 1.0-1
Check: PDF version of manual
Result: WARNING
    LaTeX errors when creating PDF version.
    This typically indicates Rd problems.
    LaTeX errors found:
    ! LaTeX Error: File `upquote.sty' not found.
    
    Type X to quit or <RETURN> to proceed,
    or enter new name. (Default extension: sty)
    
    44423400/Rd2.tex:8: ==> Fatal error occurred, no output PDF file produced!
Flavor: r-release-osx-x86_64-mavericks

Version: 1.0-1
Check: whether package can be installed
Result: ERROR
    Installation failed.
    See ‘/Volumes/XT3/Builds/R-dev-web/QA/Simon/packages/snowleopard-x86_64/results/3.1/mhurdle.Rcheck/00install.out’ for details.
Flavor: r-release-osx-x86_64-snowleopard