CRAN Package Check Results for Package mhurdle

Last updated on 2017-03-27 03:49:51.

Flavor Version Tinstall Tcheck Ttotal Status Flags
r-devel-linux-x86_64-debian-clang 1.1-7 3.10 59.70 62.79 NOTE
r-devel-linux-x86_64-debian-gcc 1.1-7 3.08 57.21 60.29 NOTE
r-devel-linux-x86_64-fedora-clang 1.1-7 132.21 NOTE --no-stop-on-test-error
r-devel-linux-x86_64-fedora-gcc 1.1-7 129.70 NOTE --no-stop-on-test-error
r-devel-macos-x86_64-clang 1.1-7 95.66 NOTE --no-stop-on-test-error
r-devel-windows-ix86+x86_64 1.1-7 11.00 175.00 186.00 OK
r-patched-linux-x86_64 1.1-7 3.52 56.93 60.45 NOTE
r-patched-solaris-sparc 1.1-7 754.10 OK
r-patched-solaris-x86 1.1-7 166.70 OK
r-release-linux-x86_64 1.1-7 2.94 50.09 53.04 OK
r-release-osx-x86_64-mavericks 1.1-7 OK
r-release-windows-ix86+x86_64 1.1-7 14.00 120.00 134.00 OK
r-oldrel-windows-ix86+x86_64 1.1-7 9.00 122.00 131.00 OK

Check Details

Version: 1.1-7
Check: compiled code
Result: NOTE
    File ‘mhurdle/libs/mhurdle.so’:
     Found no calls to: ‘R_registerRoutines’, ‘R_useDynamicSymbols’
    
    It is good practice to register native routines and to disable symbol
    search.
    
    See ‘Writing portable packages’ in the ‘Writing R Extensions’ manual.
Flavors: r-devel-linux-x86_64-debian-clang, r-devel-linux-x86_64-debian-gcc, r-patched-linux-x86_64

Version: 1.1-7
Flags: --no-stop-on-test-error
Check: compiled code
Result: NOTE
    File ‘mhurdle/libs/mhurdle.so’:
     Found no calls to: ‘R_registerRoutines’, ‘R_useDynamicSymbols’
    
    It is good practice to register native routines and to disable symbol
    search.
    
    See ‘Writing portable packages’ in the ‘Writing R Extensions’ manual.
Flavors: r-devel-linux-x86_64-fedora-clang, r-devel-linux-x86_64-fedora-gcc, r-devel-macos-x86_64-clang