CRAN Package Check Results for Package mhurdle

Last updated on 2015-01-27 19:50:24.

Flavor Version Tinstall Tcheck Ttotal Status Flags
r-devel-linux-x86_64-debian-clang 1.0-1 1.02 73.32 74.34 OK
r-devel-linux-x86_64-debian-gcc 1.0-1 0.87 72.98 73.86 OK
r-devel-linux-x86_64-fedora-clang 1.0-1 157.88 OK
r-devel-linux-x86_64-fedora-gcc 1.0-1 156.18 OK
r-devel-osx-x86_64-clang 1.0-1 106.63 OK
r-devel-windows-ix86+x86_64 1.0-1 4.00 120.00 124.00 OK
r-patched-linux-x86_64 1.0-1 1.06 76.94 78.00 OK
r-patched-solaris-sparc 1.0-1 945.10 OK
r-patched-solaris-x86 1.0-1 201.60 OK
r-release-linux-ix86 1.0-1 1.47 133.95 135.42 OK
r-release-linux-x86_64 1.0-1 1.09 78.81 79.90 OK
r-release-osx-x86_64-mavericks 1.0-1 OK
r-release-osx-x86_64-snowleopard 1.0-1 ERROR
r-release-windows-ix86+x86_64 1.0-1 6.00 123.00 129.00 OK
r-oldrel-windows-ix86+x86_64 1.0-1 5.00 143.00 148.00 OK

Check Details

Version: 1.0-1
Check: whether package can be installed
Result: ERROR
    Installation failed.
Flavor: r-release-osx-x86_64-snowleopard