CRAN Package Check Results for Package mhurdle

Last updated on 2015-05-23 05:47:54.

Flavor Version Tinstall Tcheck Ttotal Status Flags
r-devel-linux-x86_64-debian-clang 1.0-1 0.86 71.71 72.57 OK
r-devel-linux-x86_64-debian-gcc 1.0-1 0.82 71.12 71.95 OK
r-devel-linux-x86_64-fedora-clang 1.0-1 137.69 OK
r-devel-linux-x86_64-fedora-gcc 1.0-1 130.99 OK
r-devel-osx-x86_64-clang 1.0-1 94.06 OK
r-devel-windows-ix86+x86_64 1.0-1 4.00 113.00 117.00 OK
r-patched-linux-x86_64 1.0-1 0.84 75.26 76.10 OK
r-patched-solaris-sparc 1.0-1 904.60 OK
r-patched-solaris-x86 1.0-1 184.10 OK
r-release-linux-x86_64 1.0-1 0.84 72.12 72.95 OK
r-release-osx-x86_64-mavericks 1.0-1 OK
r-release-osx-x86_64-snowleopard 1.0-1 ERROR
r-release-windows-ix86+x86_64 1.0-1 4.00 111.00 115.00 OK
r-oldrel-windows-ix86+x86_64 1.0-1 6.00 171.00 177.00 OK

Check Details

Version: 1.0-1
Check: package dependencies
Result: ERROR
    Packages required but not available: ‘truncreg’ ‘maxLik’
    
    See section ‘The DESCRIPTION file’ in the ‘Writing R Extensions’
    manual.
Flavor: r-release-osx-x86_64-snowleopard