Last updated on 2018-04-25 19:47:15 CEST.
Flavor | Version | Tinstall | Tcheck | Ttotal | Status | Flags |
---|---|---|---|---|---|---|
r-devel-linux-x86_64-debian-clang | 1.1-7 | 22.28 | 87.45 | 109.73 | NOTE | |
r-devel-linux-x86_64-debian-gcc | 1.1-7 | 25.94 | 67.82 | 93.76 | NOTE | |
r-devel-linux-x86_64-fedora-clang | 1.1-7 | 141.88 | NOTE | |||
r-devel-linux-x86_64-fedora-gcc | 1.1-7 | 135.97 | NOTE | |||
r-devel-windows-ix86+x86_64 | 1.1-7 | 48.00 | 118.00 | 166.00 | OK | |
r-patched-linux-x86_64 | 1.1-7 | 26.05 | 85.07 | 111.12 | NOTE | |
r-patched-solaris-x86 | 1.1-7 | 190.00 | OK | |||
r-release-linux-x86_64 | 1.1-7 | 25.59 | 85.73 | 111.32 | NOTE | |
r-release-windows-ix86+x86_64 | 1.1-7 | 48.00 | 118.00 | 166.00 | OK | |
r-release-osx-x86_64 | 1.1-7 | OK | ||||
r-oldrel-windows-ix86+x86_64 | 1.1-7 | 10.00 | 176.00 | 186.00 | OK | |
r-oldrel-osx-x86_64 | 1.1-7 | NOTE |
Version: 1.1-7
Check: compiled code
Result: NOTE
File ‘mhurdle/libs/mhurdle.so’:
Found no calls to: ‘R_registerRoutines’, ‘R_useDynamicSymbols’
It is good practice to register native routines and to disable symbol
search.
See ‘Writing portable packages’ in the ‘Writing R Extensions’ manual.
Flavors: r-devel-linux-x86_64-debian-clang, r-devel-linux-x86_64-debian-gcc, r-devel-linux-x86_64-fedora-clang, r-devel-linux-x86_64-fedora-gcc, r-patched-linux-x86_64, r-release-linux-x86_64
Version: 1.1-7
Check: re-building of vignette outputs
Result: NOTE
Error in re-building vignettes:
...
If you have questions, suggestions, or comments regarding the 'maxLik' package, please use a forum or 'tracker' at maxLik's R-Forge site:
https://r-forge.r-project.org/projects/maxlik/
Loading required package: survival
Loading required package: texreg
Version: 1.36.23
Date: 2017-03-03
Author: Philip Leifeld (University of Glasgow)
Please cite the JSS article in your publications -- see citation("texreg").
Error in texi2dvi(file = file, pdf = TRUE, clean = clean, quiet = quiet, :
Running 'texi2dvi' on 'mhurdle.tex' failed.
LaTeX errors:
! LaTeX Error: File `threeparttable.sty' not found.
Type X to quit or <RETURN> to proceed,
or enter new name. (Default extension: sty)
! Emergency stop.
<read *>
l.13 \usepackage
{amssymb, amsfonts}^^M
! ==> Fatal error occurred, no output PDF file produced!
Calls: buildVignettes -> texi2pdf -> texi2dvi
Execution halted
Flavor: r-oldrel-osx-x86_64