CRAN Package Check Results for Package mhurdle

Last updated on 2015-04-01 13:48:19.

Flavor Version Tinstall Tcheck Ttotal Status Flags
r-devel-linux-x86_64-debian-clang 1.0-1 0.86 72.53 73.39 OK
r-devel-linux-x86_64-debian-gcc 1.0-1 0.82 71.16 71.98 OK
r-devel-linux-x86_64-fedora-clang 1.0-1 139.80 OK
r-devel-linux-x86_64-fedora-gcc 1.0-1 145.59 OK
r-devel-osx-x86_64-clang 1.0-1 100.94 OK
r-prerel-windows-ix86+x86_64 1.0-1 3.00 111.00 114.00 OK
r-prerel-linux-x86_64 1.0-1 0.89 71.77 72.66 OK
r-prerel-solaris-sparc 1.0-1 896.10 OK
r-prerel-solaris-x86 1.0-1 181.50 OK
r-release-linux-x86_64 1.0-1 1.27 76.51 77.78 OK
r-release-osx-x86_64-mavericks 1.0-1 OK
r-release-osx-x86_64-snowleopard 1.0-1 ERROR
r-release-windows-ix86+x86_64 1.0-1 5.00 124.00 129.00 OK
r-oldrel-windows-ix86+x86_64 1.0-1 6.00 140.00 146.00 OK

Check Details

Version: 1.0-1
Check: whether package can be installed
Result: ERROR
    Installation failed.
Flavor: r-release-osx-x86_64-snowleopard