CRAN Package Check Results for Package mhurdle

Last updated on 2014-07-31 11:51:12.

Flavor Version Tinstall Tcheck Ttotal Status Flags
r-devel-linux-x86_64-debian-clang 1.0-1 1.01 72.56 73.57 OK
r-devel-linux-x86_64-debian-gcc 1.0-1 1.00 72.68 73.68 OK
r-devel-linux-x86_64-fedora-clang 1.0-1 161.26 OK
r-devel-linux-x86_64-fedora-gcc 1.0-1 154.92 OK
r-devel-osx-x86_64-clang 1.0-1 102.47 OK
r-devel-windows-ix86+x86_64 1.0-1 4.00 114.00 118.00 OK
r-patched-linux-x86_64 1.0-1 1.06 73.20 74.26 OK
r-patched-solaris-sparc 1.0-1 938.10 OK
r-patched-solaris-x86 1.0-1 207.90 OK
r-release-linux-ix86 1.0-1 1.50 139.31 140.81 OK
r-release-linux-x86_64 1.0-1 1.07 72.12 73.19 OK
r-release-osx-x86_64-mavericks 1.0-1 NOTE
r-release-osx-x86_64-snowleopard 1.0-1 ERROR
r-release-windows-ix86+x86_64 1.0-1 7.00 151.00 158.00 OK
r-oldrel-windows-ix86+x86_64 1.0-1 7.00 169.00 176.00 OK

Check Details

Version: 1.0-1
Check: re-building of vignette outputs
Result: NOTE
    Error in re-building vignettes:
     ...
    Loading required package: truncreg
    Loading required package: maxLik
    Loading required package: miscTools
    
    Please cite the 'maxLik' package as:
    Henningsen, Arne and Toomet, Ott (2011). maxLik: A package for maximum likelihood estimation in R. Computational Statistics 26(3), 443-458. DOI 10.1007/s00180-010-0217-1.
    
    If you have questions, suggestions, or comments regarding the 'maxLik' package, please use a forum or 'tracker' at maxLik's R-Forge site:
    https://r-forge.r-project.org/projects/maxlik/
    Loading required package: pbivnorm
    Error in texi2dvi(file = file, pdf = TRUE, clean = clean, quiet = quiet, :
     Running 'texi2dvi' on 'mhurdle.tex' failed.
    LaTeX errors:
    ! LaTeX Error: File `threeparttable.sty' not found.
    
    Type X to quit or <RETURN> to proceed,
    or enter new name. (Default extension: sty)
    
    _test/mhurdle/vignettes/mhurdle.tex:13: ==> Fatal error occurred, no output PD
    F file produced!
    Calls: buildVignettes -> texi2pdf -> texi2dvi
    Execution halted
Flavor: r-release-osx-x86_64-mavericks

Version: 1.0-1
Check: whether package can be installed
Result: ERROR
    Installation failed.
Flavor: r-release-osx-x86_64-snowleopard