CRAN Package Check Results for Package mhurdle

Last updated on 2017-06-27 14:47:16.

Flavor Version Tinstall Tcheck Ttotal Status Flags
r-devel-linux-x86_64-debian-clang 1.1-7 3.41 58.22 61.63 NOTE
r-devel-linux-x86_64-debian-gcc 1.1-7 3.26 57.73 60.99 NOTE
r-devel-linux-x86_64-fedora-clang 1.1-7 134.57 NOTE
r-devel-linux-x86_64-fedora-gcc 1.1-7 137.07 NOTE
r-devel-windows-ix86+x86_64 1.1-7 13.00 120.00 133.00 OK
r-patched-linux-x86_64 1.1-7 3.36 57.08 60.44 NOTE
r-patched-solaris-sparc 1.1-7 754.10 OK
r-patched-solaris-x86 1.1-7 162.20 OK
r-release-linux-x86_64 1.1-7 3.15 57.72 60.86 NOTE
r-release-windows-ix86+x86_64 1.1-7 9.00 163.00 172.00 OK
r-release-osx-x86_64 1.1-7 NOTE
r-oldrel-windows-ix86+x86_64 1.1-7 13.00 147.00 160.00 OK
r-oldrel-osx-x86_64 1.1-7 OK

Check Details

Version: 1.1-7
Check: compiled code
Result: NOTE
    File ‘mhurdle/libs/mhurdle.so’:
     Found no calls to: ‘R_registerRoutines’, ‘R_useDynamicSymbols’
    
    It is good practice to register native routines and to disable symbol
    search.
    
    See ‘Writing portable packages’ in the ‘Writing R Extensions’ manual.
Flavors: r-devel-linux-x86_64-debian-clang, r-devel-linux-x86_64-debian-gcc, r-devel-linux-x86_64-fedora-clang, r-devel-linux-x86_64-fedora-gcc, r-patched-linux-x86_64, r-release-linux-x86_64

Version: 1.1-7
Check: re-building of vignette outputs
Result: NOTE
    Error in re-building vignettes:
     ...
    If you have questions, suggestions, or comments regarding the 'maxLik' package, please use a forum or 'tracker' at maxLik's R-Forge site:
    https://r-forge.r-project.org/projects/maxlik/
    Loading required package: survival
    Loading required package: texreg
    Version: 1.36.23
    Date: 2017-03-03
    Author: Philip Leifeld (University of Glasgow)
    
    Please cite the JSS article in your publications -- see citation("texreg").
    Error in texi2dvi(file = file, pdf = TRUE, clean = clean, quiet = quiet, :
     Running 'texi2dvi' on 'mhurdle.tex' failed.
    LaTeX errors:
    ! LaTeX Error: File `threeparttable.sty' not found.
    
    Type X to quit or <RETURN> to proceed,
    or enter new name. (Default extension: sty)
    
    ! Emergency stop.
    <read *>
    
    l.13 \usepackage
     {amssymb, amsfonts}^^M
    ! ==> Fatal error occurred, no output PDF file produced!
    Calls: buildVignettes -> texi2pdf -> texi2dvi
    Execution halted
Flavor: r-release-osx-x86_64