CRAN Package Check Results for Package mhurdle

Last updated on 2014-10-21 09:51:32.

Flavor Version Tinstall Tcheck Ttotal Status Flags
r-devel-linux-x86_64-debian-clang 1.0-1 1.03 75.88 76.91 OK
r-devel-linux-x86_64-debian-gcc 1.0-1 1.04 77.62 78.66 OK
r-devel-linux-x86_64-fedora-clang 1.0-1 158.97 OK
r-devel-linux-x86_64-fedora-gcc 1.0-1 155.85 OK
r-devel-osx-x86_64-clang 1.0-1 105.63 OK
r-devel-windows-ix86+x86_64 1.0-1 5.00 111.00 116.00 OK
r-patched-linux-x86_64 1.0-1 1.07 76.09 77.16 OK
r-patched-solaris-sparc 1.0-1 938.10 OK
r-patched-solaris-x86 1.0-1 199.90 OK
r-release-linux-ix86 1.0-1 1.49 140.40 141.90 OK
r-release-linux-x86_64 1.0-1 1.08 75.11 76.19 OK
r-release-osx-x86_64-mavericks 1.0-1 NOTE
r-release-osx-x86_64-snowleopard 1.0-1 ERROR
r-release-windows-ix86+x86_64 1.0-1 5.00 120.00 125.00 OK
r-oldrel-windows-ix86+x86_64 1.0-1 5.00 134.00 139.00 OK

Check Details

Version: 1.0-1
Check: re-building of vignette outputs
Result: NOTE
    Error in re-building vignettes:
     ...
    Loading required package: truncreg
    Loading required package: maxLik
    Loading required package: miscTools
    
    Please cite the 'maxLik' package as:
    Henningsen, Arne and Toomet, Ott (2011). maxLik: A package for maximum likelihood estimation in R. Computational Statistics 26(3), 443-458. DOI 10.1007/s00180-010-0217-1.
    
    If you have questions, suggestions, or comments regarding the 'maxLik' package, please use a forum or 'tracker' at maxLik's R-Forge site:
    https://r-forge.r-project.org/projects/maxlik/
    Loading required package: pbivnorm
    Error in texi2dvi(file = file, pdf = TRUE, clean = clean, quiet = quiet, :
     Running 'texi2dvi' on 'mhurdle.tex' failed.
    LaTeX errors:
    ! LaTeX Error: File `threeparttable.sty' not found.
    
    Type X to quit or <RETURN> to proceed,
    or enter new name. (Default extension: sty)
    
    _test/mhurdle/vignettes/mhurdle.tex:13: ==> Fatal error occurred, no output PD
    F file produced!
    Calls: buildVignettes -> texi2pdf -> texi2dvi
    Execution halted
Flavor: r-release-osx-x86_64-mavericks

Version: 1.0-1
Check: whether package can be installed
Result: ERROR
    Installation failed.
Flavor: r-release-osx-x86_64-snowleopard