CRAN Package Check Results for Package mhurdle

Last updated on 2015-02-27 16:47:52.

Flavor Version Tinstall Tcheck Ttotal Status Flags
r-devel-linux-x86_64-debian-clang 1.0-1 0.92 72.46 73.38 OK
r-devel-linux-x86_64-debian-gcc 1.0-1 0.93 71.36 72.29 OK
r-devel-linux-x86_64-fedora-clang 1.0-1 141.58 OK
r-devel-linux-x86_64-fedora-gcc 1.0-1 138.42 OK
r-devel-osx-x86_64-clang 1.0-1 94.35 OK
r-devel-windows-ix86+x86_64 1.0-1 4.00 115.00 119.00 OK
r-patched-linux-x86_64 1.0-1 1.37 80.16 81.53 OK
r-patched-solaris-sparc 1.0-1 945.10 OK
r-release-linux-ix86 1.0-1 1.50 138.38 139.87 OK
r-release-linux-x86_64 1.0-1 1.44 76.17 77.61 OK
r-release-osx-x86_64-mavericks 1.0-1 OK
r-release-osx-x86_64-snowleopard 1.0-1 ERROR
r-release-windows-ix86+x86_64 1.0-1 6.00 132.00 138.00 OK
r-oldrel-windows-ix86+x86_64 1.0-1 5.00 138.00 143.00 OK

Check Details

Version: 1.0-1
Check: whether package can be installed
Result: ERROR
    Installation failed.
Flavor: r-release-osx-x86_64-snowleopard