CRAN Package Check Results for Package mi

Last updated on 2015-03-29 08:49:13.

Flavor Version Tinstall Tcheck Ttotal Status Flags
r-devel-linux-x86_64-debian-clang 0.09-19 4.96 63.59 68.56 NOTE
r-devel-linux-x86_64-debian-gcc 0.09-19 4.53 62.04 66.57 NOTE
r-devel-linux-x86_64-fedora-clang 0.09-19 141.97 NOTE
r-devel-linux-x86_64-fedora-gcc 0.09-19 147.14 NOTE
r-devel-osx-x86_64-clang 0.09-19 124.62 NOTE
r-prerel-windows-ix86+x86_64 0.09-19 19.00 84.00 103.00 NOTE
r-prerel-linux-x86_64 0.09-19 4.64 63.83 68.47 NOTE
r-prerel-solaris-sparc 0.09-19 836.00 NOTE
r-prerel-solaris-x86 0.09-19 173.80 NOTE
r-release-linux-x86_64 0.09-19 7.85 84.03 91.88 OK
r-release-osx-x86_64-mavericks 0.09-19 OK
r-release-osx-x86_64-snowleopard 0.09-19 OK
r-release-windows-ix86+x86_64 0.09-19 20.00 118.00 138.00 OK
r-oldrel-windows-ix86+x86_64 0.09-19 18.00 132.00 150.00 OK

Check Details

Version: 0.09-19
Check: DESCRIPTION meta-information
Result: NOTE
    Malformed Description field: should contain one or more complete sentences.
Flavors: r-devel-linux-x86_64-debian-clang, r-devel-linux-x86_64-debian-gcc, r-devel-linux-x86_64-fedora-clang, r-devel-linux-x86_64-fedora-gcc, r-devel-osx-x86_64-clang, r-prerel-windows-ix86+x86_64, r-prerel-linux-x86_64, r-prerel-solaris-sparc, r-prerel-solaris-x86

Version: 0.09-19
Check: S3 generic/method consistency
Result: NOTE
    Found the following apparent S3 methods exported but not registered:
     sigma.hat
    See section ‘Registering S3 methods’ in the ‘Writing R Extensions’
    manual.
Flavors: r-devel-linux-x86_64-debian-clang, r-devel-linux-x86_64-debian-gcc, r-devel-linux-x86_64-fedora-clang, r-devel-linux-x86_64-fedora-gcc, r-devel-osx-x86_64-clang, r-prerel-linux-x86_64