CRAN Package Check Results for Package mi

Last updated on 2015-04-28 03:47:24.

Flavor Version Tinstall Tcheck Ttotal Status Flags
r-devel-linux-x86_64-debian-clang 1.0 5.83 90.71 96.54 OK
r-devel-linux-x86_64-debian-gcc 1.0 5.64 91.45 97.09 OK
r-devel-linux-x86_64-fedora-clang 1.0 172.05 OK
r-devel-linux-x86_64-fedora-gcc 1.0 158.50 OK
r-devel-osx-x86_64-clang 1.0 174.00 OK
r-devel-windows-ix86+x86_64 1.0 16.00 132.00 148.00 OK
r-patched-linux-x86_64 1.0 5.61 87.94 93.55 ERROR
r-patched-solaris-sparc 1.0 1650.10 OK
r-patched-solaris-x86 1.0 283.90 OK
r-release-linux-x86_64 1.0 5.84 89.32 95.16 OK
r-release-osx-x86_64-mavericks 1.0 OK
r-release-osx-x86_64-snowleopard 1.0 ERROR
r-release-windows-ix86+x86_64 1.0 20.00 172.00 192.00 OK
r-oldrel-windows-ix86+x86_64 1.0 17.00 184.00 201.00 OK

Check Details

Version: 1.0
Check: package dependencies
Result: ERROR
    Packages suggested but not available for checking: ‘betareg’ ‘knitr’
    
    VignetteBuilder package required for checking but not installed: ‘knitr’
    
    See section ‘The DESCRIPTION file’ in the ‘Writing R Extensions’
    manual.
Flavor: r-release-osx-x86_64-snowleopard