CRAN Package Check Results for Package mi

Last updated on 2014-04-23 17:47:48.

Flavor Version Tinstall Tcheck Ttotal Status Flags
r-devel-linux-x86_64-debian-clang 0.09-18.03 6.21 82.84 89.05 OK
r-devel-linux-x86_64-debian-gcc 0.09-18.03 6.15 84.05 90.20 OK
r-devel-linux-x86_64-fedora-clang 0.09-18.03 204.29 OK
r-devel-linux-x86_64-fedora-gcc 0.09-18.03 198.19 OK
r-devel-osx-x86_64-clang 0.09-18.03 144.23 OK
r-devel-osx-x86_64-gcc 0.09-18.03 ERROR
r-devel-windows-ix86+x86_64 0.09-18.03 15.00 124.00 139.00 OK
r-patched-linux-x86_64 0.09-18.03 6.09 83.71 89.80 OK
r-patched-solaris-sparc 0.09-18.03 1090.00 OK
r-patched-solaris-x86 0.09-18.03 235.70 OK
r-release-linux-ix86 0.09-18.03 9.00 124.00 133.00 OK
r-release-linux-x86_64 0.09-18.03 6.37 82.62 88.99 OK
r-release-osx-x86_64-mavericks 0.09-18.03 OK
r-release-windows-ix86+x86_64 0.09-18.03 16.00 117.00 133.00 OK
r-oldrel-windows-ix86+x86_64 0.09-18.03 15.00 114.00 129.00 OK

Check Details

Version: 0.09-18.03
Check: package dependencies
Result: ERROR
    Package required but not available: ‘car’
    
    See the information on DESCRIPTION files in the chapter ‘Creating R
    packages’ of the ‘Writing R Extensions’ manual.
Flavor: r-devel-osx-x86_64-gcc