CRAN Package Check Results for Package mi

Last updated on 2014-10-02 03:47:49.

Flavor Version Tinstall Tcheck Ttotal Status Flags
r-devel-linux-x86_64-debian-clang 0.09-18.03 5.80 76.38 82.18 NOTE
r-devel-linux-x86_64-debian-gcc 0.09-18.03 5.60 73.68 79.29 NOTE
r-devel-linux-x86_64-fedora-clang 0.09-18.03 193.05 NOTE
r-devel-linux-x86_64-fedora-gcc 0.09-18.03 184.30 NOTE
r-devel-osx-x86_64-clang 0.09-18.03 142.87 NOTE
r-devel-windows-ix86+x86_64 0.09-18.03 13.00 104.00 117.00 NOTE
r-patched-linux-x86_64 0.09-18.03 5.92 79.47 85.39 OK
r-patched-solaris-sparc 0.09-18.03 1099.70 OK
r-patched-solaris-x86 0.09-18.03 242.10 OK
r-release-linux-ix86 0.09-18.03 6.90 95.77 102.67 OK
r-release-linux-x86_64 0.09-18.03 5.89 80.70 86.58 OK
r-release-osx-x86_64-mavericks 0.09-18.03 OK
r-release-windows-ix86+x86_64 0.09-18.03 16.00 123.00 139.00 OK
r-oldrel-windows-ix86+x86_64 0.09-18.03 16.00 102.00 118.00 OK

Check Details

Version: 0.09-18.03
Check: R code for possible problems
Result: NOTE
    .mi.transform: no visible global function definition for ‘logit’
    bayesglm.mi: no visible global function definition for ‘bayesglm’
    bayespolr.mi: no visible global function definition for ‘bayespolr’
    convergence.plot: no visible global function definition for ‘traceplot’
    glmer.mi: no visible binding for global variable ‘fixef’
    lmer.mi: no visible binding for global variable ‘fixef’
    mi.binary: no visible global function definition for ‘bayesglm’
    mi.binary: no visible global function definition for ‘Matrix’
    mi.binary: no visible global function definition for ‘sim’
    mi.binary: no visible global function definition for ‘invlogit’
    mi.continuous: no visible global function definition for ‘bayesglm’
    mi.continuous: no visible global function definition for ‘Matrix’
    mi.continuous: no visible global function definition for ‘sim’
    mi.count: no visible global function definition for ‘bayesglm’
    mi.count: no visible global function definition for ‘Matrix’
    mi.count: no visible global function definition for ‘sim’
    mi.pmm: no visible global function definition for ‘bayesglm’
    mi.polr: no visible global function definition for ‘bayespolr’
    mi.postprocess: no visible global function definition for ‘invlogit’
Flavors: r-devel-linux-x86_64-debian-clang, r-devel-linux-x86_64-debian-gcc, r-devel-linux-x86_64-fedora-clang, r-devel-linux-x86_64-fedora-gcc, r-devel-osx-x86_64-clang, r-devel-windows-ix86+x86_64