CRAN Package Check Results for Package mi

Last updated on 2015-07-01 21:46:39.

Flavor Version Tinstall Tcheck Ttotal Status Flags
r-devel-linux-x86_64-debian-clang 1.0 6.01 88.54 94.55 NOTE
r-devel-linux-x86_64-debian-gcc 1.0 7.61 90.83 98.44 NOTE
r-devel-linux-x86_64-fedora-clang 1.0 166.21 NOTE
r-devel-linux-x86_64-fedora-gcc 1.0 153.83 NOTE
r-devel-osx-x86_64-clang 1.0 176.25 OK
r-devel-windows-ix86+x86_64 1.0 13.00 137.00 150.00 NOTE
r-patched-linux-x86_64 1.0 5.88 90.47 96.36 OK
r-patched-solaris-sparc 1.0 1393.70 OK
r-patched-solaris-x86 1.0 285.80 OK
r-release-linux-x86_64 1.0 5.59 88.17 93.76 OK
r-release-osx-x86_64-mavericks 1.0 OK
r-release-windows-ix86+x86_64 1.0 13.00 150.00 163.00 OK
r-oldrel-windows-ix86+x86_64 1.0 18.00 201.00 219.00 OK

Check Details

Version: 1.0
Check: R code for possible problems
Result: NOTE
    .MAR_opt: no visible global function definition for ‘tail’
    .MAR_opt: no visible global function definition for ‘optim’
    .MPinverse: no visible global function definition for ‘cov’
    .binnedplot: no visible global function definition for ‘abline’
    .binnedplot: no visible global function definition for ‘lines’
    .binnedplot: no visible global function definition for ‘points’
    .binnedpoints: no visible global function definition for ‘points’
    .draw_parameters: no visible global function definition for ‘rnorm’
    .guess_type: no visible global function definition for ‘is.ts’
    .mi: no visible global function definition for ‘write.table’
    .mi_continuous: no visible global function definition for ‘rnorm’
    .mi_continuous: no visible global function definition for ‘predict’
    .mi_continuous: no visible global function definition for ‘median’
    .mi_proportion: no visible global function definition for ‘rbeta’
    .mi_proportion: no visible global function definition for ‘predict’
    .mi_proportion: no visible global function definition for ‘median’
    .parse_trans: no visible binding for global variable ‘qnorm’
    .pmm: no visible global function definition for ‘mahalanobis’
    .rdirichlet: no visible global function definition for ‘rgamma’
    .rgbeta: no visible global function definition for ‘rbeta’
    .rgbeta: no visible global function definition for ‘rbinom’
    .rpois.od: no visible global function definition for ‘rpois’
    .rpois.od: no visible global function definition for ‘rnbinom’
    .set_priors : foo: no visible global function definition for ‘dnorm’
    .set_priors : foo: no visible global function definition for ‘dlogis’
    Rhats : make_Rhat: no visible binding for global variable ‘sd’
    Rhats : make_Rhat: no visible binding for global variable ‘var’
    find_Omega: no visible global function definition for ‘optim’
    make_start: no visible global function definition for ‘cov2cor’
    mi2BUGS : <anonymous> : <anonymous>: no visible binding for global
     variable ‘sd’
    mi2stata: no visible global function definition for ‘write.table’
    multinomial: no visible global function definition for ‘make.link’
    multinomial: Error while checking: invalid ‘envir’ argument
    pool: no visible binding for global variable ‘var’
    pool: no visible global function definition for ‘pt’
    pool: no visible global function definition for ‘pnorm’
    rdata.frame: no visible global function definition for ‘rnorm’
    rdata.frame: no visible global function definition for ‘rt’
    rdata.frame: no visible global function definition for ‘rchisq’
    rdata.frame: no visible global function definition for ‘quantile’
    rdata.frame: no visible global function definition for ‘as.formula’
    rdata.frame: no visible global function definition for ‘lm’
    rdata.frame: no visible global function definition for ‘cor’
    rdata.frame: no visible global function definition for ‘qpois’
    rdata.frame: no visible global function definition for ‘pt’
    tobin5: no visible global function definition for ‘as.formula’
    tobin5: Error while checking: invalid ‘envir’ argument
    fitted,clogit : foo: no visible global function definition for ‘qlogis’
    fitted,clogit : foo: no visible global function definition for ‘plogis’
    fitted,clogit: no visible global function definition for ‘uniroot’
    fitted,clogit: no visible global function definition for ‘plogis’
    fitted,clogit: no visible global function definition for ‘qlogis’
    hist,binary: no visible global function definition for ‘axis’
    hist,binary: no visible global function definition for ‘segments’
    hist,categorical: no visible global function definition for ‘axis’
    hist,categorical: no visible global function definition for ‘segments’
    hist,missing_variable: no visible global function definition for ‘axis’
    hist,missing_variable: no visible global function definition for
     ‘segments’
    hist,semi-continuous: no visible global function definition for ‘axis’
    hist,semi-continuous: no visible global function definition for
     ‘segments’
    plot,allcategorical_missing_data.frame-binary : <anonymous>: no visible
     global function definition for ‘rmultinom’
    plot,allcategorical_missing_data.frame-binary: no visible global
     function definition for ‘barplot’
    plot,allcategorical_missing_data.frame-categorical : <anonymous>: no
     visible global function definition for ‘rmultinom’
    plot,allcategorical_missing_data.frame-categorical: no visible global
     function definition for ‘barplot’
    plot,missing_data.frame-binary: no visible global function definition
     for ‘abline’
    plot,missing_data.frame-binary: no visible global function definition
     for ‘points’
    plot,missing_data.frame-categorical: no visible global function
     definition for ‘abline’
    plot,missing_data.frame-categorical: no visible global function
     definition for ‘points’
    plot,missing_data.frame-missing_variable: no visible global function
     definition for ‘abline’
    plot,missing_data.frame-missing_variable: no visible global function
     definition for ‘points’
    plot,missing_data.frame-missing_variable: no visible global function
     definition for ‘lines’
    plot,missing_data.frame-missing_variable: no visible global function
     definition for ‘lowess’
    plot,missing_data.frame-semi-continuous: no visible global function
     definition for ‘abline’
    plot,missing_data.frame-semi-continuous: no visible global function
     definition for ‘points’
    plot,missing_data.frame-semi-continuous: no visible global function
     definition for ‘lines’
    plot,missing_data.frame-semi-continuous: no visible global function
     definition for ‘lowess’
Flavors: r-devel-linux-x86_64-debian-clang, r-devel-linux-x86_64-debian-gcc, r-devel-linux-x86_64-fedora-clang, r-devel-linux-x86_64-fedora-gcc, r-devel-windows-ix86+x86_64