CRAN Package Check Results for Package mi

Last updated on 2014-09-19 08:49:33.

Flavor Version Tinstall Tcheck Ttotal Status Flags
r-devel-linux-x86_64-debian-clang 0.09-18.03 5.82 75.66 81.48 NOTE
r-devel-linux-x86_64-debian-gcc 0.09-18.03 5.56 73.63 79.19 NOTE
r-devel-linux-x86_64-fedora-clang 0.09-18.03 192.49 NOTE
r-devel-linux-x86_64-fedora-gcc 0.09-18.03 180.67 NOTE
r-devel-osx-x86_64-clang 0.09-18.03 145.57 NOTE
r-devel-windows-ix86+x86_64 0.09-18.03 15.00 100.00 115.00 NOTE
r-patched-linux-x86_64 0.09-18.03 6.81 79.20 86.02 OK
r-patched-solaris-sparc 0.09-18.03 1099.70 OK
r-patched-solaris-x86 0.09-18.03 231.20 OK
r-release-linux-ix86 0.09-18.03 6.87 94.89 101.76 OK
r-release-linux-x86_64 0.09-18.03 5.95 79.26 85.21 OK
r-release-osx-x86_64-mavericks 0.09-18.03 OK
r-release-windows-ix86+x86_64 0.09-18.03 15.00 114.00 129.00 OK
r-oldrel-windows-ix86+x86_64 0.09-18.03 17.00 111.00 128.00 OK

Check Details

Version: 0.09-18.03
Check: R code for possible problems
Result: NOTE
    .mi.transform: no visible global function definition for ‘logit’
    bayesglm.mi: no visible global function definition for ‘bayesglm’
    bayespolr.mi: no visible global function definition for ‘bayespolr’
    convergence.plot: no visible global function definition for ‘traceplot’
    glmer.mi: no visible binding for global variable ‘fixef’
    lmer.mi: no visible binding for global variable ‘fixef’
    mi.binary: no visible global function definition for ‘bayesglm’
    mi.binary: no visible global function definition for ‘Matrix’
    mi.binary: no visible global function definition for ‘sim’
    mi.binary: no visible global function definition for ‘invlogit’
    mi.continuous: no visible global function definition for ‘bayesglm’
    mi.continuous: no visible global function definition for ‘Matrix’
    mi.continuous: no visible global function definition for ‘sim’
    mi.count: no visible global function definition for ‘bayesglm’
    mi.count: no visible global function definition for ‘Matrix’
    mi.count: no visible global function definition for ‘sim’
    mi.pmm: no visible global function definition for ‘bayesglm’
    mi.polr: no visible global function definition for ‘bayespolr’
    mi.postprocess: no visible global function definition for ‘invlogit’
Flavors: r-devel-linux-x86_64-debian-clang, r-devel-linux-x86_64-debian-gcc, r-devel-linux-x86_64-fedora-clang, r-devel-linux-x86_64-fedora-gcc, r-devel-osx-x86_64-clang, r-devel-windows-ix86+x86_64