CRAN Package Check Results for Package mi

Last updated on 2015-05-27 11:49:26.

Flavor Version Tinstall Tcheck Ttotal Status Flags
r-devel-linux-x86_64-debian-clang 1.0 5.76 90.28 96.04 OK
r-devel-linux-x86_64-debian-gcc 1.0 5.60 89.87 95.47 OK
r-devel-linux-x86_64-fedora-clang 1.0 166.27 OK
r-devel-linux-x86_64-fedora-gcc 1.0 158.53 OK
r-devel-osx-x86_64-clang 1.0 175.48 OK
r-devel-windows-ix86+x86_64 1.0 17.00 131.00 148.00 OK
r-patched-linux-x86_64 1.0 5.65 91.16 96.81 OK
r-patched-solaris-sparc 1.0 1393.70 OK
r-patched-solaris-x86 1.0 286.20 OK
r-release-linux-x86_64 1.0 5.80 88.31 94.10 OK
r-release-osx-x86_64-mavericks 1.0 OK
r-release-osx-x86_64-snowleopard 1.0 ERROR
r-release-windows-ix86+x86_64 1.0 15.00 130.00 145.00 OK
r-oldrel-windows-ix86+x86_64 1.0 22.00 155.00 177.00 OK

Check Details

Version: 1.0
Check: package dependencies
Result: ERROR
    Packages suggested but not available for checking: ‘betareg’ ‘knitr’
    
    VignetteBuilder package required for checking but not installed: ‘knitr’
    
    See section ‘The DESCRIPTION file’ in the ‘Writing R Extensions’
    manual.
Flavor: r-release-osx-x86_64-snowleopard