CRAN Package Check Results for Package mi

Last updated on 2014-08-31 11:47:09.

Flavor Version Tinstall Tcheck Ttotal Status Flags
r-devel-linux-x86_64-debian-clang 0.09-18.03 5.82 76.30 82.12 NOTE
r-devel-linux-x86_64-debian-gcc 0.09-18.03 5.66 74.20 79.85 NOTE
r-devel-linux-x86_64-fedora-clang 0.09-18.03 197.45 NOTE
r-devel-linux-x86_64-fedora-gcc 0.09-18.03 187.48 NOTE
r-devel-osx-x86_64-clang 0.09-18.03 145.83 NOTE
r-devel-windows-ix86+x86_64 0.09-18.03 16.00 110.00 126.00 NOTE
r-patched-linux-x86_64 0.09-18.03 5.84 80.08 85.92 OK
r-patched-solaris-sparc 0.09-18.03 1099.70 OK
r-patched-solaris-x86 0.09-18.03 238.30 OK
r-release-linux-ix86 0.09-18.03 6.83 94.65 101.48 OK
r-release-linux-x86_64 0.09-18.03 5.96 78.89 84.85 OK
r-release-osx-x86_64-mavericks 0.09-18.03 OK
r-release-windows-ix86+x86_64 0.09-18.03 18.00 114.00 132.00 OK
r-oldrel-windows-ix86+x86_64 0.09-18.03 17.00 113.00 130.00 OK

Check Details

Version: 0.09-18.03
Check: R code for possible problems
Result: NOTE
    .mi.transform: no visible global function definition for ‘logit’
    bayesglm.mi: no visible global function definition for ‘bayesglm’
    bayespolr.mi: no visible global function definition for ‘bayespolr’
    convergence.plot: no visible global function definition for ‘traceplot’
    glmer.mi: no visible binding for global variable ‘fixef’
    lmer.mi: no visible binding for global variable ‘fixef’
    mi.binary: no visible global function definition for ‘bayesglm’
    mi.binary: no visible global function definition for ‘Matrix’
    mi.binary: no visible global function definition for ‘sim’
    mi.binary: no visible global function definition for ‘invlogit’
    mi.continuous: no visible global function definition for ‘bayesglm’
    mi.continuous: no visible global function definition for ‘Matrix’
    mi.continuous: no visible global function definition for ‘sim’
    mi.count: no visible global function definition for ‘bayesglm’
    mi.count: no visible global function definition for ‘Matrix’
    mi.count: no visible global function definition for ‘sim’
    mi.pmm: no visible global function definition for ‘bayesglm’
    mi.polr: no visible global function definition for ‘bayespolr’
    mi.postprocess: no visible global function definition for ‘invlogit’
Flavors: r-devel-linux-x86_64-debian-clang, r-devel-linux-x86_64-debian-gcc, r-devel-linux-x86_64-fedora-clang, r-devel-linux-x86_64-fedora-gcc, r-devel-osx-x86_64-clang, r-devel-windows-ix86+x86_64