CRAN Package Check Results for Package mi

Last updated on 2015-02-28 07:50:06.

Flavor Version Tinstall Tcheck Ttotal Status Flags
r-devel-linux-x86_64-debian-clang 0.09-19 4.46 64.60 69.06 NOTE
r-devel-linux-x86_64-debian-gcc 0.09-19 5.10 63.12 68.22 NOTE
r-devel-linux-x86_64-fedora-clang 0.09-19 142.15 NOTE
r-devel-linux-x86_64-fedora-gcc 0.09-19 132.92 NOTE
r-devel-osx-x86_64-clang 0.09-19 117.89 NOTE
r-devel-windows-ix86+x86_64 0.09-19 16.00 93.00 109.00 NOTE
r-patched-linux-x86_64 0.09-19 7.19 88.12 95.31 OK
r-patched-solaris-sparc 0.09-19 1080.50 OK
r-patched-solaris-x86 0.09-19 253.50 OK
r-release-linux-ix86 0.09-19 7.40 96.92 104.32 OK
r-release-linux-x86_64 0.09-19 7.89 84.18 92.07 OK
r-release-osx-x86_64-mavericks 0.09-19 OK
r-release-osx-x86_64-snowleopard 0.09-19 OK
r-release-windows-ix86+x86_64 0.09-19 17.00 127.00 144.00 OK
r-oldrel-windows-ix86+x86_64 0.09-19 18.00 129.00 147.00 OK

Check Details

Version: 0.09-19
Check: DESCRIPTION meta-information
Result: NOTE
    Malformed Description field: should contain one or more complete sentences.
Flavors: r-devel-linux-x86_64-debian-clang, r-devel-linux-x86_64-debian-gcc, r-devel-linux-x86_64-fedora-clang, r-devel-linux-x86_64-fedora-gcc, r-devel-osx-x86_64-clang, r-devel-windows-ix86+x86_64

Version: 0.09-19
Check: S3 generic/method consistency
Result: NOTE
    Found the following apparent S3 methods exported but not registered:
     sigma.hat
    See section ‘Registering S3 methods’ in the ‘Writing R Extensions’
    manual.
Flavors: r-devel-linux-x86_64-debian-clang, r-devel-linux-x86_64-debian-gcc, r-devel-linux-x86_64-fedora-clang, r-devel-linux-x86_64-fedora-gcc, r-devel-osx-x86_64-clang