CRAN Package Check Results for Package miP

Last updated on 2014-04-23 12:48:22.

Flavor Version Tinstall Tcheck Ttotal Status Flags
r-devel-linux-x86_64-debian-clang 1.1 7.00 109.60 116.60 NOTE
r-devel-linux-x86_64-debian-gcc 1.1 7.44 109.06 116.50 NOTE
r-devel-linux-x86_64-fedora-clang 1.1 257.53 NOTE
r-devel-linux-x86_64-fedora-gcc 1.1 246.96 NOTE
r-devel-osx-x86_64-clang 1.1 185.26 NOTE
r-devel-osx-x86_64-gcc 1.1 ERROR
r-devel-windows-ix86+x86_64 1.1 19.00 147.00 166.00 NOTE
r-patched-linux-x86_64 1.1 6.95 109.16 116.11 NOTE
r-patched-solaris-sparc 1.1 1356.10 NOTE
r-patched-solaris-x86 1.1 297.40 NOTE
r-release-linux-ix86 1.1 10.00 165.00 175.00 NOTE
r-release-linux-x86_64 1.1 7.42 107.30 114.71 NOTE
r-release-osx-x86_64-mavericks 1.1 NOTE
r-release-osx-x86_64-snowleopard 1.1 NOTE
r-release-windows-ix86+x86_64 1.1 21.00 152.00 173.00 NOTE
r-oldrel-windows-ix86+x86_64 1.1 22.00 158.00 180.00 OK

Check Details

Version: 1.1
Check: package dependencies
Result: NOTE
    Depends: includes the non-default packages:
     ‘VIM’ ‘mi’ ‘mice’ ‘Amelia’ ‘lattice’ ‘vcd’
    Adding so many packages to the search path is excessive and importing
    selectively is preferable.
Flavors: r-devel-linux-x86_64-debian-clang, r-devel-linux-x86_64-debian-gcc, r-devel-linux-x86_64-fedora-clang, r-devel-linux-x86_64-fedora-gcc, r-devel-osx-x86_64-clang, r-devel-windows-ix86+x86_64, r-patched-linux-x86_64, r-patched-solaris-sparc, r-patched-solaris-x86, r-release-linux-ix86, r-release-linux-x86_64, r-release-osx-x86_64-mavericks, r-release-osx-x86_64-snowleopard, r-release-windows-ix86+x86_64

Version: 1.1
Check: package dependencies
Result: ERROR
    Packages required but not available: ‘VIM’ ‘mi’
    
    Depends: includes the non-default packages:
     ‘VIM’ ‘mi’ ‘mice’ ‘Amelia’ ‘lattice’ ‘vcd’
    Adding so many packages to the search path is excessive and importing
    selectively is preferable.
    
    See the information on DESCRIPTION files in the chapter ‘Creating R
    packages’ of the ‘Writing R Extensions’ manual.
Flavor: r-devel-osx-x86_64-gcc