CRAN Package Check Results for Package miP

Last updated on 2014-07-24 05:48:28.

Flavor Version Tinstall Tcheck Ttotal Status Flags
r-devel-linux-x86_64-debian-clang 1.1 6.88 101.94 108.82 NOTE
r-devel-linux-x86_64-debian-gcc 1.1 6.55 111.14 117.69 NOTE
r-devel-linux-x86_64-fedora-clang 1.1 254.83 NOTE
r-devel-linux-x86_64-fedora-gcc 1.1 242.11 NOTE
r-devel-osx-x86_64-clang 1.1 185.71 NOTE
r-devel-windows-ix86+x86_64 1.1 21.00 140.00 161.00 NOTE
r-patched-linux-x86_64 1.1 6.86 100.20 107.06 NOTE
r-patched-solaris-sparc 1.1 1356.10 NOTE
r-patched-solaris-x86 1.1 292.20 NOTE
r-release-linux-ix86 1.1 8.00 121.76 129.76 NOTE
r-release-linux-x86_64 1.1 6.75 100.89 107.64 NOTE
r-release-osx-x86_64-mavericks 1.1 NOTE
r-release-osx-x86_64-snowleopard 1.1 NOTE
r-release-windows-ix86+x86_64 1.1 21.00 156.00 177.00 NOTE
r-oldrel-windows-ix86+x86_64 1.1 19.00 155.00 174.00 OK

Check Details

Version: 1.1
Check: package dependencies
Result: NOTE
    Depends: includes the non-default packages:
     ‘VIM’ ‘mi’ ‘mice’ ‘Amelia’ ‘lattice’ ‘vcd’
    Adding so many packages to the search path is excessive and importing
    selectively is preferable.
Flavors: r-devel-linux-x86_64-debian-clang, r-devel-linux-x86_64-debian-gcc, r-devel-linux-x86_64-fedora-clang, r-devel-linux-x86_64-fedora-gcc, r-devel-osx-x86_64-clang, r-devel-windows-ix86+x86_64, r-patched-linux-x86_64, r-patched-solaris-sparc, r-patched-solaris-x86, r-release-linux-ix86, r-release-linux-x86_64, r-release-osx-x86_64-mavericks, r-release-osx-x86_64-snowleopard, r-release-windows-ix86+x86_64