CRAN Package Check Results for Package miP

Last updated on 2015-04-27 11:48:43.

Flavor Version Tinstall Tcheck Ttotal Status Flags
r-devel-windows-ix86+x86_64 1.1 NOTE

Check Details

Version: 1.1
Check: package dependencies
Result: NOTE
    Depends: includes the non-default packages:
     'VIM' 'mi' 'mice' 'Amelia' 'lattice' 'vcd'
    Adding so many packages to the search path is excessive and importing
    selectively is preferable.
Flavor: r-devel-windows-ix86+x86_64

Version: 1.1
Check: R code for possible problems
Result: NOTE
    mi_marginplot: no visible global function definition for 'data.mi'
    mi_marginplot: no visible global function definition for
     'mi.data.frame'
    mi_marginplot: no visible global function definition for 'complete'
    mi_multimosaic: no visible global function definition for 'gpar'
    mi_parcoord: no visible global function definition for 'parcoord'
Flavor: r-devel-windows-ix86+x86_64