CRAN Package Check Results for Package miP

Last updated on 2014-11-24 12:47:49.

Flavor Version Tinstall Tcheck Ttotal Status Flags
r-devel-linux-x86_64-debian-clang 1.1 7.06 101.78 108.84 NOTE
r-devel-linux-x86_64-debian-gcc 1.1 6.75 105.64 112.39 NOTE
r-devel-linux-x86_64-fedora-clang 1.1 254.26 NOTE
r-devel-linux-x86_64-fedora-gcc 1.1 237.58 NOTE
r-devel-osx-x86_64-clang 1.1 200.82 NOTE
r-devel-windows-ix86+x86_64 1.1 23.00 142.00 165.00 NOTE
r-patched-linux-x86_64 1.1 7.02 111.33 118.35 NOTE
r-patched-solaris-sparc 1.1 1289.70 NOTE
r-patched-solaris-x86 1.1 301.30 NOTE
r-release-linux-ix86 1.1 8.28 123.87 132.15 NOTE
r-release-linux-x86_64 1.1 7.04 109.39 116.43 NOTE
r-release-osx-x86_64-mavericks 1.1 NOTE
r-release-osx-x86_64-snowleopard 1.1 NOTE
r-release-windows-ix86+x86_64 1.1 26.00 159.00 185.00 NOTE
r-oldrel-windows-ix86+x86_64 1.1 21.00 153.00 174.00 OK

Check Details

Version: 1.1
Check: package dependencies
Result: NOTE
    Depends: includes the non-default packages:
     ‘VIM’ ‘mi’ ‘mice’ ‘Amelia’ ‘lattice’ ‘vcd’
    Adding so many packages to the search path is excessive and importing
    selectively is preferable.
Flavors: r-devel-linux-x86_64-debian-clang, r-devel-linux-x86_64-debian-gcc, r-devel-linux-x86_64-fedora-clang, r-devel-linux-x86_64-fedora-gcc, r-devel-osx-x86_64-clang, r-devel-windows-ix86+x86_64, r-patched-linux-x86_64, r-patched-solaris-sparc, r-patched-solaris-x86, r-release-linux-ix86, r-release-linux-x86_64, r-release-osx-x86_64-mavericks, r-release-osx-x86_64-snowleopard, r-release-windows-ix86+x86_64

Version: 1.1
Check: R code for possible problems
Result: NOTE
    mi_marginplot: no visible global function definition for ‘data.mi’
    mi_marginplot: no visible global function definition for
     ‘mi.data.frame’
    mi_marginplot: no visible global function definition for ‘complete’
    mi_multimosaic: no visible global function definition for ‘gpar’
    mi_parcoord: no visible global function definition for ‘parcoord’
Flavors: r-devel-linux-x86_64-debian-clang, r-devel-linux-x86_64-debian-gcc, r-devel-linux-x86_64-fedora-clang, r-devel-linux-x86_64-fedora-gcc, r-devel-osx-x86_64-clang, r-devel-windows-ix86+x86_64, r-patched-linux-x86_64, r-patched-solaris-sparc, r-patched-solaris-x86, r-release-linux-ix86, r-release-linux-x86_64, r-release-windows-ix86+x86_64