CRAN Package Check Results for Package miP

Last updated on 2014-10-31 17:49:15.

Flavor Version Tinstall Tcheck Ttotal Status Flags
r-devel-linux-x86_64-debian-clang 1.1 6.82 101.81 108.62 NOTE
r-devel-linux-x86_64-debian-gcc 1.1 6.70 103.40 110.10 NOTE
r-devel-linux-x86_64-fedora-clang 1.1 253.45 NOTE
r-devel-linux-x86_64-fedora-gcc 1.1 235.60 NOTE
r-devel-osx-x86_64-clang 1.1 185.45 NOTE
r-devel-windows-ix86+x86_64 1.1 24.00 150.00 174.00 NOTE
r-patched-linux-x86_64 1.1 7.08 105.86 112.94 NOTE
r-patched-solaris-sparc 1.1 1289.70 NOTE
r-patched-solaris-x86 1.1 291.80 NOTE
r-release-linux-ix86 1.1 7.99 124.35 132.34 NOTE
r-release-linux-x86_64 1.1 6.78 103.73 110.52 NOTE
r-release-osx-x86_64-mavericks 1.1 NOTE
r-release-osx-x86_64-snowleopard 1.1 NOTE
r-release-windows-ix86+x86_64 1.1 23.00 157.00 180.00 NOTE
r-oldrel-windows-ix86+x86_64 1.1 21.00 151.00 172.00 OK

Check Details

Version: 1.1
Check: package dependencies
Result: NOTE
    Depends: includes the non-default packages:
     ‘VIM’ ‘mi’ ‘mice’ ‘Amelia’ ‘lattice’ ‘vcd’
    Adding so many packages to the search path is excessive and importing
    selectively is preferable.
Flavors: r-devel-linux-x86_64-debian-clang, r-devel-linux-x86_64-debian-gcc, r-devel-linux-x86_64-fedora-clang, r-devel-linux-x86_64-fedora-gcc, r-devel-osx-x86_64-clang, r-devel-windows-ix86+x86_64, r-patched-linux-x86_64, r-patched-solaris-sparc, r-patched-solaris-x86, r-release-linux-ix86, r-release-linux-x86_64, r-release-osx-x86_64-mavericks, r-release-osx-x86_64-snowleopard, r-release-windows-ix86+x86_64

Version: 1.1
Check: R code for possible problems
Result: NOTE
    mi_marginplot: no visible global function definition for ‘data.mi’
    mi_marginplot: no visible global function definition for
     ‘mi.data.frame’
    mi_marginplot: no visible global function definition for ‘complete’
    mi_multimosaic: no visible global function definition for ‘gpar’
    mi_parcoord: no visible global function definition for ‘parcoord’
Flavors: r-devel-linux-x86_64-debian-clang, r-devel-linux-x86_64-debian-gcc, r-devel-linux-x86_64-fedora-clang, r-devel-linux-x86_64-fedora-gcc, r-devel-osx-x86_64-clang, r-devel-windows-ix86+x86_64, r-patched-linux-x86_64, r-patched-solaris-sparc, r-patched-solaris-x86