CRAN Package Check Results for Package miP

Last updated on 2015-03-04 03:46:52.

Flavor Version Tinstall Tcheck Ttotal Status Flags
r-devel-linux-x86_64-debian-clang 1.1 5.29 80.61 85.90 NOTE
r-devel-linux-x86_64-debian-gcc 1.1 5.17 77.42 82.58 NOTE
r-devel-linux-x86_64-fedora-clang 1.1 175.96 NOTE
r-devel-linux-x86_64-fedora-gcc 1.1 169.37 NOTE
r-devel-osx-x86_64-clang 1.1 141.81 NOTE
r-devel-windows-ix86+x86_64 1.1 16.00 117.00 133.00 NOTE
r-patched-linux-x86_64 1.1 10.52 115.68 126.20 NOTE
r-patched-solaris-sparc 1.1 1461.50 NOTE
r-patched-solaris-x86 1.1 326.40 NOTE
r-release-linux-ix86 1.1 10.63 127.47 138.10 NOTE
r-release-linux-x86_64 1.1 10.56 114.86 125.42 NOTE
r-release-osx-x86_64-mavericks 1.1 NOTE
r-release-osx-x86_64-snowleopard 1.1 NOTE
r-release-windows-ix86+x86_64 1.1 31.00 244.00 275.00 NOTE
r-oldrel-windows-ix86+x86_64 1.1 24.00 164.00 188.00 OK

Check Details

Version: 1.1
Check: package dependencies
Result: NOTE
    Depends: includes the non-default packages:
     ‘VIM’ ‘mi’ ‘mice’ ‘Amelia’ ‘lattice’ ‘vcd’
    Adding so many packages to the search path is excessive and importing
    selectively is preferable.
Flavors: r-devel-linux-x86_64-debian-clang, r-devel-linux-x86_64-debian-gcc, r-devel-linux-x86_64-fedora-clang, r-devel-linux-x86_64-fedora-gcc, r-devel-osx-x86_64-clang, r-devel-windows-ix86+x86_64, r-patched-linux-x86_64, r-patched-solaris-sparc, r-patched-solaris-x86, r-release-linux-ix86, r-release-linux-x86_64, r-release-osx-x86_64-mavericks, r-release-osx-x86_64-snowleopard, r-release-windows-ix86+x86_64

Version: 1.1
Check: R code for possible problems
Result: NOTE
    mi_marginplot: no visible global function definition for ‘data.mi’
    mi_marginplot: no visible global function definition for
     ‘mi.data.frame’
    mi_marginplot: no visible global function definition for ‘complete’
    mi_multimosaic: no visible global function definition for ‘gpar’
    mi_parcoord: no visible global function definition for ‘parcoord’
Flavors: r-devel-linux-x86_64-debian-clang, r-devel-linux-x86_64-debian-gcc, r-devel-linux-x86_64-fedora-clang, r-devel-linux-x86_64-fedora-gcc, r-devel-osx-x86_64-clang, r-devel-windows-ix86+x86_64, r-patched-linux-x86_64, r-patched-solaris-sparc, r-patched-solaris-x86, r-release-linux-ix86, r-release-linux-x86_64, r-release-osx-x86_64-mavericks, r-release-windows-ix86+x86_64