CRAN Package Check Results for Package miP

Last updated on 2014-08-23 18:47:35.

Flavor Version Tinstall Tcheck Ttotal Status Flags
r-devel-linux-x86_64-debian-clang 1.1 6.88 96.63 103.51 NOTE
r-devel-linux-x86_64-debian-gcc 1.1 6.74 97.52 104.27 NOTE
r-devel-linux-x86_64-fedora-clang 1.1 243.65 NOTE
r-devel-linux-x86_64-fedora-gcc 1.1 230.49 NOTE
r-devel-osx-x86_64-clang 1.1 178.53 NOTE
r-devel-windows-ix86+x86_64 1.1 21.00 150.00 171.00 NOTE
r-patched-linux-x86_64 1.1 6.64 98.63 105.27 NOTE
r-patched-solaris-sparc 1.1 1314.80 NOTE
r-patched-solaris-x86 1.1 291.40 NOTE
r-release-linux-ix86 1.1 7.80 122.13 129.94 NOTE
r-release-linux-x86_64 1.1 7.04 101.55 108.59 NOTE
r-release-osx-x86_64-mavericks 1.1 NOTE
r-release-osx-x86_64-snowleopard 1.1 NOTE
r-release-windows-ix86+x86_64 1.1 19.00 151.00 170.00 NOTE
r-oldrel-windows-ix86+x86_64 1.1 21.00 144.00 165.00 OK

Check Details

Version: 1.1
Check: package dependencies
Result: NOTE
    Depends: includes the non-default packages:
     ‘VIM’ ‘mi’ ‘mice’ ‘Amelia’ ‘lattice’ ‘vcd’
    Adding so many packages to the search path is excessive and importing
    selectively is preferable.
Flavors: r-devel-linux-x86_64-debian-clang, r-devel-linux-x86_64-debian-gcc, r-devel-linux-x86_64-fedora-clang, r-devel-linux-x86_64-fedora-gcc, r-devel-osx-x86_64-clang, r-devel-windows-ix86+x86_64, r-patched-linux-x86_64, r-patched-solaris-sparc, r-patched-solaris-x86, r-release-linux-ix86, r-release-linux-x86_64, r-release-osx-x86_64-mavericks, r-release-osx-x86_64-snowleopard, r-release-windows-ix86+x86_64

Version: 1.1
Check: R code for possible problems
Result: NOTE
    mi_marginplot: no visible global function definition for ‘data.mi’
    mi_marginplot: no visible global function definition for
     ‘mi.data.frame’
    mi_marginplot: no visible global function definition for ‘complete’
    mi_multimosaic: no visible global function definition for ‘gpar’
    mi_parcoord: no visible global function definition for ‘parcoord’
Flavors: r-devel-linux-x86_64-debian-clang, r-devel-linux-x86_64-debian-gcc, r-devel-linux-x86_64-fedora-clang, r-devel-linux-x86_64-fedora-gcc, r-devel-osx-x86_64-clang