CRAN Package Check Results for Package miP

Last updated on 2014-09-20 07:48:15.

Flavor Version Tinstall Tcheck Ttotal Status Flags
r-devel-linux-x86_64-debian-clang 1.1 6.33 96.35 102.68 NOTE
r-devel-linux-x86_64-debian-gcc 1.1 6.45 101.26 107.71 NOTE
r-devel-linux-x86_64-fedora-clang 1.1 239.44 NOTE
r-devel-linux-x86_64-fedora-gcc 1.1 224.20 NOTE
r-devel-osx-x86_64-clang 1.1 178.84 NOTE
r-devel-windows-ix86+x86_64 1.1 21.00 141.00 162.00 NOTE
r-patched-linux-x86_64 1.1 6.56 100.61 107.16 NOTE
r-patched-solaris-sparc 1.1 1314.80 NOTE
r-patched-solaris-x86 1.1 288.10 NOTE
r-release-linux-ix86 1.1 7.88 123.09 130.98 NOTE
r-release-linux-x86_64 1.1 6.76 101.41 108.17 NOTE
r-release-osx-x86_64-mavericks 1.1 NOTE
r-release-osx-x86_64-snowleopard 1.1 NOTE
r-release-windows-ix86+x86_64 1.1 23.00 145.00 168.00 NOTE
r-oldrel-windows-ix86+x86_64 1.1 25.00 150.00 175.00 OK

Check Details

Version: 1.1
Check: package dependencies
Result: NOTE
    Depends: includes the non-default packages:
     ‘VIM’ ‘mi’ ‘mice’ ‘Amelia’ ‘lattice’ ‘vcd’
    Adding so many packages to the search path is excessive and importing
    selectively is preferable.
Flavors: r-devel-linux-x86_64-debian-clang, r-devel-linux-x86_64-debian-gcc, r-devel-linux-x86_64-fedora-clang, r-devel-linux-x86_64-fedora-gcc, r-devel-osx-x86_64-clang, r-devel-windows-ix86+x86_64, r-patched-linux-x86_64, r-patched-solaris-sparc, r-patched-solaris-x86, r-release-linux-ix86, r-release-linux-x86_64, r-release-osx-x86_64-mavericks, r-release-osx-x86_64-snowleopard, r-release-windows-ix86+x86_64

Version: 1.1
Check: R code for possible problems
Result: NOTE
    mi_marginplot: no visible global function definition for ‘data.mi’
    mi_marginplot: no visible global function definition for
     ‘mi.data.frame’
    mi_marginplot: no visible global function definition for ‘complete’
    mi_multimosaic: no visible global function definition for ‘gpar’
    mi_parcoord: no visible global function definition for ‘parcoord’
Flavors: r-devel-linux-x86_64-debian-clang, r-devel-linux-x86_64-debian-gcc, r-devel-linux-x86_64-fedora-clang, r-devel-linux-x86_64-fedora-gcc, r-devel-osx-x86_64-clang, r-devel-windows-ix86+x86_64