CRAN Package Check Results for Package miP

Last updated on 2014-12-22 07:48:06.

Flavor Version Tinstall Tcheck Ttotal Status Flags
r-devel-linux-x86_64-debian-clang 1.1 6.75 101.63 108.38 NOTE
r-devel-linux-x86_64-debian-gcc 1.1 6.86 98.19 105.05 NOTE
r-devel-linux-x86_64-fedora-clang 1.1 249.52 NOTE
r-devel-linux-x86_64-fedora-gcc 1.1 238.90 NOTE
r-devel-osx-x86_64-clang 1.1 198.96 NOTE
r-devel-windows-ix86+x86_64 1.1 20.00 147.00 167.00 NOTE
r-patched-linux-x86_64 1.1 7.31 106.82 114.12 NOTE
r-patched-solaris-sparc 1.1 1357.60 NOTE
r-patched-solaris-x86 1.1 305.30 NOTE
r-release-linux-ix86 1.1 8.04 122.44 130.48 NOTE
r-release-linux-x86_64 1.1 7.07 108.10 115.17 NOTE
r-release-osx-x86_64-mavericks 1.1 NOTE
r-release-osx-x86_64-snowleopard 1.1 NOTE
r-release-windows-ix86+x86_64 1.1 26.00 156.00 182.00 NOTE
r-oldrel-windows-ix86+x86_64 1.1 22.00 152.00 174.00 OK

Check Details

Version: 1.1
Check: package dependencies
Result: NOTE
    Depends: includes the non-default packages:
     ‘VIM’ ‘mi’ ‘mice’ ‘Amelia’ ‘lattice’ ‘vcd’
    Adding so many packages to the search path is excessive and importing
    selectively is preferable.
Flavors: r-devel-linux-x86_64-debian-clang, r-devel-linux-x86_64-debian-gcc, r-devel-linux-x86_64-fedora-clang, r-devel-linux-x86_64-fedora-gcc, r-devel-osx-x86_64-clang, r-devel-windows-ix86+x86_64, r-patched-linux-x86_64, r-patched-solaris-sparc, r-patched-solaris-x86, r-release-linux-ix86, r-release-linux-x86_64, r-release-osx-x86_64-mavericks, r-release-osx-x86_64-snowleopard, r-release-windows-ix86+x86_64

Version: 1.1
Check: R code for possible problems
Result: NOTE
    mi_marginplot: no visible global function definition for ‘data.mi’
    mi_marginplot: no visible global function definition for
     ‘mi.data.frame’
    mi_marginplot: no visible global function definition for ‘complete’
    mi_multimosaic: no visible global function definition for ‘gpar’
    mi_parcoord: no visible global function definition for ‘parcoord’
Flavors: r-devel-linux-x86_64-debian-clang, r-devel-linux-x86_64-debian-gcc, r-devel-linux-x86_64-fedora-clang, r-devel-linux-x86_64-fedora-gcc, r-devel-osx-x86_64-clang, r-devel-windows-ix86+x86_64, r-patched-linux-x86_64, r-patched-solaris-sparc, r-patched-solaris-x86, r-release-linux-ix86, r-release-linux-x86_64, r-release-windows-ix86+x86_64