CRAN Package Check Results for Package miP

Last updated on 2015-01-27 01:48:07.

Flavor Version Tinstall Tcheck Ttotal Status Flags
r-devel-linux-x86_64-debian-clang 1.1 7.99 92.50 100.50 NOTE
r-devel-linux-x86_64-debian-gcc 1.1 6.36 86.25 92.61 NOTE
r-devel-linux-x86_64-fedora-clang 1.1 246.45 NOTE
r-devel-linux-x86_64-fedora-gcc 1.1 263.55 NOTE
r-devel-osx-x86_64-clang 1.1 197.20 NOTE
r-devel-windows-ix86+x86_64 1.1 16.00 119.00 135.00 NOTE
r-patched-linux-x86_64 1.1 7.02 105.67 112.69 NOTE
r-patched-solaris-sparc 1.1 1359.00 NOTE
r-patched-solaris-x86 1.1 312.90 NOTE
r-release-linux-ix86 1.1 7.97 122.50 130.46 NOTE
r-release-linux-x86_64 1.1 7.09 107.95 115.04 NOTE
r-release-osx-x86_64-mavericks 1.1 NOTE
r-release-osx-x86_64-snowleopard 1.1 NOTE
r-release-windows-ix86+x86_64 1.1 38.00 166.00 204.00 NOTE
r-oldrel-windows-ix86+x86_64 1.1 31.00 215.00 246.00 OK

Check Details

Version: 1.1
Check: package dependencies
Result: NOTE
    Depends: includes the non-default packages:
     ‘VIM’ ‘mi’ ‘mice’ ‘Amelia’ ‘lattice’ ‘vcd’
    Adding so many packages to the search path is excessive and importing
    selectively is preferable.
Flavors: r-devel-linux-x86_64-debian-clang, r-devel-linux-x86_64-debian-gcc, r-devel-linux-x86_64-fedora-clang, r-devel-linux-x86_64-fedora-gcc, r-devel-osx-x86_64-clang, r-devel-windows-ix86+x86_64, r-patched-linux-x86_64, r-patched-solaris-sparc, r-patched-solaris-x86, r-release-linux-ix86, r-release-linux-x86_64, r-release-osx-x86_64-mavericks, r-release-osx-x86_64-snowleopard, r-release-windows-ix86+x86_64

Version: 1.1
Check: R code for possible problems
Result: NOTE
    mi_marginplot: no visible global function definition for ‘data.mi’
    mi_marginplot: no visible global function definition for
     ‘mi.data.frame’
    mi_marginplot: no visible global function definition for ‘complete’
    mi_multimosaic: no visible global function definition for ‘gpar’
    mi_parcoord: no visible global function definition for ‘parcoord’
Flavors: r-devel-linux-x86_64-debian-clang, r-devel-linux-x86_64-debian-gcc, r-devel-linux-x86_64-fedora-clang, r-devel-linux-x86_64-fedora-gcc, r-devel-osx-x86_64-clang, r-devel-windows-ix86+x86_64, r-patched-linux-x86_64, r-patched-solaris-sparc, r-patched-solaris-x86, r-release-linux-ix86, r-release-linux-x86_64, r-release-osx-x86_64-mavericks, r-release-windows-ix86+x86_64