CRAN Package Check Results for Package miRtest

Last updated on 2017-11-24 05:50:08 CET.

Flavor Version Tinstall Tcheck Ttotal Status Flags
r-devel-linux-x86_64-debian-clang 1.8 6.50 137.56 144.06 NOTE
r-devel-linux-x86_64-debian-gcc 1.8 6.78 183.29 190.08 NOTE
r-devel-linux-x86_64-fedora-clang 1.8 185.79 NOTE
r-devel-linux-x86_64-fedora-gcc 1.8 182.17 NOTE
r-devel-windows-ix86+x86_64 1.8 21.00 210.00 231.00 NOTE
r-patched-linux-x86_64 1.8 10.07 221.32 231.39 NOTE
r-patched-solaris-x86 1.8 289.10 NOTE
r-release-linux-x86_64 1.8 11.38 219.76 231.14 NOTE
r-release-windows-ix86+x86_64 1.8 21.00 163.00 184.00 NOTE
r-release-osx-x86_64 1.8 ERROR
r-oldrel-windows-ix86+x86_64 1.8 24.00 230.00 254.00 NOTE
r-oldrel-osx-x86_64 1.8 NOTE

Check Details

Version: 1.8
Check: DESCRIPTION meta-information
Result: NOTE
    Malformed Description field: should contain one or more complete sentences.
Flavors: r-devel-linux-x86_64-debian-clang, r-devel-linux-x86_64-debian-gcc, r-devel-linux-x86_64-fedora-clang, r-devel-linux-x86_64-fedora-gcc, r-devel-windows-ix86+x86_64, r-patched-linux-x86_64, r-patched-solaris-x86, r-release-linux-x86_64, r-release-windows-ix86+x86_64, r-oldrel-windows-ix86+x86_64, r-oldrel-osx-x86_64

Version: 1.8
Check: R code for possible problems
Result: NOTE
    fisher.combination: no visible global function definition for ‘pchisq’
    gs.test: no visible global function definition for ‘ks.test’
    gs.test: no visible global function definition for ‘wilcox.test’
    gs.test: no visible global function definition for ‘fisher.test’
    inverse.normal.combination: no visible global function definition for
     ‘qnorm’
    inverse.normal.combination: no visible global function definition for
     ‘pnorm’
    limma.one.sided: no visible global function definition for ‘pt’
    Undefined global functions or variables:
     fisher.test ks.test pchisq pnorm pt qnorm wilcox.test
    Consider adding
     importFrom("stats", "fisher.test", "ks.test", "pchisq", "pnorm", "pt",
     "qnorm", "wilcox.test")
    to your NAMESPACE file.
Flavors: r-devel-linux-x86_64-debian-clang, r-devel-linux-x86_64-debian-gcc, r-devel-linux-x86_64-fedora-clang, r-devel-linux-x86_64-fedora-gcc, r-devel-windows-ix86+x86_64, r-patched-linux-x86_64, r-patched-solaris-x86, r-release-linux-x86_64, r-release-windows-ix86+x86_64, r-oldrel-windows-ix86+x86_64, r-oldrel-osx-x86_64

Version: 1.8
Check: package dependencies
Result: ERROR
    Packages required but not available: ‘globaltest’ ‘GlobalAncova’
    
    See section ‘The DESCRIPTION file’ in the ‘Writing R Extensions’
    manual.
Flavor: r-release-osx-x86_64