CRAN Package Check Results for Package miRtest

Last updated on 2020-06-05 01:50:08 CEST.

Flavor Version Tinstall Tcheck Ttotal Status Flags
r-devel-linux-x86_64-debian-clang 1.8 25.61 227.68 253.29 NOTE
r-devel-linux-x86_64-debian-gcc 1.8 23.00 168.92 191.92 NOTE
r-devel-linux-x86_64-fedora-clang 1.8 308.90 NOTE
r-devel-linux-x86_64-fedora-gcc 1.8 296.56 NOTE
r-devel-windows-ix86+x86_64 1.8 63.00 296.00 359.00 NOTE
r-patched-linux-x86_64 1.8 21.23 221.82 243.05 NOTE
r-patched-solaris-x86 1.8 439.50 NOTE
r-release-linux-x86_64 1.8 21.32 223.00 244.32 NOTE
r-release-osx-x86_64 1.8 ERROR
r-release-windows-ix86+x86_64 1.8 54.00 302.00 356.00 NOTE
r-oldrel-osx-x86_64 1.8 NOTE
r-oldrel-windows-ix86+x86_64 1.8 69.00 197.00 266.00 NOTE

Check Details

Version: 1.8
Check: DESCRIPTION meta-information
Result: NOTE
    Malformed Description field: should contain one or more complete sentences.
Flavors: r-devel-linux-x86_64-debian-clang, r-devel-linux-x86_64-debian-gcc, r-devel-linux-x86_64-fedora-clang, r-devel-linux-x86_64-fedora-gcc, r-devel-windows-ix86+x86_64, r-patched-linux-x86_64, r-patched-solaris-x86, r-release-linux-x86_64, r-release-windows-ix86+x86_64, r-oldrel-osx-x86_64, r-oldrel-windows-ix86+x86_64

Version: 1.8
Check: R code for possible problems
Result: NOTE
    fisher.combination: no visible global function definition for 'pchisq'
    gs.test: no visible global function definition for 'ks.test'
    gs.test: no visible global function definition for 'wilcox.test'
    gs.test: no visible global function definition for 'fisher.test'
    inverse.normal.combination: no visible global function definition for
     'qnorm'
    inverse.normal.combination: no visible global function definition for
     'pnorm'
    limma.one.sided: no visible global function definition for 'pt'
    Undefined global functions or variables:
     fisher.test ks.test pchisq pnorm pt qnorm wilcox.test
    Consider adding
     importFrom("stats", "fisher.test", "ks.test", "pchisq", "pnorm", "pt",
     "qnorm", "wilcox.test")
    to your NAMESPACE file.
Flavors: r-devel-linux-x86_64-debian-clang, r-devel-linux-x86_64-debian-gcc, r-devel-linux-x86_64-fedora-clang, r-devel-linux-x86_64-fedora-gcc, r-devel-windows-ix86+x86_64, r-patched-linux-x86_64, r-patched-solaris-x86, r-release-linux-x86_64, r-release-windows-ix86+x86_64, r-oldrel-osx-x86_64, r-oldrel-windows-ix86+x86_64

Version: 1.8
Check: package dependencies
Result: ERROR
    Package required but not available: ‘GlobalAncova’
    
    See section ‘The DESCRIPTION file’ in the ‘Writing R Extensions’
    manual.
Flavor: r-release-osx-x86_64