CRAN Package Check Results for Package miRtest

Last updated on 2018-09-25 09:47:20 CEST.

Flavor Version Tinstall Tcheck Ttotal Status Flags
r-devel-linux-x86_64-debian-clang 1.8 16.92 191.81 208.73 NOTE
r-devel-linux-x86_64-debian-gcc 1.8 13.42 156.72 170.14 NOTE
r-devel-linux-x86_64-fedora-clang 1.8 247.28 NOTE
r-devel-linux-x86_64-fedora-gcc 1.8 243.19 NOTE
r-devel-windows-ix86+x86_64 1.8 51.00 358.00 409.00 NOTE
r-patched-linux-x86_64 1.8 8.58 152.31 160.89 NOTE
r-patched-solaris-x86 1.8 292.80 NOTE
r-release-linux-x86_64 1.8 10.17 152.86 163.03 NOTE
r-release-windows-ix86+x86_64 1.8 22.00 220.00 242.00 NOTE
r-release-osx-x86_64 1.8 NOTE
r-oldrel-windows-ix86+x86_64 1.8 20.00 223.00 243.00 NOTE
r-oldrel-osx-x86_64 1.8 NOTE

Check Details

Version: 1.8
Check: DESCRIPTION meta-information
Result: NOTE
    Malformed Description field: should contain one or more complete sentences.
Flavors: r-devel-linux-x86_64-debian-clang, r-devel-linux-x86_64-debian-gcc, r-devel-linux-x86_64-fedora-clang, r-devel-linux-x86_64-fedora-gcc, r-devel-windows-ix86+x86_64, r-patched-linux-x86_64, r-patched-solaris-x86, r-release-linux-x86_64, r-release-windows-ix86+x86_64, r-release-osx-x86_64, r-oldrel-windows-ix86+x86_64, r-oldrel-osx-x86_64

Version: 1.8
Check: R code for possible problems
Result: NOTE
    fisher.combination: no visible global function definition for ‘pchisq’
    gs.test: no visible global function definition for ‘ks.test’
    gs.test: no visible global function definition for ‘wilcox.test’
    gs.test: no visible global function definition for ‘fisher.test’
    inverse.normal.combination: no visible global function definition for
     ‘qnorm’
    inverse.normal.combination: no visible global function definition for
     ‘pnorm’
    limma.one.sided: no visible global function definition for ‘pt’
    Undefined global functions or variables:
     fisher.test ks.test pchisq pnorm pt qnorm wilcox.test
    Consider adding
     importFrom("stats", "fisher.test", "ks.test", "pchisq", "pnorm", "pt",
     "qnorm", "wilcox.test")
    to your NAMESPACE file.
Flavors: r-devel-linux-x86_64-debian-clang, r-devel-linux-x86_64-debian-gcc, r-devel-linux-x86_64-fedora-clang, r-devel-linux-x86_64-fedora-gcc, r-devel-windows-ix86+x86_64, r-patched-linux-x86_64, r-patched-solaris-x86, r-release-linux-x86_64, r-release-windows-ix86+x86_64, r-release-osx-x86_64, r-oldrel-windows-ix86+x86_64, r-oldrel-osx-x86_64