CRAN Package Check Results for Package micEcon

Last updated on 2015-01-25 17:48:07.

Flavor Version Tinstall Tcheck Ttotal Status Flags
r-devel-linux-x86_64-debian-clang 0.6-12 1.00 27.28 28.28 NOTE
r-devel-linux-x86_64-debian-gcc 0.6-12 0.99 26.58 27.57 NOTE
r-devel-linux-x86_64-fedora-clang 0.6-12 58.39 NOTE
r-devel-linux-x86_64-fedora-gcc 0.6-12 57.00 NOTE
r-devel-osx-x86_64-clang 0.6-12 55.32 NOTE
r-devel-windows-ix86+x86_64 0.6-12 5.00 44.00 49.00 NOTE
r-patched-linux-x86_64 0.6-12 1.25 28.22 29.47 NOTE
r-patched-solaris-sparc 0.6-12 346.40 NOTE
r-patched-solaris-x86 0.6-12 73.40 NOTE
r-release-linux-ix86 0.6-12 1.38 35.93 37.31 NOTE
r-release-linux-x86_64 0.6-12 1.05 28.32 29.37 NOTE
r-release-osx-x86_64-mavericks 0.6-12 NOTE
r-release-osx-x86_64-snowleopard 0.6-12 OK
r-release-windows-ix86+x86_64 0.6-12 5.00 43.00 48.00 NOTE
r-oldrel-windows-ix86+x86_64 0.6-12 4.00 47.00 51.00 OK

Check Details

Version: 0.6-12
Check: R code for possible problems
Result: NOTE
    quadFuncEst: no visible global function definition for ‘plm’
    quadFuncEst: no visible global function definition for ‘fixef’
Flavors: r-devel-linux-x86_64-debian-clang, r-devel-linux-x86_64-debian-gcc, r-devel-linux-x86_64-fedora-clang, r-devel-linux-x86_64-fedora-gcc, r-devel-osx-x86_64-clang, r-devel-windows-ix86+x86_64, r-patched-linux-x86_64, r-patched-solaris-sparc, r-patched-solaris-x86, r-release-linux-ix86, r-release-linux-x86_64, r-release-osx-x86_64-mavericks, r-release-windows-ix86+x86_64