CRAN Package Check Results for Package micEcon

Last updated on 2019-03-23 11:51:10 CET.

Flavor Version Tinstall Tcheck Ttotal Status Flags
r-devel-linux-x86_64-debian-clang 0.6-14 4.95 58.07 63.02 OK
r-devel-linux-x86_64-debian-gcc 0.6-14 3.79 45.39 49.18 OK
r-devel-linux-x86_64-fedora-clang 0.6-14 75.97 OK
r-devel-linux-x86_64-fedora-gcc 0.6-14 71.86 OK
r-devel-windows-ix86+x86_64 0.6-14 13.00 95.00 108.00 OK
r-patched-linux-x86_64 0.6-14 2.85 54.89 57.74 OK
r-patched-solaris-x86 0.6-14 100.70 OK
r-release-linux-x86_64 0.6-14 0.39 2.50 2.89 ERROR
r-release-windows-ix86+x86_64 0.6-14 7.00 71.00 78.00 OK
r-release-osx-x86_64 0.6-14 OK
r-oldrel-windows-ix86+x86_64 0.6-14 8.00 111.00 119.00 OK
r-oldrel-osx-x86_64 0.6-14 OK

Check Details

Version: 0.6-14
Check: whether package can be installed
Result: ERROR
    Installation failed.
Flavor: r-release-linux-x86_64