CRAN Package Check Results for Package micEcon

Last updated on 2015-03-01 19:48:08.

Flavor Version Tinstall Tcheck Ttotal Status Flags
r-devel-linux-x86_64-debian-clang 0.6-12 0.91 25.34 26.25 NOTE
r-devel-linux-x86_64-debian-gcc 0.6-12 1.32 24.41 25.72 NOTE
r-devel-linux-x86_64-fedora-clang 0.6-12 54.57 NOTE
r-devel-linux-x86_64-fedora-gcc 0.6-12 51.73 NOTE
r-devel-osx-x86_64-clang 0.6-12 52.51 NOTE
r-devel-windows-ix86+x86_64 0.6-12 6.00 41.00 47.00 NOTE
r-patched-linux-x86_64 0.6-12 1.08 28.02 29.09 NOTE
r-patched-solaris-sparc 0.6-12 346.40 NOTE
r-patched-solaris-x86 0.6-12 74.00 NOTE
r-release-linux-ix86 0.6-12 1.35 36.58 37.93 NOTE
r-release-linux-x86_64 0.6-12 1.06 27.54 28.60 NOTE
r-release-osx-x86_64-mavericks 0.6-12 NOTE
r-release-osx-x86_64-snowleopard 0.6-12 OK
r-release-windows-ix86+x86_64 0.6-12 4.00 46.00 50.00 NOTE
r-oldrel-windows-ix86+x86_64 0.6-12 4.00 51.00 55.00 OK

Check Details

Version: 0.6-12
Check: DESCRIPTION meta-information
Result: NOTE
    Malformed Description field: should contain one or more complete sentences.
Flavors: r-devel-linux-x86_64-debian-clang, r-devel-linux-x86_64-debian-gcc, r-devel-linux-x86_64-fedora-clang, r-devel-linux-x86_64-fedora-gcc, r-devel-osx-x86_64-clang, r-devel-windows-ix86+x86_64

Version: 0.6-12
Check: R code for possible problems
Result: NOTE
    quadFuncEst: no visible global function definition for ‘plm’
    quadFuncEst: no visible global function definition for ‘fixef’
Flavors: r-devel-linux-x86_64-debian-clang, r-devel-linux-x86_64-debian-gcc, r-devel-linux-x86_64-fedora-clang, r-devel-linux-x86_64-fedora-gcc, r-devel-osx-x86_64-clang, r-devel-windows-ix86+x86_64, r-patched-linux-x86_64, r-patched-solaris-sparc, r-patched-solaris-x86, r-release-linux-ix86, r-release-linux-x86_64, r-release-osx-x86_64-mavericks, r-release-windows-ix86+x86_64