CRAN Package Check Results for Package micEcon

Last updated on 2015-07-04 16:46:30.

Flavor Version Tinstall Tcheck Ttotal Status Flags
r-devel-linux-x86_64-debian-clang 0.6-12 0.88 24.20 25.08 NOTE
r-devel-linux-x86_64-debian-gcc 0.6-12 0.87 24.56 25.44 NOTE
r-devel-linux-x86_64-fedora-clang 0.6-12 49.76 NOTE
r-devel-linux-x86_64-fedora-gcc 0.6-12 47.15 NOTE
r-devel-osx-x86_64-clang 0.6-12 45.87 NOTE
r-devel-windows-ix86+x86_64 0.6-12 7.00 41.00 48.00 NOTE
r-patched-linux-x86_64 0.6-12 0.89 25.29 26.18 NOTE
r-patched-solaris-sparc 0.6-12 333.80 NOTE
r-patched-solaris-x86 0.6-12 66.80 NOTE
r-release-linux-x86_64 0.6-12 1.00 24.56 25.56 NOTE
r-release-osx-x86_64-mavericks 0.6-12 NOTE
r-release-windows-ix86+x86_64 0.6-12 5.00 43.00 48.00 NOTE
r-oldrel-windows-ix86+x86_64 0.6-12 7.00 47.00 54.00 NOTE

Check Details

Version: 0.6-12
Check: DESCRIPTION meta-information
Result: NOTE
    Malformed Description field: should contain one or more complete sentences.
Flavors: r-devel-linux-x86_64-debian-clang, r-devel-linux-x86_64-debian-gcc, r-devel-linux-x86_64-fedora-clang, r-devel-linux-x86_64-fedora-gcc, r-devel-osx-x86_64-clang, r-devel-windows-ix86+x86_64, r-patched-linux-x86_64, r-patched-solaris-sparc, r-patched-solaris-x86, r-release-linux-x86_64, r-release-osx-x86_64-mavericks, r-release-windows-ix86+x86_64

Version: 0.6-12
Check: R code for possible problems
Result: NOTE
    .quadFuncCheckCoefNames: no visible binding for global variable ‘coef’
    elas.quadFuncEst: no visible global function definition for ‘coef’
    elas.translogEst: no visible global function definition for ‘coef’
    elas.translogEst: no visible global function definition for ‘vcov’
    print.summary.translogEst: no visible global function definition for
     ‘printCoefmat’
    print.summary.translogRayEst: no visible global function definition for
     ‘printCoefmat’
    print.translogEst: no visible global function definition for ‘coef’
    print.translogRayEst: no visible global function definition for ‘coef’
    quadFuncEst: no visible global function definition for ‘plm’
    quadFuncEst: no visible global function definition for ‘as.formula’
    quadFuncEst: no visible global function definition for ‘lm’
    quadFuncEst: no visible global function definition for ‘residuals’
    quadFuncEst: no visible global function definition for ‘coef’
    quadFuncEst: no visible global function definition for ‘vcov’
    quadFuncEst: no visible global function definition for ‘fixef’
    quadFuncEst: no visible global function definition for ‘model.matrix’
    summary.translogEst: no visible global function definition for ‘coef’
    summary.translogEst: no visible global function definition for ‘vcov’
    summary.translogEst: no visible global function definition for
     ‘df.residual’
    summary.translogRayEst: no visible global function definition for
     ‘coef’
    summary.translogRayEst: no visible global function definition for
     ‘vcov’
    summary.translogRayEst: no visible global function definition for
     ‘df.residual’
    Undefined global functions or variables:
     as.formula coef df.residual fixef lm model.matrix plm printCoefmat
     residuals vcov
Flavors: r-devel-linux-x86_64-debian-clang, r-devel-linux-x86_64-debian-gcc, r-devel-linux-x86_64-fedora-clang, r-devel-linux-x86_64-fedora-gcc, r-devel-windows-ix86+x86_64

Version: 0.6-12
Check: R code for possible problems
Result: NOTE
    quadFuncEst: no visible global function definition for ‘plm’
    quadFuncEst: no visible global function definition for ‘fixef’
    Undefined global functions or variables:
     fixef plm
Flavor: r-devel-osx-x86_64-clang

Version: 0.6-12
Check: R code for possible problems
Result: NOTE
    quadFuncEst: no visible global function definition for ‘plm’
    quadFuncEst: no visible global function definition for ‘fixef’
Flavors: r-patched-linux-x86_64, r-patched-solaris-sparc, r-patched-solaris-x86, r-release-linux-x86_64, r-release-osx-x86_64-mavericks, r-release-windows-ix86+x86_64, r-oldrel-windows-ix86+x86_64