CRAN Package Check Results for Package micEcon

Last updated on 2014-12-21 01:47:02.

Flavor Version Tinstall Tcheck Ttotal Status Flags
r-devel-linux-x86_64-debian-clang 0.6-12 1.01 26.92 27.93 NOTE
r-devel-linux-x86_64-debian-gcc 0.6-12 0.97 26.07 27.04 NOTE
r-devel-linux-x86_64-fedora-clang 0.6-12 58.95 NOTE
r-devel-linux-x86_64-fedora-gcc 0.6-12 53.68 NOTE
r-devel-osx-x86_64-clang 0.6-12 55.02 NOTE
r-devel-windows-ix86+x86_64 0.6-12 4.00 41.00 45.00 NOTE
r-patched-linux-x86_64 0.6-12 1.00 27.50 28.50 NOTE
r-patched-solaris-sparc 0.6-12 357.10 NOTE
r-patched-solaris-x86 0.6-12 72.30 NOTE
r-release-linux-ix86 0.6-12 1.36 35.91 37.27 NOTE
r-release-linux-x86_64 0.6-12 1.00 28.56 29.56 NOTE
r-release-osx-x86_64-mavericks 0.6-12 OK
r-release-osx-x86_64-snowleopard 0.6-12 OK
r-release-windows-ix86+x86_64 0.6-12 4.00 45.00 49.00 NOTE
r-oldrel-windows-ix86+x86_64 0.6-12 4.00 47.00 51.00 OK

Check Details

Version: 0.6-12
Check: R code for possible problems
Result: NOTE
    quadFuncEst: no visible global function definition for ‘plm’
    quadFuncEst: no visible global function definition for ‘fixef’
Flavors: r-devel-linux-x86_64-debian-clang, r-devel-linux-x86_64-debian-gcc, r-devel-linux-x86_64-fedora-clang, r-devel-linux-x86_64-fedora-gcc, r-devel-osx-x86_64-clang, r-devel-windows-ix86+x86_64, r-patched-linux-x86_64, r-patched-solaris-sparc, r-patched-solaris-x86, r-release-linux-ix86, r-release-linux-x86_64, r-release-windows-ix86+x86_64