CRAN Package Check Results for Package micEcon

Last updated on 2014-04-19 05:47:47.

Flavor Version Tinstall Tcheck Ttotal Status Flags
r-devel-linux-x86_64-debian-clang 0.6-10 1.06 30.80 31.87 NOTE
r-devel-linux-x86_64-debian-gcc 0.6-10 1.00 30.80 31.80 NOTE
r-devel-linux-x86_64-fedora-clang 0.6-10 64.42 NOTE
r-devel-linux-x86_64-fedora-gcc 0.6-10 61.43 NOTE
r-devel-macosx-x86_64-clang 0.6-10 52.48 NOTE
r-devel-macosx-x86_64-gcc 0.6-10 ERROR
r-devel-windows-ix86+x86_64 0.6-10 3.00 43.00 46.00 NOTE
r-patched-linux-x86_64 0.6-10 1.08 30.48 31.56 NOTE
r-patched-solaris-sparc 0.6-10 333.30 NOTE
r-patched-solaris-x86 0.6-10 77.20 NOTE
r-release-linux-ix86 0.6-10 2.00 52.00 54.00 NOTE
r-release-linux-x86_64 0.6-10 1.00 30.37 31.36 NOTE
r-release-windows-ix86+x86_64 0.6-10 3.00 48.00 51.00 NOTE
r-oldrel-windows-ix86+x86_64 0.6-10 4.00 44.00 48.00 NOTE

Check Details

Version: 0.6-10
Check: dependencies in R code
Result: NOTE
    Package in Depends field not imported from: ‘miscTools’
     These packages need to be imported from (in the NAMESPACE file)
     for when this namespace is loaded but not attached.
    See the information on DESCRIPTION files in the chapter ‘Creating R
    packages’ of the ‘Writing R Extensions’ manual.
Flavors: r-devel-linux-x86_64-debian-clang, r-devel-linux-x86_64-debian-gcc, r-devel-linux-x86_64-fedora-clang, r-devel-linux-x86_64-fedora-gcc, r-devel-macosx-x86_64-clang, r-devel-windows-ix86+x86_64, r-patched-linux-x86_64, r-patched-solaris-sparc, r-patched-solaris-x86, r-release-linux-ix86, r-release-linux-x86_64, r-release-windows-ix86+x86_64, r-oldrel-windows-ix86+x86_64

Version: 0.6-10
Check: package dependencies
Result: ERROR
    Package required but not available: ‘miscTools’
    
    Packages suggested but not available for checking:
     ‘plm’ ‘Ecdat’ ‘systemfit’
    
    See the information on DESCRIPTION files in the chapter ‘Creating R
    packages’ of the ‘Writing R Extensions’ manual.
Flavor: r-devel-macosx-x86_64-gcc