Last updated on 2023-02-06 06:52:02 CET.
Flavor | Version | Tinstall | Tcheck | Ttotal | Status | Flags |
---|---|---|---|---|---|---|
r-devel-linux-x86_64-debian-clang | 0.6-18 | 7.80 | 83.59 | 91.39 | OK | |
r-devel-linux-x86_64-debian-gcc | 0.6-18 | 4.66 | 60.51 | 65.17 | OK | |
r-devel-linux-x86_64-fedora-clang | 0.6-18 | 111.44 | NOTE | |||
r-devel-linux-x86_64-fedora-gcc | 0.6-18 | 111.68 | OK | |||
r-devel-windows-x86_64 | 0.6-18 | 32.00 | 119.00 | 151.00 | OK | |
r-patched-linux-x86_64 | 0.6-18 | 7.40 | 76.96 | 84.36 | OK | |
r-release-linux-x86_64 | 0.6-18 | 6.86 | 79.50 | 86.36 | OK | |
r-release-macos-arm64 | 0.6-18 | 32.00 | OK | |||
r-release-macos-x86_64 | 0.6-18 | 48.00 | OK | |||
r-release-windows-x86_64 | 0.6-18 | 29.00 | 123.00 | 152.00 | OK | |
r-oldrel-macos-arm64 | 0.6-18 | 30.00 | OK | |||
r-oldrel-macos-x86_64 | 0.6-18 | 49.00 | OK | |||
r-oldrel-windows-ix86+x86_64 | 0.6-18 | 14.00 | 111.00 | 125.00 | OK |
Version: 0.6-18
Check: Rd cross-references
Result: NOTE
Undeclared packages ‘micEconAids’, ‘micEconSNQP’ in Rd xrefs
Flavor: r-devel-linux-x86_64-fedora-clang