CRAN Package Check Results for Package micEcon

Last updated on 2016-08-30 00:47:34.

Flavor Version Tinstall Tcheck Ttotal Status Flags
r-devel-linux-x86_64-debian-clang 0.6-12 0.92 28.96 29.88 NOTE
r-devel-linux-x86_64-debian-gcc 0.6-12 0.92 27.40 28.31 NOTE
r-devel-linux-x86_64-fedora-clang 0.6-12 55.11 NOTE
r-devel-linux-x86_64-fedora-gcc 0.6-12 51.82 NOTE
r-devel-osx-x86_64-clang 0.6-12 47.42 NOTE
r-devel-windows-ix86+x86_64 0.6-12 7.00 51.00 58.00 NOTE
r-patched-linux-x86_64 0.6-12 0.86 28.70 29.56 NOTE
r-patched-solaris-sparc 0.6-12 340.80 NOTE
r-patched-solaris-x86 0.6-12 66.50 NOTE
r-release-linux-x86_64 0.6-12 0.95 27.96 28.92 NOTE
r-release-osx-x86_64-mavericks 0.6-12 NOTE
r-release-windows-ix86+x86_64 0.6-12 3.00 52.00 55.00 NOTE
r-oldrel-windows-ix86+x86_64 0.6-12 7.00 116.00 123.00 NOTE

Check Details

Version: 0.6-12
Check: DESCRIPTION meta-information
Result: NOTE
    Malformed Description field: should contain one or more complete sentences.
Flavors: r-devel-linux-x86_64-debian-clang, r-devel-linux-x86_64-debian-gcc, r-devel-linux-x86_64-fedora-clang, r-devel-linux-x86_64-fedora-gcc, r-devel-osx-x86_64-clang, r-devel-windows-ix86+x86_64, r-patched-linux-x86_64, r-patched-solaris-sparc, r-patched-solaris-x86, r-release-linux-x86_64, r-release-osx-x86_64-mavericks, r-release-windows-ix86+x86_64, r-oldrel-windows-ix86+x86_64

Version: 0.6-12
Check: R code for possible problems
Result: NOTE
    .quadFuncCheckCoefNames: no visible binding for global variable ‘coef’
    elas.quadFuncEst: no visible global function definition for ‘coef’
    elas.translogEst: no visible global function definition for ‘coef’
    elas.translogEst: no visible global function definition for ‘vcov’
    print.summary.translogEst: no visible global function definition for
     ‘printCoefmat’
    print.summary.translogRayEst: no visible global function definition for
     ‘printCoefmat’
    print.translogEst: no visible global function definition for ‘coef’
    print.translogRayEst: no visible global function definition for ‘coef’
    quadFuncEst: no visible global function definition for ‘plm’
    quadFuncEst: no visible global function definition for ‘as.formula’
    quadFuncEst: no visible global function definition for ‘lm’
    quadFuncEst: no visible global function definition for ‘residuals’
    quadFuncEst: no visible global function definition for ‘coef’
    quadFuncEst: no visible global function definition for ‘vcov’
    quadFuncEst: no visible global function definition for ‘fixef’
    quadFuncEst: no visible global function definition for ‘model.matrix’
    summary.translogEst: no visible global function definition for ‘coef’
    summary.translogEst: no visible global function definition for ‘vcov’
    summary.translogEst: no visible global function definition for
     ‘df.residual’
    summary.translogRayEst: no visible global function definition for
     ‘coef’
    summary.translogRayEst: no visible global function definition for
     ‘vcov’
    summary.translogRayEst: no visible global function definition for
     ‘df.residual’
    Undefined global functions or variables:
     as.formula coef df.residual fixef lm model.matrix plm printCoefmat
     residuals vcov
    Consider adding
     importFrom("stats", "as.formula", "coef", "df.residual", "lm",
     "model.matrix", "printCoefmat", "residuals", "vcov")
    to your NAMESPACE file.
Flavors: r-devel-linux-x86_64-debian-clang, r-devel-linux-x86_64-debian-gcc, r-devel-linux-x86_64-fedora-clang, r-devel-linux-x86_64-fedora-gcc, r-devel-osx-x86_64-clang, r-devel-windows-ix86+x86_64, r-patched-linux-x86_64, r-patched-solaris-sparc, r-patched-solaris-x86, r-release-linux-x86_64, r-release-osx-x86_64-mavericks, r-release-windows-ix86+x86_64

Version: 0.6-12
Check: R code for possible problems
Result: NOTE
    quadFuncEst: no visible global function definition for 'plm'
    quadFuncEst: no visible global function definition for 'fixef'
Flavor: r-oldrel-windows-ix86+x86_64