CRAN Package Check Results for Package micEcon

Last updated on 2014-11-27 08:47:04.

Flavor Version Tinstall Tcheck Ttotal Status Flags
r-devel-linux-x86_64-debian-clang 0.6-12 1.00 28.14 29.14 NOTE
r-devel-linux-x86_64-debian-gcc 0.6-12 1.04 25.82 26.86 NOTE
r-devel-linux-x86_64-fedora-clang 0.6-12 60.11 NOTE
r-devel-linux-x86_64-fedora-gcc 0.6-12 61.41 NOTE
r-devel-osx-x86_64-clang 0.6-12 54.98 NOTE
r-devel-windows-ix86+x86_64 0.6-12 4.00 41.00 45.00 NOTE
r-patched-linux-x86_64 0.6-12 1.45 27.25 28.70 NOTE
r-patched-solaris-sparc 0.6-12 357.10 NOTE
r-patched-solaris-x86 0.6-12 72.30 NOTE
r-release-linux-ix86 0.6-12 1.34 35.80 37.14 NOTE
r-release-linux-x86_64 0.6-12 1.01 28.25 29.26 NOTE
r-release-osx-x86_64-mavericks 0.6-12 OK
r-release-osx-x86_64-snowleopard 0.6-12 OK
r-release-windows-ix86+x86_64 0.6-12 4.00 43.00 47.00 NOTE
r-oldrel-windows-ix86+x86_64 0.6-12 3.00 47.00 50.00 OK

Check Details

Version: 0.6-12
Check: R code for possible problems
Result: NOTE
    quadFuncEst: no visible global function definition for ‘plm’
    quadFuncEst: no visible global function definition for ‘fixef’
Flavors: r-devel-linux-x86_64-debian-clang, r-devel-linux-x86_64-debian-gcc, r-devel-linux-x86_64-fedora-clang, r-devel-linux-x86_64-fedora-gcc, r-devel-osx-x86_64-clang, r-devel-windows-ix86+x86_64, r-patched-linux-x86_64, r-patched-solaris-sparc, r-patched-solaris-x86, r-release-linux-ix86, r-release-linux-x86_64, r-release-windows-ix86+x86_64