CRAN Package Check Results for Package micEcon

Last updated on 2014-09-19 11:49:12.

Flavor Version Tinstall Tcheck Ttotal Status Flags
r-devel-linux-x86_64-debian-clang 0.6-12 0.94 27.28 28.22 NOTE
r-devel-linux-x86_64-debian-gcc 0.6-12 0.92 25.25 26.17 NOTE
r-devel-linux-x86_64-fedora-clang 0.6-12 54.77 NOTE
r-devel-linux-x86_64-fedora-gcc 0.6-12 51.15 NOTE
r-devel-osx-x86_64-clang 0.6-12 52.19 NOTE
r-devel-windows-ix86+x86_64 0.6-12 4.00 38.00 42.00 NOTE
r-patched-linux-x86_64 0.6-12 0.95 29.50 30.45 OK
r-patched-solaris-sparc 0.6-12 380.20 OK
r-patched-solaris-x86 0.6-12 72.40 OK
r-release-linux-ix86 0.6-12 1.38 38.94 40.32 OK
r-release-linux-x86_64 0.6-12 0.97 29.12 30.09 OK
r-release-osx-x86_64-mavericks 0.6-12 OK
r-release-osx-x86_64-snowleopard 0.6-12 OK
r-release-windows-ix86+x86_64 0.6-12 3.00 50.00 53.00 OK
r-oldrel-windows-ix86+x86_64 0.6-12 4.00 43.00 47.00 OK

Check Details

Version: 0.6-12
Check: R code for possible problems
Result: NOTE
    quadFuncEst: no visible global function definition for ‘plm’
    quadFuncEst: no visible global function definition for ‘fixef’
Flavors: r-devel-linux-x86_64-debian-clang, r-devel-linux-x86_64-debian-gcc, r-devel-linux-x86_64-fedora-clang, r-devel-linux-x86_64-fedora-gcc, r-devel-osx-x86_64-clang, r-devel-windows-ix86+x86_64