CRAN Package Check Results for Package micEcon

Last updated on 2015-05-04 19:46:54.

Flavor Version Tinstall Tcheck Ttotal Status Flags
r-devel-linux-x86_64-debian-clang 0.6-12 0.91 25.30 26.21 NOTE
r-devel-linux-x86_64-debian-gcc 0.6-12 0.96 24.65 25.61 NOTE
r-devel-linux-x86_64-fedora-clang 0.6-12 54.31 NOTE
r-devel-linux-x86_64-fedora-gcc 0.6-12 49.26 NOTE
r-devel-osx-x86_64-clang 0.6-12 51.13 NOTE
r-devel-windows-ix86+x86_64 0.6-12 4.00 42.00 46.00 NOTE
r-patched-linux-x86_64 0.6-12 0.90 25.30 26.20 NOTE
r-patched-solaris-sparc 0.6-12 338.40 NOTE
r-patched-solaris-x86 0.6-12 65.70 NOTE
r-release-linux-x86_64 0.6-12 0.96 25.28 26.24 NOTE
r-release-osx-x86_64-mavericks 0.6-12 NOTE
r-release-osx-x86_64-snowleopard 0.6-12 ERROR
r-release-windows-ix86+x86_64 0.6-12 4.00 43.00 47.00 NOTE
r-oldrel-windows-ix86+x86_64 0.6-12 3.00 40.00 43.00 NOTE

Check Details

Version: 0.6-12
Check: DESCRIPTION meta-information
Result: NOTE
    Malformed Description field: should contain one or more complete sentences.
Flavors: r-devel-linux-x86_64-debian-clang, r-devel-linux-x86_64-debian-gcc, r-devel-linux-x86_64-fedora-clang, r-devel-linux-x86_64-fedora-gcc, r-devel-osx-x86_64-clang, r-devel-windows-ix86+x86_64, r-patched-linux-x86_64, r-patched-solaris-sparc, r-patched-solaris-x86, r-release-linux-x86_64, r-release-osx-x86_64-mavericks, r-release-windows-ix86+x86_64

Version: 0.6-12
Check: R code for possible problems
Result: NOTE
    quadFuncEst: no visible global function definition for ‘plm’
    quadFuncEst: no visible global function definition for ‘fixef’
Flavors: r-devel-linux-x86_64-debian-clang, r-devel-linux-x86_64-debian-gcc, r-devel-linux-x86_64-fedora-clang, r-devel-linux-x86_64-fedora-gcc, r-devel-osx-x86_64-clang, r-devel-windows-ix86+x86_64, r-patched-linux-x86_64, r-patched-solaris-sparc, r-patched-solaris-x86, r-release-linux-x86_64, r-release-osx-x86_64-mavericks, r-release-windows-ix86+x86_64, r-oldrel-windows-ix86+x86_64

Version: 0.6-12
Check: package dependencies
Result: ERROR
    Package required but not available: ‘miscTools’
    
    Packages suggested but not available for checking:
     ‘plm’ ‘Ecdat’ ‘systemfit’
    
    See section ‘The DESCRIPTION file’ in the ‘Writing R Extensions’
    manual.
Flavor: r-release-osx-x86_64-snowleopard