CRAN Package Check Results for Package micEconAids

Last updated on 2014-04-18 11:47:20.

Flavor Version Tinstall Tcheck Ttotal Status Flags
r-devel-linux-x86_64-debian-clang 0.6-12 4.14 70.35 74.49 NOTE
r-devel-linux-x86_64-debian-gcc NOTE
r-devel-linux-x86_64-fedora-clang 0.6-12 171.65 NOTE
r-devel-linux-x86_64-fedora-gcc 0.6-12 164.62 NOTE
r-devel-macosx-x86_64-clang 0.6-12 135.78 NOTE
r-devel-macosx-x86_64-gcc 0.6-12 ERROR
r-devel-windows-ix86+x86_64 0.6-12 10.00 109.00 119.00 NOTE
r-patched-linux-x86_64 0.6-12 4.22 71.79 76.02 NOTE
r-patched-solaris-sparc 0.6-12 897.30 NOTE
r-patched-solaris-x86 0.6-12 198.90 NOTE
r-release-linux-ix86 0.6-12 8.00 109.00 117.00 NOTE
r-release-linux-x86_64 0.6-12 4.42 71.30 75.72 NOTE
r-release-macosx-x86_64 0.6-12 NOTE
r-release-windows-ix86+x86_64 0.6-12 10.00 106.00 116.00 NOTE
r-oldrel-windows-ix86+x86_64 0.6-12 9.00 99.00 108.00 NOTE

Check Details

Version: 0.6-12
Check: dependencies in R code
Result: NOTE
    Packages in Depends field not imported from:
     ‘miscTools’ ‘systemfit’
     These packages need to be imported from (in the NAMESPACE file)
     for when this namespace is loaded but not attached.
    See the information on DESCRIPTION files in the chapter ‘Creating R
    packages’ of the ‘Writing R Extensions’ manual.
Flavors: r-devel-linux-x86_64-debian-clang, r-devel-linux-x86_64-debian-gcc, r-devel-linux-x86_64-fedora-clang, r-devel-linux-x86_64-fedora-gcc, r-devel-macosx-x86_64-clang, r-devel-windows-ix86+x86_64, r-patched-linux-x86_64, r-patched-solaris-sparc, r-patched-solaris-x86, r-release-linux-ix86, r-release-linux-x86_64, r-release-windows-ix86+x86_64, r-oldrel-windows-ix86+x86_64

Version: 0.6-12
Check: package dependencies
Result: ERROR
    Packages required but not available:
     ‘systemfit’ ‘miscTools’ ‘lmtest’ ‘micEcon’
    
    See the information on DESCRIPTION files in the chapter ‘Creating R
    packages’ of the ‘Writing R Extensions’ manual.
Flavor: r-devel-macosx-x86_64-gcc

Version: 0.6-12
Check: dependencies in R code
Result: NOTE
    Packages in Depends field not imported from:
     'miscTools' 'systemfit'
     These packages need to be imported from for the case when
     this namespace is loaded but not attached.
    See the information on DESCRIPTION files in the chapter 'Creating R
    packages' of the 'Writing R Extensions' manual.
Flavor: r-release-macosx-x86_64