CRAN Package Check Results for Package micEconAids

Last updated on 2015-05-29 13:49:13.

Flavor Version Tinstall Tcheck Ttotal Status Flags
r-devel-linux-x86_64-debian-clang 0.6-16 5.38 63.81 69.18 NOTE
r-devel-linux-x86_64-debian-gcc 0.6-16 4.18 64.82 69.01 NOTE
r-devel-linux-x86_64-fedora-clang 0.6-16 139.14 NOTE
r-devel-linux-x86_64-fedora-gcc 0.6-16 129.70 NOTE
r-devel-osx-x86_64-clang 0.6-16 114.93 NOTE
r-devel-windows-ix86+x86_64 0.6-16 12.00 95.00 107.00 NOTE
r-patched-linux-x86_64 0.6-16 4.47 60.61 65.08 NOTE
r-patched-solaris-sparc 0.6-16 864.60 NOTE
r-patched-solaris-x86 0.6-16 173.30 NOTE
r-release-linux-x86_64 0.6-16 4.46 63.58 68.05 NOTE
r-release-osx-x86_64-mavericks 0.6-16 NOTE
r-release-osx-x86_64-snowleopard 0.6-16 ERROR
r-release-windows-ix86+x86_64 0.6-16 11.00 103.00 114.00 NOTE
r-oldrel-windows-ix86+x86_64 0.6-16 19.00 122.00 141.00 NOTE

Check Details

Version: 0.6-16
Check: DESCRIPTION meta-information
Result: NOTE
    Malformed Description field: should contain one or more complete sentences.
Flavors: r-devel-linux-x86_64-debian-clang, r-devel-linux-x86_64-debian-gcc, r-devel-linux-x86_64-fedora-clang, r-devel-linux-x86_64-fedora-gcc, r-devel-osx-x86_64-clang, r-devel-windows-ix86+x86_64, r-patched-linux-x86_64, r-patched-solaris-sparc, r-patched-solaris-x86, r-release-linux-x86_64, r-release-osx-x86_64-mavericks, r-release-windows-ix86+x86_64

Version: 0.6-16
Check: R code for possible problems
Result: NOTE
    lrtest.aidsEst: no visible binding for global variable ‘lrtest.default’
Flavors: r-devel-linux-x86_64-debian-clang, r-devel-linux-x86_64-debian-gcc, r-devel-linux-x86_64-fedora-clang, r-devel-linux-x86_64-fedora-gcc, r-devel-osx-x86_64-clang, r-devel-windows-ix86+x86_64, r-patched-linux-x86_64, r-patched-solaris-sparc, r-patched-solaris-x86, r-release-linux-x86_64, r-release-osx-x86_64-mavericks, r-release-windows-ix86+x86_64, r-oldrel-windows-ix86+x86_64

Version: 0.6-16
Check: package dependencies
Result: ERROR
    Packages required but not available:
     ‘lmtest’ ‘micEcon’ ‘systemfit’ ‘miscTools’
    
    See section ‘The DESCRIPTION file’ in the ‘Writing R Extensions’
    manual.
Flavor: r-release-osx-x86_64-snowleopard