CRAN Package Check Results for Package micEconAids

Last updated on 2014-10-25 08:49:01.

Flavor Version Tinstall Tcheck Ttotal Status Flags
r-devel-linux-x86_64-debian-clang 0.6-16 3.96 66.98 70.95 NOTE
r-devel-linux-x86_64-debian-gcc 0.6-16 4.16 65.33 69.49 NOTE
r-devel-linux-x86_64-fedora-clang 0.6-16 162.15 NOTE
r-devel-linux-x86_64-fedora-gcc 0.6-16 150.79 NOTE
r-devel-osx-x86_64-clang 0.6-16 130.26 NOTE
r-devel-windows-ix86+x86_64 0.6-16 12.00 94.00 106.00 NOTE
r-patched-linux-x86_64 0.6-16 4.84 70.28 75.12 NOTE
r-patched-solaris-sparc 0.6-16 894.10 NOTE
r-patched-solaris-x86 0.6-16 196.90 NOTE
r-release-linux-ix86 0.6-16 4.88 85.18 90.06 OK
r-release-linux-x86_64 0.6-16 4.12 70.26 74.38 OK
r-release-osx-x86_64-mavericks 0.6-16 OK
r-release-osx-x86_64-snowleopard 0.6-16 OK
r-release-windows-ix86+x86_64 0.6-16 11.00 107.00 118.00 OK
r-oldrel-windows-ix86+x86_64 0.6-16 11.00 97.00 108.00 OK

Check Details

Version: 0.6-16
Check: R code for possible problems
Result: NOTE
    lrtest.aidsEst: no visible binding for global variable ‘lrtest.default’
Flavors: r-devel-linux-x86_64-debian-clang, r-devel-linux-x86_64-debian-gcc, r-devel-linux-x86_64-fedora-clang, r-devel-linux-x86_64-fedora-gcc, r-devel-osx-x86_64-clang, r-devel-windows-ix86+x86_64, r-patched-linux-x86_64, r-patched-solaris-sparc, r-patched-solaris-x86