CRAN Package Check Results for Package micEconAids

Last updated on 2014-09-19 13:46:53.

Flavor Version Tinstall Tcheck Ttotal Status Flags
r-devel-linux-x86_64-debian-clang 0.6-16 3.94 66.40 70.34 NOTE
r-devel-linux-x86_64-debian-gcc 0.6-16 3.84 64.23 68.07 NOTE
r-devel-linux-x86_64-fedora-clang 0.6-16 160.35 NOTE
r-devel-linux-x86_64-fedora-gcc 0.6-16 152.85 NOTE
r-devel-osx-x86_64-clang 0.6-16 125.00 NOTE
r-devel-windows-ix86+x86_64 0.6-16 11.00 95.00 106.00 NOTE
r-patched-linux-x86_64 0.6-16 4.10 71.84 75.94 OK
r-patched-solaris-sparc 0.6-16 915.30 OK
r-patched-solaris-x86 0.6-16 193.90 OK
r-release-linux-ix86 0.6-16 4.85 84.50 89.35 OK
r-release-linux-x86_64 0.6-16 4.26 70.14 74.40 OK
r-release-osx-x86_64-mavericks 0.6-16 OK
r-release-osx-x86_64-snowleopard 0.6-16 OK
r-release-windows-ix86+x86_64 0.6-16 10.00 109.00 119.00 OK
r-oldrel-windows-ix86+x86_64 0.6-16 11.00 93.00 104.00 OK

Check Details

Version: 0.6-16
Check: R code for possible problems
Result: NOTE
    lrtest.aidsEst: no visible binding for global variable ‘lrtest.default’
Flavors: r-devel-linux-x86_64-debian-clang, r-devel-linux-x86_64-debian-gcc, r-devel-linux-x86_64-fedora-clang, r-devel-linux-x86_64-fedora-gcc, r-devel-osx-x86_64-clang, r-devel-windows-ix86+x86_64