CRAN Package Check Results for Package micEconAids

Last updated on 2014-12-22 19:48:26.

Flavor Version Tinstall Tcheck Ttotal Status Flags
r-devel-linux-x86_64-debian-clang 0.6-16 3.91 68.18 72.09 NOTE
r-devel-linux-x86_64-debian-gcc 0.6-16 3.81 65.48 69.29 NOTE
r-devel-linux-x86_64-fedora-clang 0.6-16 163.42 NOTE
r-devel-linux-x86_64-fedora-gcc 0.6-16 154.46 NOTE
r-devel-osx-x86_64-clang 0.6-16 131.73 NOTE
r-devel-windows-ix86+x86_64 0.6-16 13.00 104.00 117.00 NOTE
r-patched-linux-x86_64 0.6-16 4.04 68.08 72.12 NOTE
r-patched-solaris-sparc 0.6-16 901.90 NOTE
r-patched-solaris-x86 0.6-16 200.00 NOTE
r-release-linux-ix86 0.6-16 4.56 81.14 85.70 NOTE
r-release-linux-x86_64 0.6-16 3.97 70.99 74.96 NOTE
r-release-osx-x86_64-mavericks 0.6-16 OK
r-release-osx-x86_64-snowleopard 0.6-16 OK
r-release-windows-ix86+x86_64 0.6-16 13.00 100.00 113.00 NOTE
r-oldrel-windows-ix86+x86_64 0.6-16 13.00 98.00 111.00 OK

Check Details

Version: 0.6-16
Check: R code for possible problems
Result: NOTE
    lrtest.aidsEst: no visible binding for global variable ‘lrtest.default’
Flavors: r-devel-linux-x86_64-debian-clang, r-devel-linux-x86_64-debian-gcc, r-devel-linux-x86_64-fedora-clang, r-devel-linux-x86_64-fedora-gcc, r-devel-osx-x86_64-clang, r-devel-windows-ix86+x86_64, r-patched-linux-x86_64, r-patched-solaris-sparc, r-patched-solaris-x86, r-release-linux-ix86, r-release-linux-x86_64, r-release-windows-ix86+x86_64