CRAN Package Check Results for Package micEconAids

Last updated on 2017-01-24 08:49:48.

Flavor Version Tinstall Tcheck Ttotal Status Flags
r-devel-linux-x86_64-debian-clang 0.6-16 3.66 68.70 72.36 NOTE
r-devel-linux-x86_64-debian-gcc 0.6-16 3.92 68.40 72.33 NOTE
r-devel-linux-x86_64-fedora-clang 0.6-16 142.46 NOTE --no-stop-on-test-error
r-devel-linux-x86_64-fedora-gcc 0.6-16 139.93 NOTE --no-stop-on-test-error
r-devel-macos-x86_64-clang 0.6-16 107.06 NOTE --no-stop-on-test-error
r-devel-windows-ix86+x86_64 0.6-16 18.00 151.00 169.00 NOTE
r-patched-linux-x86_64 0.6-16 3.72 62.30 66.02 NOTE
r-patched-solaris-sparc 0.6-16 793.80 NOTE
r-patched-solaris-x86 0.6-16 168.60 NOTE
r-release-linux-x86_64 0.6-16 3.77 61.87 65.64 NOTE
r-release-osx-x86_64-mavericks 0.6-16 NOTE
r-release-windows-ix86+x86_64 0.6-16 16.00 141.00 157.00 NOTE
r-oldrel-windows-ix86+x86_64 0.6-16 18.00 215.00 233.00 NOTE

Check Details

Version: 0.6-16
Check: DESCRIPTION meta-information
Result: NOTE
    Malformed Description field: should contain one or more complete sentences.
Flavors: r-devel-linux-x86_64-debian-clang, r-devel-linux-x86_64-debian-gcc, r-devel-windows-ix86+x86_64, r-patched-linux-x86_64, r-patched-solaris-sparc, r-patched-solaris-x86, r-release-linux-x86_64, r-release-osx-x86_64-mavericks, r-release-windows-ix86+x86_64, r-oldrel-windows-ix86+x86_64

Version: 0.6-16
Check: R code for possible problems
Result: NOTE
    .aidsSystem: no visible global function definition for ‘as.formula’
    aidsElas: no visible global function definition for ‘pt’
    aidsEst: no visible global function definition for ‘as.formula’
    aidsEst: no visible global function definition for ‘coef’
    aidsEst: no visible global function definition for ‘vcov’
    aidsEst: no visible global function definition for ‘df.residual’
    df.residual.aidsEst: no visible global function definition for
     ‘df.residual’
    elas.aidsEst: no visible global function definition for ‘coef’
    elas.aidsEst: no visible global function definition for ‘vcov’
    elas.aidsEst: no visible global function definition for ‘df.residual’
    logLik.aidsEst: no visible global function definition for ‘logLik’
    lrtest.aidsEst: no visible binding for global variable ‘lrtest.default’
    predict.aidsEst: no visible global function definition for ‘coef’
    print.aidsEst: no visible global function definition for ‘coef’
    print.summary.aidsElas: no visible global function definition for
     ‘printCoefmat’
    print.summary.aidsEst: no visible global function definition for
     ‘printCoefmat’
    Undefined global functions or variables:
     as.formula coef df.residual logLik lrtest.default printCoefmat pt
     vcov
    Consider adding
     importFrom("stats", "as.formula", "coef", "df.residual", "logLik",
     "printCoefmat", "pt", "vcov")
    to your NAMESPACE file.
Flavors: r-devel-linux-x86_64-debian-clang, r-devel-linux-x86_64-debian-gcc, r-devel-windows-ix86+x86_64, r-patched-linux-x86_64, r-patched-solaris-sparc, r-patched-solaris-x86, r-release-linux-x86_64, r-release-osx-x86_64-mavericks, r-release-windows-ix86+x86_64

Version: 0.6-16
Flags: --no-stop-on-test-error
Check: DESCRIPTION meta-information
Result: NOTE
    Malformed Description field: should contain one or more complete sentences.
Flavors: r-devel-linux-x86_64-fedora-clang, r-devel-linux-x86_64-fedora-gcc, r-devel-macos-x86_64-clang

Version: 0.6-16
Flags: --no-stop-on-test-error
Check: R code for possible problems
Result: NOTE
    .aidsSystem: no visible global function definition for ‘as.formula’
    aidsElas: no visible global function definition for ‘pt’
    aidsEst: no visible global function definition for ‘as.formula’
    aidsEst: no visible global function definition for ‘coef’
    aidsEst: no visible global function definition for ‘vcov’
    aidsEst: no visible global function definition for ‘df.residual’
    df.residual.aidsEst: no visible global function definition for
     ‘df.residual’
    elas.aidsEst: no visible global function definition for ‘coef’
    elas.aidsEst: no visible global function definition for ‘vcov’
    elas.aidsEst: no visible global function definition for ‘df.residual’
    logLik.aidsEst: no visible global function definition for ‘logLik’
    lrtest.aidsEst: no visible binding for global variable ‘lrtest.default’
    predict.aidsEst: no visible global function definition for ‘coef’
    print.aidsEst: no visible global function definition for ‘coef’
    print.summary.aidsElas: no visible global function definition for
     ‘printCoefmat’
    print.summary.aidsEst: no visible global function definition for
     ‘printCoefmat’
    Undefined global functions or variables:
     as.formula coef df.residual logLik lrtest.default printCoefmat pt
     vcov
    Consider adding
     importFrom("stats", "as.formula", "coef", "df.residual", "logLik",
     "printCoefmat", "pt", "vcov")
    to your NAMESPACE file.
Flavors: r-devel-linux-x86_64-fedora-clang, r-devel-linux-x86_64-fedora-gcc, r-devel-macos-x86_64-clang

Version: 0.6-16
Check: R code for possible problems
Result: NOTE
    lrtest.aidsEst: no visible binding for global variable 'lrtest.default'
Flavor: r-oldrel-windows-ix86+x86_64