CRAN Package Check Results for Package micEconAids

Last updated on 2015-03-26 21:47:00.

Flavor Version Tinstall Tcheck Ttotal Status Flags
r-devel-linux-x86_64-debian-clang 0.6-16 3.90 63.16 67.06 NOTE
r-devel-linux-x86_64-debian-gcc 0.6-16 3.95 63.20 67.16 NOTE
r-devel-linux-x86_64-fedora-clang 0.6-16 148.11 NOTE
r-devel-linux-x86_64-fedora-gcc 0.6-16 136.56 NOTE
r-devel-osx-x86_64-clang 0.6-16 123.10 NOTE
r-prerel-windows-ix86+x86_64 0.6-16 10.00 87.00 97.00 NOTE
r-prerel-linux-x86_64 0.6-16 4.74 60.57 65.32 NOTE
r-prerel-solaris-sparc 0.6-16 805.90 NOTE
r-prerel-solaris-x86 0.6-16 166.60 NOTE
r-release-linux-x86_64 0.6-16 6.69 86.34 93.03 NOTE
r-release-osx-x86_64-mavericks 0.6-16 NOTE
r-release-osx-x86_64-snowleopard 0.6-16 OK
r-release-windows-ix86+x86_64 0.6-16 19.00 132.00 151.00 NOTE
r-oldrel-windows-ix86+x86_64 0.6-16 17.00 140.00 157.00 OK

Check Details

Version: 0.6-16
Check: DESCRIPTION meta-information
Result: NOTE
    Malformed Description field: should contain one or more complete sentences.
Flavors: r-devel-linux-x86_64-debian-clang, r-devel-linux-x86_64-debian-gcc, r-devel-linux-x86_64-fedora-clang, r-devel-linux-x86_64-fedora-gcc, r-devel-osx-x86_64-clang, r-prerel-windows-ix86+x86_64, r-prerel-linux-x86_64, r-prerel-solaris-sparc, r-prerel-solaris-x86

Version: 0.6-16
Check: R code for possible problems
Result: NOTE
    lrtest.aidsEst: no visible binding for global variable ‘lrtest.default’
Flavors: r-devel-linux-x86_64-debian-clang, r-devel-linux-x86_64-debian-gcc, r-devel-linux-x86_64-fedora-clang, r-devel-linux-x86_64-fedora-gcc, r-devel-osx-x86_64-clang, r-prerel-windows-ix86+x86_64, r-prerel-linux-x86_64, r-prerel-solaris-sparc, r-prerel-solaris-x86, r-release-linux-x86_64, r-release-osx-x86_64-mavericks, r-release-windows-ix86+x86_64