CRAN Package Check Results for Package micEconAids

Last updated on 2015-01-27 19:50:24.

Flavor Version Tinstall Tcheck Ttotal Status Flags
r-devel-linux-x86_64-debian-clang 0.6-16 3.60 59.01 62.61 NOTE
r-devel-linux-x86_64-debian-gcc 0.6-16 3.44 57.01 60.46 NOTE
r-devel-linux-x86_64-fedora-clang 0.6-16 158.19 NOTE
r-devel-linux-x86_64-fedora-gcc 0.6-16 168.62 NOTE
r-devel-osx-x86_64-clang 0.6-16 124.92 NOTE
r-devel-windows-ix86+x86_64 0.6-16 10.00 82.00 92.00 NOTE
r-patched-linux-x86_64 0.6-16 4.13 68.18 72.31 NOTE
r-patched-solaris-sparc 0.6-16 901.20 NOTE
r-patched-solaris-x86 0.6-16 196.00 NOTE
r-release-linux-ix86 0.6-16 4.58 80.71 85.29 NOTE
r-release-linux-x86_64 0.6-16 4.29 71.67 75.96 NOTE
r-release-osx-x86_64-mavericks 0.6-16 NOTE
r-release-osx-x86_64-snowleopard 0.6-16 OK
r-release-windows-ix86+x86_64 0.6-16 12.00 105.00 117.00 NOTE
r-oldrel-windows-ix86+x86_64 0.6-16 12.00 99.00 111.00 OK

Check Details

Version: 0.6-16
Check: R code for possible problems
Result: NOTE
    lrtest.aidsEst: no visible binding for global variable ‘lrtest.default’
Flavors: r-devel-linux-x86_64-debian-clang, r-devel-linux-x86_64-debian-gcc, r-devel-linux-x86_64-fedora-clang, r-devel-linux-x86_64-fedora-gcc, r-devel-osx-x86_64-clang, r-devel-windows-ix86+x86_64, r-patched-linux-x86_64, r-patched-solaris-sparc, r-patched-solaris-x86, r-release-linux-ix86, r-release-linux-x86_64, r-release-osx-x86_64-mavericks, r-release-windows-ix86+x86_64