CRAN Package Check Results for Package micEconAids

Last updated on 2015-04-26 16:47:07.

Flavor Version Tinstall Tcheck Ttotal Status Flags
r-devel-linux-x86_64-debian-clang 0.6-16 4.23 65.23 69.46 NOTE
r-devel-linux-x86_64-debian-gcc 0.6-16 3.96 61.98 65.94 NOTE
r-devel-linux-x86_64-fedora-clang 0.6-16 143.71 NOTE
r-devel-linux-x86_64-fedora-gcc 0.6-16 128.82 NOTE
r-devel-osx-x86_64-clang 0.6-16 114.48 NOTE
r-devel-windows-ix86+x86_64 0.6-16 10.00 88.00 98.00 NOTE
r-patched-linux-x86_64 0.6-16 4.41 62.60 67.00 NOTE
r-patched-solaris-sparc 0.6-16 805.90 NOTE
r-patched-solaris-x86 0.6-16 171.30 NOTE
r-release-linux-x86_64 0.6-16 3.89 61.74 65.63 NOTE
r-release-osx-x86_64-mavericks 0.6-16 NOTE
r-release-osx-x86_64-snowleopard 0.6-16 ERROR
r-release-windows-ix86+x86_64 0.6-16 11.00 92.00 103.00 NOTE
r-oldrel-windows-ix86+x86_64 0.6-16 16.00 125.00 141.00 NOTE

Check Details

Version: 0.6-16
Check: DESCRIPTION meta-information
Result: NOTE
    Malformed Description field: should contain one or more complete sentences.
Flavors: r-devel-linux-x86_64-fedora-clang, r-devel-linux-x86_64-fedora-gcc, r-devel-osx-x86_64-clang, r-devel-windows-ix86+x86_64, r-patched-solaris-sparc, r-patched-solaris-x86, r-release-osx-x86_64-mavericks, r-release-windows-ix86+x86_64

Version: 0.6-16
Check: R code for possible problems
Result: NOTE
    lrtest.aidsEst: no visible binding for global variable ‘lrtest.default’
Flavors: r-devel-linux-x86_64-fedora-clang, r-devel-linux-x86_64-fedora-gcc, r-devel-osx-x86_64-clang, r-devel-windows-ix86+x86_64, r-patched-solaris-sparc, r-patched-solaris-x86, r-release-osx-x86_64-mavericks, r-release-windows-ix86+x86_64, r-oldrel-windows-ix86+x86_64