CRAN Package Check Results for Package micEconAids

Last updated on 2015-02-28 07:50:06.

Flavor Version Tinstall Tcheck Ttotal Status Flags
r-devel-linux-x86_64-debian-clang 0.6-16 4.42 63.48 67.91 NOTE
r-devel-linux-x86_64-debian-gcc 0.6-16 5.71 61.79 67.50 NOTE
r-devel-linux-x86_64-fedora-clang 0.6-16 138.43 NOTE
r-devel-linux-x86_64-fedora-gcc 0.6-16 132.06 NOTE
r-devel-osx-x86_64-clang 0.6-16 116.26 NOTE
r-devel-windows-ix86+x86_64 0.6-16 17.00 91.00 108.00 NOTE
r-patched-linux-x86_64 0.6-16 7.16 88.17 95.33 NOTE
r-patched-solaris-sparc 0.6-16 901.20 NOTE
r-patched-solaris-x86 0.6-16 251.20 NOTE
r-release-linux-ix86 0.6-16 6.88 99.85 106.73 NOTE
r-release-linux-x86_64 0.6-16 7.08 88.01 95.08 NOTE
r-release-osx-x86_64-mavericks 0.6-16 NOTE
r-release-osx-x86_64-snowleopard 0.6-16 OK
r-release-windows-ix86+x86_64 0.6-16 19.00 142.00 161.00 NOTE
r-oldrel-windows-ix86+x86_64 0.6-16 15.00 128.00 143.00 OK

Check Details

Version: 0.6-16
Check: DESCRIPTION meta-information
Result: NOTE
    Malformed Description field: should contain one or more complete sentences.
Flavors: r-devel-linux-x86_64-debian-clang, r-devel-linux-x86_64-debian-gcc, r-devel-linux-x86_64-fedora-clang, r-devel-linux-x86_64-fedora-gcc, r-devel-osx-x86_64-clang, r-devel-windows-ix86+x86_64

Version: 0.6-16
Check: R code for possible problems
Result: NOTE
    lrtest.aidsEst: no visible binding for global variable ‘lrtest.default’
Flavors: r-devel-linux-x86_64-debian-clang, r-devel-linux-x86_64-debian-gcc, r-devel-linux-x86_64-fedora-clang, r-devel-linux-x86_64-fedora-gcc, r-devel-osx-x86_64-clang, r-devel-windows-ix86+x86_64, r-patched-linux-x86_64, r-patched-solaris-sparc, r-patched-solaris-x86, r-release-linux-ix86, r-release-linux-x86_64, r-release-osx-x86_64-mavericks, r-release-windows-ix86+x86_64