CRAN Package Check Results for Package micEconAids

Last updated on 2014-11-26 15:47:32.

Flavor Version Tinstall Tcheck Ttotal Status Flags
r-devel-linux-x86_64-debian-clang 0.6-16 4.04 67.06 71.10 NOTE
r-devel-linux-x86_64-debian-gcc 0.6-16 3.79 65.23 69.02 NOTE
r-devel-linux-x86_64-fedora-clang 0.6-16 165.47 NOTE
r-devel-linux-x86_64-fedora-gcc 0.6-16 157.34 NOTE
r-devel-osx-x86_64-clang 0.6-16 129.35 NOTE
r-devel-windows-ix86+x86_64 0.6-16 10.00 93.00 103.00 NOTE
r-patched-linux-x86_64 0.6-16 4.10 69.46 73.56 NOTE
r-patched-solaris-sparc 0.6-16 894.10 NOTE
r-patched-solaris-x86 0.6-16 198.10 NOTE
r-release-linux-ix86 0.6-16 4.53 80.90 85.43 NOTE
r-release-linux-x86_64 0.6-16 4.14 70.12 74.26 NOTE
r-release-osx-x86_64-mavericks 0.6-16 OK
r-release-osx-x86_64-snowleopard 0.6-16 OK
r-release-windows-ix86+x86_64 0.6-16 10.00 100.00 110.00 NOTE
r-oldrel-windows-ix86+x86_64 0.6-16 12.00 103.00 115.00 OK

Check Details

Version: 0.6-16
Check: R code for possible problems
Result: NOTE
    lrtest.aidsEst: no visible binding for global variable ‘lrtest.default’
Flavors: r-devel-linux-x86_64-debian-clang, r-devel-linux-x86_64-debian-gcc, r-devel-linux-x86_64-fedora-clang, r-devel-linux-x86_64-fedora-gcc, r-devel-osx-x86_64-clang, r-devel-windows-ix86+x86_64, r-patched-linux-x86_64, r-patched-solaris-sparc, r-patched-solaris-x86, r-release-linux-ix86, r-release-linux-x86_64, r-release-windows-ix86+x86_64