CRAN Package Check Results for Package micEconAids

Last updated on 2016-06-26 11:48:16.

Flavor Version Tinstall Tcheck Ttotal Status Flags
r-devel-linux-x86_64-debian-gcc 0.6-16 5.47 63.28 68.75 NOTE
r-devel-linux-x86_64-fedora-clang 0.6-16 137.50 NOTE
r-devel-linux-x86_64-fedora-gcc 0.6-16 126.29 NOTE
r-devel-osx-x86_64-clang 0.6-16 108.25 NOTE
r-devel-windows-ix86+x86_64 0.6-16 18.00 149.00 167.00 NOTE
r-patched-linux-x86_64 0.6-16 4.64 65.91 70.55 NOTE
r-patched-solaris-sparc 0.6-16 792.70 NOTE
r-patched-solaris-x86 0.6-16 167.80 NOTE
r-release-linux-x86_64 0.6-16 4.30 65.26 69.56 NOTE
r-release-osx-x86_64-mavericks 0.6-16 NOTE
r-release-windows-ix86+x86_64 0.6-16 13.00 104.00 117.00 NOTE
r-oldrel-windows-ix86+x86_64 0.6-16 19.00 161.00 180.00 NOTE

Check Details

Version: 0.6-16
Check: DESCRIPTION meta-information
Result: NOTE
    Malformed Description field: should contain one or more complete sentences.
Flavors: r-devel-linux-x86_64-debian-gcc, r-devel-linux-x86_64-fedora-clang, r-devel-linux-x86_64-fedora-gcc, r-devel-osx-x86_64-clang, r-devel-windows-ix86+x86_64, r-patched-linux-x86_64, r-patched-solaris-sparc, r-patched-solaris-x86, r-release-linux-x86_64, r-release-osx-x86_64-mavericks, r-release-windows-ix86+x86_64, r-oldrel-windows-ix86+x86_64

Version: 0.6-16
Check: R code for possible problems
Result: NOTE
    .aidsSystem: no visible global function definition for ‘as.formula’
    aidsElas: no visible global function definition for ‘pt’
    aidsEst: no visible global function definition for ‘as.formula’
    aidsEst: no visible global function definition for ‘coef’
    aidsEst: no visible global function definition for ‘vcov’
    aidsEst: no visible global function definition for ‘df.residual’
    df.residual.aidsEst: no visible global function definition for
     ‘df.residual’
    elas.aidsEst: no visible global function definition for ‘coef’
    elas.aidsEst: no visible global function definition for ‘vcov’
    elas.aidsEst: no visible global function definition for ‘df.residual’
    logLik.aidsEst: no visible global function definition for ‘logLik’
    lrtest.aidsEst: no visible binding for global variable ‘lrtest.default’
    predict.aidsEst: no visible global function definition for ‘coef’
    print.aidsEst: no visible global function definition for ‘coef’
    print.summary.aidsElas: no visible global function definition for
     ‘printCoefmat’
    print.summary.aidsEst: no visible global function definition for
     ‘printCoefmat’
    Undefined global functions or variables:
     as.formula coef df.residual logLik lrtest.default printCoefmat pt
     vcov
    Consider adding
     importFrom("stats", "as.formula", "coef", "df.residual", "logLik",
     "printCoefmat", "pt", "vcov")
    to your NAMESPACE file.
Flavors: r-devel-linux-x86_64-debian-gcc, r-devel-linux-x86_64-fedora-clang, r-devel-linux-x86_64-fedora-gcc, r-devel-osx-x86_64-clang, r-devel-windows-ix86+x86_64, r-patched-linux-x86_64, r-patched-solaris-sparc, r-patched-solaris-x86, r-release-linux-x86_64, r-release-osx-x86_64-mavericks, r-release-windows-ix86+x86_64

Version: 0.6-16
Check: R code for possible problems
Result: NOTE
    lrtest.aidsEst: no visible binding for global variable 'lrtest.default'
Flavor: r-oldrel-windows-ix86+x86_64