CRAN Package Check Results for Package micEconAids

Last updated on 2017-02-23 23:49:39.

Flavor Version Tinstall Tcheck Ttotal Status Flags
r-devel-linux-x86_64-debian-clang 0.6-16 3.69 70.22 73.91 NOTE
r-devel-linux-x86_64-debian-gcc 0.6-16 3.72 70.56 74.27 NOTE
r-devel-linux-x86_64-fedora-clang 0.6-16 178.38 NOTE --no-stop-on-test-error
r-devel-linux-x86_64-fedora-gcc 0.6-16 149.42 NOTE --no-stop-on-test-error
r-devel-macos-x86_64-clang 0.6-16 116.96 NOTE --no-stop-on-test-error
r-devel-windows-ix86+x86_64 0.6-16 16.00 154.00 170.00 NOTE
r-patched-linux-x86_64 0.6-16 3.84 61.47 65.31 NOTE
r-patched-solaris-sparc 0.6-16 793.80 NOTE
r-patched-solaris-x86 0.6-16 169.60 NOTE
r-release-linux-x86_64 0.6-16 3.82 61.50 65.32 NOTE
r-release-osx-x86_64-mavericks 0.6-16 NOTE
r-release-windows-ix86+x86_64 0.6-16 15.00 137.00 152.00 NOTE
r-oldrel-windows-ix86+x86_64 0.6-16 18.00 207.00 225.00 NOTE

Check Details

Version: 0.6-16
Check: DESCRIPTION meta-information
Result: NOTE
    Malformed Description field: should contain one or more complete sentences.
Flavors: r-devel-linux-x86_64-debian-clang, r-devel-linux-x86_64-debian-gcc, r-devel-windows-ix86+x86_64, r-patched-linux-x86_64, r-patched-solaris-sparc, r-patched-solaris-x86, r-release-linux-x86_64, r-release-osx-x86_64-mavericks, r-release-windows-ix86+x86_64, r-oldrel-windows-ix86+x86_64

Version: 0.6-16
Check: R code for possible problems
Result: NOTE
    .aidsSystem: no visible global function definition for ‘as.formula’
    aidsElas: no visible global function definition for ‘pt’
    aidsEst: no visible global function definition for ‘as.formula’
    aidsEst: no visible global function definition for ‘coef’
    aidsEst: no visible global function definition for ‘vcov’
    aidsEst: no visible global function definition for ‘df.residual’
    df.residual.aidsEst: no visible global function definition for
     ‘df.residual’
    elas.aidsEst: no visible global function definition for ‘coef’
    elas.aidsEst: no visible global function definition for ‘vcov’
    elas.aidsEst: no visible global function definition for ‘df.residual’
    logLik.aidsEst: no visible global function definition for ‘logLik’
    lrtest.aidsEst: no visible binding for global variable ‘lrtest.default’
    predict.aidsEst: no visible global function definition for ‘coef’
    print.aidsEst: no visible global function definition for ‘coef’
    print.summary.aidsElas: no visible global function definition for
     ‘printCoefmat’
    print.summary.aidsEst: no visible global function definition for
     ‘printCoefmat’
    Undefined global functions or variables:
     as.formula coef df.residual logLik lrtest.default printCoefmat pt
     vcov
    Consider adding
     importFrom("stats", "as.formula", "coef", "df.residual", "logLik",
     "printCoefmat", "pt", "vcov")
    to your NAMESPACE file.
Flavors: r-devel-linux-x86_64-debian-clang, r-devel-linux-x86_64-debian-gcc, r-devel-windows-ix86+x86_64, r-patched-linux-x86_64, r-patched-solaris-sparc, r-patched-solaris-x86, r-release-linux-x86_64, r-release-osx-x86_64-mavericks, r-release-windows-ix86+x86_64

Version: 0.6-16
Flags: --no-stop-on-test-error
Check: DESCRIPTION meta-information
Result: NOTE
    Malformed Description field: should contain one or more complete sentences.
Flavors: r-devel-linux-x86_64-fedora-clang, r-devel-linux-x86_64-fedora-gcc, r-devel-macos-x86_64-clang

Version: 0.6-16
Flags: --no-stop-on-test-error
Check: R code for possible problems
Result: NOTE
    .aidsSystem: no visible global function definition for ‘as.formula’
    aidsElas: no visible global function definition for ‘pt’
    aidsEst: no visible global function definition for ‘as.formula’
    aidsEst: no visible global function definition for ‘coef’
    aidsEst: no visible global function definition for ‘vcov’
    aidsEst: no visible global function definition for ‘df.residual’
    df.residual.aidsEst: no visible global function definition for
     ‘df.residual’
    elas.aidsEst: no visible global function definition for ‘coef’
    elas.aidsEst: no visible global function definition for ‘vcov’
    elas.aidsEst: no visible global function definition for ‘df.residual’
    logLik.aidsEst: no visible global function definition for ‘logLik’
    lrtest.aidsEst: no visible binding for global variable ‘lrtest.default’
    predict.aidsEst: no visible global function definition for ‘coef’
    print.aidsEst: no visible global function definition for ‘coef’
    print.summary.aidsElas: no visible global function definition for
     ‘printCoefmat’
    print.summary.aidsEst: no visible global function definition for
     ‘printCoefmat’
    Undefined global functions or variables:
     as.formula coef df.residual logLik lrtest.default printCoefmat pt
     vcov
    Consider adding
     importFrom("stats", "as.formula", "coef", "df.residual", "logLik",
     "printCoefmat", "pt", "vcov")
    to your NAMESPACE file.
Flavors: r-devel-linux-x86_64-fedora-clang, r-devel-linux-x86_64-fedora-gcc, r-devel-macos-x86_64-clang

Version: 0.6-16
Check: R code for possible problems
Result: NOTE
    lrtest.aidsEst: no visible binding for global variable 'lrtest.default'
Flavor: r-oldrel-windows-ix86+x86_64