CRAN Package Check Results for Package micEconCES

Last updated on 2015-04-27 05:47:37.

Flavor Version Tinstall Tcheck Ttotal Status Flags
r-devel-linux-x86_64-debian-clang 0.9-8 4.09 61.78 65.87 NOTE --no-vignettes
r-devel-linux-x86_64-debian-gcc 0.9-8 4.06 62.66 66.72 NOTE --no-vignettes
r-devel-linux-x86_64-fedora-clang 0.9-8 781.47 NOTE
r-devel-linux-x86_64-fedora-gcc 0.9-8 746.31 NOTE
r-devel-osx-x86_64-clang 0.9-8 531.29 NOTE
r-devel-windows-ix86+x86_64 0.9-8 11.00 116.00 127.00 NOTE --no-vignettes
r-patched-linux-x86_64 0.9-8 4.34 59.84 64.18 NOTE --no-vignettes
r-patched-solaris-sparc 0.9-8 660.90 NOTE --no-tests --no-vignettes
r-patched-solaris-x86 0.9-8 761.20 NOTE
r-release-linux-x86_64 0.9-8 4.11 58.94 63.06 NOTE --no-vignettes
r-release-osx-x86_64-mavericks 0.9-8 NOTE
r-release-osx-x86_64-snowleopard 0.9-8 ERROR
r-release-windows-ix86+x86_64 0.9-8 12.00 83.00 95.00 NOTE --no-vignettes
r-oldrel-windows-ix86+x86_64 0.9-8 18.00 151.00 169.00 OK --no-vignettes

Check Details

Version: 0.9-8
Flags: --no-vignettes
Check: DESCRIPTION meta-information
Result: NOTE
    Malformed Description field: should contain one or more complete sentences.
Flavors: r-devel-linux-x86_64-debian-clang, r-devel-linux-x86_64-debian-gcc, r-devel-windows-ix86+x86_64, r-release-windows-ix86+x86_64

Version: 0.9-8
Check: DESCRIPTION meta-information
Result: NOTE
    Malformed Description field: should contain one or more complete sentences.
Flavors: r-devel-linux-x86_64-fedora-clang, r-devel-linux-x86_64-fedora-gcc, r-devel-osx-x86_64-clang, r-patched-solaris-x86, r-release-osx-x86_64-mavericks

Version: 0.9-8
Flags: --no-tests --no-vignettes
Check: DESCRIPTION meta-information
Result: NOTE
    Malformed Description field: should contain one or more complete sentences.
Flavor: r-patched-solaris-sparc

Version: 0.9-8
Check: package dependencies
Result: ERROR
    Packages required but not available:
     ‘systemfit’ ‘car’ ‘micEcon’ ‘miscTools’
    
    Packages suggested but not available for checking: ‘maxLik’ ‘AER’
    
    See section ‘The DESCRIPTION file’ in the ‘Writing R Extensions’
    manual.
Flavor: r-release-osx-x86_64-snowleopard