CRAN Package Check Results for Package micEconCES

Last updated on 2016-12-06 20:48:35.

Flavor Version Tinstall Tcheck Ttotal Status Flags
r-devel-linux-x86_64-debian-clang 0.9-8 3.73 63.62 67.35 NOTE --no-vignettes
r-devel-linux-x86_64-debian-gcc 0.9-8 3.77 63.51 67.27 NOTE --no-vignettes
r-devel-linux-x86_64-fedora-clang 0.9-8 457.87 NOTE --no-stop-on-test-error
r-devel-linux-x86_64-fedora-gcc 0.9-8 449.19 NOTE --no-stop-on-test-error
r-devel-macos-x86_64-clang 0.9-8 306.10 NOTE --no-stop-on-test-error
r-devel-windows-ix86+x86_64 0.9-8 11.00 96.00 107.00 NOTE --no-vignettes
r-patched-linux-x86_64 0.9-8 3.57 58.88 62.44 NOTE --no-vignettes
r-patched-solaris-sparc 0.9-8 656.20 NOTE --no-tests --no-vignettes
r-patched-solaris-x86 0.9-8 446.60 NOTE
r-release-linux-x86_64 0.9-8 5.76 58.71 64.47 NOTE --no-vignettes
r-release-osx-x86_64-mavericks 0.9-8 NOTE
r-release-windows-ix86+x86_64 0.9-8 10.00 124.00 134.00 NOTE --no-vignettes
r-oldrel-windows-ix86+x86_64 0.9-8 18.00 96.00 114.00 NOTE --no-vignettes

Check Details

Version: 0.9-8
Flags: --no-vignettes
Check: DESCRIPTION meta-information
Result: NOTE
    Malformed Description field: should contain one or more complete sentences.
Flavors: r-devel-linux-x86_64-debian-clang, r-devel-linux-x86_64-debian-gcc, r-devel-windows-ix86+x86_64, r-patched-linux-x86_64, r-release-linux-x86_64, r-release-windows-ix86+x86_64, r-oldrel-windows-ix86+x86_64

Version: 0.9-8
Flags: --no-vignettes
Check: R code for possible problems
Result: NOTE
    cesEst: no visible global function definition for ‘optim’
    cesEst: no visible global function definition for ‘nlm’
    cesEst: no visible global function definition for ‘nlminb’
    cesEst: no visible global function definition for ‘as.formula’
    cesEst: no visible global function definition for ‘nls’
    cesEst: no visible global function definition for ‘coef’
    cesEst: no visible global function definition for ‘deviance’
    cesEstKmenta: no visible global function definition for ‘formula’
    cesEstKmenta: no visible global function definition for ‘model.frame’
    cesEstKmenta: no visible global function definition for ‘coef’
    cesEstKmenta: no visible global function definition for ‘vcov’
    plot.cesEst: no visible global function definition for ‘par’
    plot.cesEst: no visible global function definition for ‘coef’
    plot.cesEst: no visible global function definition for
     ‘colorRampPalette’
    plot.cesEst: no visible binding for global variable ‘persp’
    plot.cesEst: no visible global function definition for ‘plot.default’
    plot.cesEst: no visible global function definition for ‘points’
    print.cesEst: no visible global function definition for ‘coef’
    print.summary.cesEst: no visible global function definition for ‘coef’
    print.summary.cesEst: no visible global function definition for
     ‘printCoefmat’
    summary.cesEst: no visible global function definition for ‘residuals’
    summary.cesEst: no visible global function definition for ‘fitted’
    summary.cesEst: no visible global function definition for ‘coef’
    Undefined global functions or variables:
     as.formula coef colorRampPalette deviance fitted formula model.frame
     nlm nlminb nls optim par persp plot.default points printCoefmat
     residuals vcov
    Consider adding
     importFrom("grDevices", "colorRampPalette")
     importFrom("graphics", "par", "persp", "plot.default", "points")
     importFrom("stats", "as.formula", "coef", "deviance", "fitted",
     "formula", "model.frame", "nlm", "nlminb", "nls", "optim",
     "printCoefmat", "residuals", "vcov")
    to your NAMESPACE file.
Flavors: r-devel-linux-x86_64-debian-clang, r-devel-linux-x86_64-debian-gcc, r-devel-windows-ix86+x86_64, r-patched-linux-x86_64, r-release-linux-x86_64, r-release-windows-ix86+x86_64

Version: 0.9-8
Flags: --no-stop-on-test-error
Check: DESCRIPTION meta-information
Result: NOTE
    Malformed Description field: should contain one or more complete sentences.
Flavors: r-devel-linux-x86_64-fedora-clang, r-devel-linux-x86_64-fedora-gcc, r-devel-macos-x86_64-clang

Version: 0.9-8
Flags: --no-stop-on-test-error
Check: R code for possible problems
Result: NOTE
    cesEst: no visible global function definition for ‘optim’
    cesEst: no visible global function definition for ‘nlm’
    cesEst: no visible global function definition for ‘nlminb’
    cesEst: no visible global function definition for ‘as.formula’
    cesEst: no visible global function definition for ‘nls’
    cesEst: no visible global function definition for ‘coef’
    cesEst: no visible global function definition for ‘deviance’
    cesEstKmenta: no visible global function definition for ‘formula’
    cesEstKmenta: no visible global function definition for ‘model.frame’
    cesEstKmenta: no visible global function definition for ‘coef’
    cesEstKmenta: no visible global function definition for ‘vcov’
    plot.cesEst: no visible global function definition for ‘par’
    plot.cesEst: no visible global function definition for ‘coef’
    plot.cesEst: no visible global function definition for
     ‘colorRampPalette’
    plot.cesEst: no visible binding for global variable ‘persp’
    plot.cesEst: no visible global function definition for ‘plot.default’
    plot.cesEst: no visible global function definition for ‘points’
    print.cesEst: no visible global function definition for ‘coef’
    print.summary.cesEst: no visible global function definition for ‘coef’
    print.summary.cesEst: no visible global function definition for
     ‘printCoefmat’
    summary.cesEst: no visible global function definition for ‘residuals’
    summary.cesEst: no visible global function definition for ‘fitted’
    summary.cesEst: no visible global function definition for ‘coef’
    Undefined global functions or variables:
     as.formula coef colorRampPalette deviance fitted formula model.frame
     nlm nlminb nls optim par persp plot.default points printCoefmat
     residuals vcov
    Consider adding
     importFrom("grDevices", "colorRampPalette")
     importFrom("graphics", "par", "persp", "plot.default", "points")
     importFrom("stats", "as.formula", "coef", "deviance", "fitted",
     "formula", "model.frame", "nlm", "nlminb", "nls", "optim",
     "printCoefmat", "residuals", "vcov")
    to your NAMESPACE file.
Flavors: r-devel-linux-x86_64-fedora-clang, r-devel-linux-x86_64-fedora-gcc, r-devel-macos-x86_64-clang

Version: 0.9-8
Flags: --no-tests --no-vignettes
Check: DESCRIPTION meta-information
Result: NOTE
    Malformed Description field: should contain one or more complete sentences.
Flavor: r-patched-solaris-sparc

Version: 0.9-8
Flags: --no-tests --no-vignettes
Check: R code for possible problems
Result: NOTE
    cesEst: no visible global function definition for ‘optim’
    cesEst: no visible global function definition for ‘nlm’
    cesEst: no visible global function definition for ‘nlminb’
    cesEst: no visible global function definition for ‘as.formula’
    cesEst: no visible global function definition for ‘nls’
    cesEst: no visible global function definition for ‘coef’
    cesEst: no visible global function definition for ‘deviance’
    cesEstKmenta: no visible global function definition for ‘formula’
    cesEstKmenta: no visible global function definition for ‘model.frame’
    cesEstKmenta: no visible global function definition for ‘coef’
    cesEstKmenta: no visible global function definition for ‘vcov’
    plot.cesEst: no visible global function definition for ‘par’
    plot.cesEst: no visible global function definition for ‘coef’
    plot.cesEst: no visible global function definition for
     ‘colorRampPalette’
    plot.cesEst: no visible binding for global variable ‘persp’
    plot.cesEst: no visible global function definition for ‘plot.default’
    plot.cesEst: no visible global function definition for ‘points’
    print.cesEst: no visible global function definition for ‘coef’
    print.summary.cesEst: no visible global function definition for ‘coef’
    print.summary.cesEst: no visible global function definition for
     ‘printCoefmat’
    summary.cesEst: no visible global function definition for ‘residuals’
    summary.cesEst: no visible global function definition for ‘fitted’
    summary.cesEst: no visible global function definition for ‘coef’
    Undefined global functions or variables:
     as.formula coef colorRampPalette deviance fitted formula model.frame
     nlm nlminb nls optim par persp plot.default points printCoefmat
     residuals vcov
    Consider adding
     importFrom("grDevices", "colorRampPalette")
     importFrom("graphics", "par", "persp", "plot.default", "points")
     importFrom("stats", "as.formula", "coef", "deviance", "fitted",
     "formula", "model.frame", "nlm", "nlminb", "nls", "optim",
     "printCoefmat", "residuals", "vcov")
    to your NAMESPACE file.
Flavor: r-patched-solaris-sparc

Version: 0.9-8
Check: DESCRIPTION meta-information
Result: NOTE
    Malformed Description field: should contain one or more complete sentences.
Flavors: r-patched-solaris-x86, r-release-osx-x86_64-mavericks

Version: 0.9-8
Check: R code for possible problems
Result: NOTE
    cesEst: no visible global function definition for ‘optim’
    cesEst: no visible global function definition for ‘nlm’
    cesEst: no visible global function definition for ‘nlminb’
    cesEst: no visible global function definition for ‘as.formula’
    cesEst: no visible global function definition for ‘nls’
    cesEst: no visible global function definition for ‘coef’
    cesEst: no visible global function definition for ‘deviance’
    cesEstKmenta: no visible global function definition for ‘formula’
    cesEstKmenta: no visible global function definition for ‘model.frame’
    cesEstKmenta: no visible global function definition for ‘coef’
    cesEstKmenta: no visible global function definition for ‘vcov’
    plot.cesEst: no visible global function definition for ‘par’
    plot.cesEst: no visible global function definition for ‘coef’
    plot.cesEst: no visible global function definition for
     ‘colorRampPalette’
    plot.cesEst: no visible binding for global variable ‘persp’
    plot.cesEst: no visible global function definition for ‘plot.default’
    plot.cesEst: no visible global function definition for ‘points’
    print.cesEst: no visible global function definition for ‘coef’
    print.summary.cesEst: no visible global function definition for ‘coef’
    print.summary.cesEst: no visible global function definition for
     ‘printCoefmat’
    summary.cesEst: no visible global function definition for ‘residuals’
    summary.cesEst: no visible global function definition for ‘fitted’
    summary.cesEst: no visible global function definition for ‘coef’
    Undefined global functions or variables:
     as.formula coef colorRampPalette deviance fitted formula model.frame
     nlm nlminb nls optim par persp plot.default points printCoefmat
     residuals vcov
    Consider adding
     importFrom("grDevices", "colorRampPalette")
     importFrom("graphics", "par", "persp", "plot.default", "points")
     importFrom("stats", "as.formula", "coef", "deviance", "fitted",
     "formula", "model.frame", "nlm", "nlminb", "nls", "optim",
     "printCoefmat", "residuals", "vcov")
    to your NAMESPACE file.
Flavors: r-patched-solaris-x86, r-release-osx-x86_64-mavericks