CRAN Package Check Results for Package micEconCES

Last updated on 2015-08-01 06:48:00.

Flavor Version Tinstall Tcheck Ttotal Status Flags
r-devel-linux-x86_64-debian-clang 0.9-8 4.06 61.76 65.81 NOTE --no-vignettes
r-devel-linux-x86_64-debian-gcc 0.9-8 3.86 60.29 64.15 NOTE --no-vignettes
r-devel-linux-x86_64-fedora-clang 0.9-8 765.01 NOTE
r-devel-linux-x86_64-fedora-gcc 0.9-8 741.55 NOTE
r-devel-osx-x86_64-clang 0.9-8 556.93 NOTE
r-devel-windows-ix86+x86_64 0.9-8 16.00 106.00 122.00 NOTE --no-vignettes
r-patched-linux-x86_64 0.9-8 4.18 59.14 63.32 NOTE --no-vignettes
r-patched-solaris-sparc 0.9-8 686.30 NOTE --no-tests --no-vignettes
r-patched-solaris-x86 0.9-8 772.10 NOTE
r-release-linux-x86_64 0.9-8 3.94 60.06 64.00 NOTE --no-vignettes
r-release-osx-x86_64-mavericks 0.9-8 NOTE
r-release-windows-ix86+x86_64 0.9-8 15.00 96.00 111.00 NOTE --no-vignettes
r-oldrel-windows-ix86+x86_64 0.9-8 20.00 153.00 173.00 OK --no-vignettes

Check Details

Version: 0.9-8
Flags: --no-vignettes
Check: DESCRIPTION meta-information
Result: NOTE
    Malformed Description field: should contain one or more complete sentences.
Flavors: r-devel-linux-x86_64-debian-clang, r-devel-linux-x86_64-debian-gcc, r-devel-windows-ix86+x86_64, r-patched-linux-x86_64, r-release-linux-x86_64, r-release-windows-ix86+x86_64

Version: 0.9-8
Flags: --no-vignettes
Check: R code for possible problems
Result: NOTE
    cesEst: no visible global function definition for ‘optim’
    cesEst: no visible global function definition for ‘nlm’
    cesEst: no visible global function definition for ‘nlminb’
    cesEst: no visible global function definition for ‘as.formula’
    cesEst: no visible global function definition for ‘nls’
    cesEst: no visible global function definition for ‘coef’
    cesEst: no visible global function definition for ‘deviance’
    cesEstKmenta: no visible global function definition for ‘formula’
    cesEstKmenta: no visible global function definition for ‘model.frame’
    cesEstKmenta: no visible global function definition for ‘coef’
    cesEstKmenta: no visible global function definition for ‘vcov’
    plot.cesEst: no visible global function definition for ‘par’
    plot.cesEst: no visible global function definition for ‘coef’
    plot.cesEst: no visible global function definition for
     ‘colorRampPalette’
    plot.cesEst: no visible binding for global variable ‘persp’
    plot.cesEst: no visible global function definition for ‘plot.default’
    plot.cesEst: no visible global function definition for ‘points’
    print.cesEst: no visible global function definition for ‘coef’
    print.summary.cesEst: no visible global function definition for ‘coef’
    print.summary.cesEst: no visible global function definition for
     ‘printCoefmat’
    summary.cesEst: no visible global function definition for ‘residuals’
    summary.cesEst: no visible global function definition for ‘fitted’
    summary.cesEst: no visible global function definition for ‘coef’
    Undefined global functions or variables:
     as.formula coef colorRampPalette deviance fitted formula model.frame
     nlm nlminb nls optim par persp plot.default points printCoefmat
     residuals vcov
    Consider adding
     importFrom("grDevices", "colorRampPalette")
     importFrom("graphics", "par", "persp", "plot.default", "points")
     importFrom("stats", "as.formula", "coef", "deviance", "fitted",
     "formula", "model.frame", "nlm", "nlminb", "nls", "optim",
     "printCoefmat", "residuals", "vcov")
    to your NAMESPACE.
Flavors: r-devel-linux-x86_64-debian-clang, r-devel-linux-x86_64-debian-gcc, r-devel-windows-ix86+x86_64

Version: 0.9-8
Check: DESCRIPTION meta-information
Result: NOTE
    Malformed Description field: should contain one or more complete sentences.
Flavors: r-devel-linux-x86_64-fedora-clang, r-devel-linux-x86_64-fedora-gcc, r-devel-osx-x86_64-clang, r-patched-solaris-x86, r-release-osx-x86_64-mavericks

Version: 0.9-8
Check: R code for possible problems
Result: NOTE
    cesEst: no visible global function definition for ‘optim’
    cesEst: no visible global function definition for ‘nlm’
    cesEst: no visible global function definition for ‘nlminb’
    cesEst: no visible global function definition for ‘as.formula’
    cesEst: no visible global function definition for ‘nls’
    cesEst: no visible global function definition for ‘coef’
    cesEst: no visible global function definition for ‘deviance’
    cesEstKmenta: no visible global function definition for ‘formula’
    cesEstKmenta: no visible global function definition for ‘model.frame’
    cesEstKmenta: no visible global function definition for ‘coef’
    cesEstKmenta: no visible global function definition for ‘vcov’
    plot.cesEst: no visible global function definition for ‘par’
    plot.cesEst: no visible global function definition for ‘coef’
    plot.cesEst: no visible global function definition for
     ‘colorRampPalette’
    plot.cesEst: no visible binding for global variable ‘persp’
    plot.cesEst: no visible global function definition for ‘plot.default’
    plot.cesEst: no visible global function definition for ‘points’
    print.cesEst: no visible global function definition for ‘coef’
    print.summary.cesEst: no visible global function definition for ‘coef’
    print.summary.cesEst: no visible global function definition for
     ‘printCoefmat’
    summary.cesEst: no visible global function definition for ‘residuals’
    summary.cesEst: no visible global function definition for ‘fitted’
    summary.cesEst: no visible global function definition for ‘coef’
    Undefined global functions or variables:
     as.formula coef colorRampPalette deviance fitted formula model.frame
     nlm nlminb nls optim par persp plot.default points printCoefmat
     residuals vcov
    Consider adding
     importFrom("grDevices", "colorRampPalette")
     importFrom("graphics", "par", "persp", "plot.default", "points")
     importFrom("stats", "as.formula", "coef", "deviance", "fitted",
     "formula", "model.frame", "nlm", "nlminb", "nls", "optim",
     "printCoefmat", "residuals", "vcov")
    to your NAMESPACE.
Flavors: r-devel-linux-x86_64-fedora-clang, r-devel-linux-x86_64-fedora-gcc

Version: 0.9-8
Flags: --no-tests --no-vignettes
Check: DESCRIPTION meta-information
Result: NOTE
    Malformed Description field: should contain one or more complete sentences.
Flavor: r-patched-solaris-sparc