CRAN Package Check Results for Package micEconCES

Last updated on 2014-04-17 10:47:51.

Flavor Version Tinstall Tcheck Ttotal Status Flags
r-devel-linux-x86_64-debian-clang 0.9-6 4.58 146.54 151.13 NOTE --no-vignettes
r-devel-linux-x86_64-debian-gcc 0.9-6 4.80 148.75 153.55 NOTE --no-vignettes
r-devel-linux-x86_64-fedora-clang 0.9-6 1038.14 NOTE
r-devel-linux-x86_64-fedora-gcc 0.9-6 1009.77 NOTE
r-devel-macosx-x86_64-clang 0.9-6 668.11 NOTE
r-devel-macosx-x86_64-gcc 0.9-6 ERROR
r-devel-windows-ix86+x86_64 0.9-6 11.00 179.00 190.00 NOTE --no-vignettes
r-patched-linux-x86_64 0.9-6 4.64 146.20 150.84 NOTE --no-vignettes
r-patched-solaris-sparc 0.9-6 715.40 NOTE --no-tests --no-vignettes
r-patched-solaris-x86 0.9-6 972.90 NOTE
r-release-linux-ix86 0.9-6 9.00 210.00 219.00 NOTE --no-vignettes
r-release-linux-x86_64 0.9-6 4.76 147.15 151.91 NOTE --no-vignettes
r-release-macosx-x86_64 0.9-6 OK
r-release-windows-ix86+x86_64 0.9-6 11.00 189.00 200.00 NOTE --no-vignettes
r-oldrel-windows-ix86+x86_64 0.9-6 11.00 178.00 189.00 NOTE --no-vignettes

Check Details

Version: 0.9-6
Flags: --no-vignettes
Check: dependencies in R code
Result: NOTE
    Packages in Depends field not imported from:
     ‘DEoptim’ ‘micEcon’ ‘minpack.lm’ ‘miscTools’ ‘systemfit’
     These packages need to be imported from (in the NAMESPACE file)
     for when this namespace is loaded but not attached.
    See the information on DESCRIPTION files in the chapter ‘Creating R
    packages’ of the ‘Writing R Extensions’ manual.
Flavors: r-devel-linux-x86_64-debian-clang, r-devel-linux-x86_64-debian-gcc, r-devel-windows-ix86+x86_64, r-patched-linux-x86_64, r-release-linux-ix86, r-release-linux-x86_64, r-release-windows-ix86+x86_64, r-oldrel-windows-ix86+x86_64

Version: 0.9-6
Check: dependencies in R code
Result: NOTE
    Packages in Depends field not imported from:
     ‘DEoptim’ ‘micEcon’ ‘minpack.lm’ ‘miscTools’ ‘systemfit’
     These packages need to be imported from (in the NAMESPACE file)
     for when this namespace is loaded but not attached.
    See the information on DESCRIPTION files in the chapter ‘Creating R
    packages’ of the ‘Writing R Extensions’ manual.
Flavors: r-devel-linux-x86_64-fedora-clang, r-devel-linux-x86_64-fedora-gcc, r-devel-macosx-x86_64-clang, r-patched-solaris-x86

Version: 0.9-6
Check: package dependencies
Result: ERROR
    Packages required but not available: ‘systemfit’ ‘miscTools’ ‘micEcon’
    
    Packages suggested but not available for checking: ‘maxLik’ ‘AER’
    
    See the information on DESCRIPTION files in the chapter ‘Creating R
    packages’ of the ‘Writing R Extensions’ manual.
Flavor: r-devel-macosx-x86_64-gcc

Version: 0.9-6
Flags: --no-tests --no-vignettes
Check: dependencies in R code
Result: NOTE
    Packages in Depends field not imported from:
     ‘DEoptim’ ‘micEcon’ ‘minpack.lm’ ‘miscTools’ ‘systemfit’
     These packages need to be imported from (in the NAMESPACE file)
     for when this namespace is loaded but not attached.
    See the information on DESCRIPTION files in the chapter ‘Creating R
    packages’ of the ‘Writing R Extensions’ manual.
Flavor: r-patched-solaris-sparc