CRAN Package Check Results for Package micEconCES

Last updated on 2015-07-03 13:46:37.

Flavor Version Tinstall Tcheck Ttotal Status Flags
r-devel-linux-x86_64-debian-clang 0.9-8 4.54 60.14 64.69 NOTE --no-vignettes
r-devel-linux-x86_64-debian-gcc 0.9-8 4.00 58.20 62.21 NOTE --no-vignettes
r-devel-linux-x86_64-fedora-clang 0.9-8 771.89 NOTE
r-devel-linux-x86_64-fedora-gcc 0.9-8 736.85 NOTE
r-devel-osx-x86_64-clang 0.9-8 589.44 NOTE
r-devel-windows-ix86+x86_64 0.9-8 12.00 128.00 140.00 NOTE --no-vignettes
r-patched-linux-x86_64 0.9-8 4.22 59.53 63.75 NOTE --no-vignettes
r-patched-solaris-sparc 0.9-8 698.90 NOTE --no-tests --no-vignettes
r-patched-solaris-x86 0.9-8 783.70 NOTE
r-release-linux-x86_64 0.9-8 4.50 59.88 64.38 NOTE --no-vignettes
r-release-osx-x86_64-mavericks 0.9-8 NOTE
r-release-windows-ix86+x86_64 0.9-8 11.00 86.00 97.00 NOTE --no-vignettes
r-oldrel-windows-ix86+x86_64 0.9-8 23.00 112.00 135.00 OK --no-vignettes

Check Details

Version: 0.9-8
Flags: --no-vignettes
Check: DESCRIPTION meta-information
Result: NOTE
    Malformed Description field: should contain one or more complete sentences.
Flavors: r-devel-linux-x86_64-debian-clang, r-devel-linux-x86_64-debian-gcc, r-devel-windows-ix86+x86_64, r-patched-linux-x86_64, r-release-linux-x86_64, r-release-windows-ix86+x86_64

Version: 0.9-8
Flags: --no-vignettes
Check: R code for possible problems
Result: NOTE
    cesEst: no visible global function definition for ‘optim’
    cesEst: no visible global function definition for ‘nlm’
    cesEst: no visible global function definition for ‘nlminb’
    cesEst: no visible global function definition for ‘as.formula’
    cesEst: no visible global function definition for ‘nls’
    cesEst: no visible global function definition for ‘coef’
    cesEst: no visible global function definition for ‘deviance’
    cesEstKmenta: no visible global function definition for ‘formula’
    cesEstKmenta: no visible global function definition for ‘model.frame’
    cesEstKmenta: no visible global function definition for ‘coef’
    cesEstKmenta: no visible global function definition for ‘vcov’
    plot.cesEst: no visible global function definition for ‘par’
    plot.cesEst: no visible global function definition for ‘coef’
    plot.cesEst: no visible global function definition for
     ‘colorRampPalette’
    plot.cesEst: no visible binding for global variable ‘persp’
    plot.cesEst: no visible global function definition for ‘plot.default’
    plot.cesEst: no visible global function definition for ‘points’
    print.cesEst: no visible global function definition for ‘coef’
    print.summary.cesEst: no visible global function definition for ‘coef’
    print.summary.cesEst: no visible global function definition for
     ‘printCoefmat’
    summary.cesEst: no visible global function definition for ‘residuals’
    summary.cesEst: no visible global function definition for ‘fitted’
    summary.cesEst: no visible global function definition for ‘coef’
    Undefined global functions or variables:
     as.formula coef colorRampPalette deviance fitted formula model.frame
     nlm nlminb nls optim par persp plot.default points printCoefmat
     residuals vcov
Flavors: r-devel-linux-x86_64-debian-clang, r-devel-linux-x86_64-debian-gcc, r-devel-windows-ix86+x86_64

Version: 0.9-8
Check: DESCRIPTION meta-information
Result: NOTE
    Malformed Description field: should contain one or more complete sentences.
Flavors: r-devel-linux-x86_64-fedora-clang, r-devel-linux-x86_64-fedora-gcc, r-devel-osx-x86_64-clang, r-patched-solaris-x86, r-release-osx-x86_64-mavericks

Version: 0.9-8
Check: R code for possible problems
Result: NOTE
    cesEst: no visible global function definition for ‘optim’
    cesEst: no visible global function definition for ‘nlm’
    cesEst: no visible global function definition for ‘nlminb’
    cesEst: no visible global function definition for ‘as.formula’
    cesEst: no visible global function definition for ‘nls’
    cesEst: no visible global function definition for ‘coef’
    cesEst: no visible global function definition for ‘deviance’
    cesEstKmenta: no visible global function definition for ‘formula’
    cesEstKmenta: no visible global function definition for ‘model.frame’
    cesEstKmenta: no visible global function definition for ‘coef’
    cesEstKmenta: no visible global function definition for ‘vcov’
    plot.cesEst: no visible global function definition for ‘par’
    plot.cesEst: no visible global function definition for ‘coef’
    plot.cesEst: no visible global function definition for
     ‘colorRampPalette’
    plot.cesEst: no visible binding for global variable ‘persp’
    plot.cesEst: no visible global function definition for ‘plot.default’
    plot.cesEst: no visible global function definition for ‘points’
    print.cesEst: no visible global function definition for ‘coef’
    print.summary.cesEst: no visible global function definition for ‘coef’
    print.summary.cesEst: no visible global function definition for
     ‘printCoefmat’
    summary.cesEst: no visible global function definition for ‘residuals’
    summary.cesEst: no visible global function definition for ‘fitted’
    summary.cesEst: no visible global function definition for ‘coef’
    Undefined global functions or variables:
     as.formula coef colorRampPalette deviance fitted formula model.frame
     nlm nlminb nls optim par persp plot.default points printCoefmat
     residuals vcov
Flavors: r-devel-linux-x86_64-fedora-clang, r-devel-linux-x86_64-fedora-gcc

Version: 0.9-8
Flags: --no-tests --no-vignettes
Check: DESCRIPTION meta-information
Result: NOTE
    Malformed Description field: should contain one or more complete sentences.
Flavor: r-patched-solaris-sparc