CRAN Package Check Results for Package micEconCES

Last updated on 2015-03-27 21:47:53.

Flavor Version Tinstall Tcheck Ttotal Status Flags
r-devel-linux-x86_64-debian-clang 0.9-8 4.30 60.50 64.80 NOTE --no-vignettes
r-devel-linux-x86_64-debian-gcc 0.9-8 3.97 60.04 64.01 NOTE --no-vignettes
r-devel-linux-x86_64-fedora-clang 0.9-8 776.21 NOTE
r-devel-linux-x86_64-fedora-gcc 0.9-8 741.23 NOTE
r-devel-osx-x86_64-clang 0.9-8 570.80 NOTE
r-prerel-windows-ix86+x86_64 0.9-8 11.00 78.00 89.00 NOTE --no-vignettes
r-prerel-linux-x86_64 0.9-8 4.21 59.39 63.60 NOTE --no-vignettes
r-prerel-solaris-sparc 0.9-8 660.90 NOTE --no-tests --no-vignettes
r-prerel-solaris-x86 0.9-8 782.20 NOTE
r-release-linux-x86_64 0.9-8 6.89 81.89 88.78 OK --no-vignettes
r-release-osx-x86_64-mavericks 0.9-8 OK
r-release-osx-x86_64-snowleopard 0.9-8 OK
r-release-windows-ix86+x86_64 0.9-8 19.00 138.00 157.00 OK --no-vignettes
r-oldrel-windows-ix86+x86_64 0.9-8 19.00 168.00 187.00 OK --no-vignettes

Check Details

Version: 0.9-8
Flags: --no-vignettes
Check: DESCRIPTION meta-information
Result: NOTE
    Malformed Description field: should contain one or more complete sentences.
Flavors: r-devel-linux-x86_64-debian-clang, r-devel-linux-x86_64-debian-gcc, r-prerel-windows-ix86+x86_64, r-prerel-linux-x86_64

Version: 0.9-8
Check: DESCRIPTION meta-information
Result: NOTE
    Malformed Description field: should contain one or more complete sentences.
Flavors: r-devel-linux-x86_64-fedora-clang, r-devel-linux-x86_64-fedora-gcc, r-devel-osx-x86_64-clang, r-prerel-solaris-x86

Version: 0.9-8
Flags: --no-tests --no-vignettes
Check: DESCRIPTION meta-information
Result: NOTE
    Malformed Description field: should contain one or more complete sentences.
Flavor: r-prerel-solaris-sparc