CRAN Package Check Results for Package micEconCES

Last updated on 2015-05-24 19:47:57.

Flavor Version Tinstall Tcheck Ttotal Status Flags
r-devel-linux-x86_64-debian-clang 0.9-8 5.14 62.08 67.22 NOTE --no-vignettes
r-devel-linux-x86_64-debian-gcc 0.9-8 4.16 59.69 63.85 NOTE --no-vignettes
r-devel-linux-x86_64-fedora-clang 0.9-8 769.06 NOTE
r-devel-linux-x86_64-fedora-gcc 0.9-8 747.43 NOTE
r-devel-osx-x86_64-clang 0.9-8 544.32 NOTE
r-devel-windows-ix86+x86_64 0.9-8 11.00 87.00 98.00 NOTE --no-vignettes
r-patched-linux-x86_64 0.9-8 4.11 58.90 63.00 NOTE --no-vignettes
r-patched-solaris-sparc 0.9-8 698.90 NOTE --no-tests --no-vignettes
r-patched-solaris-x86 0.9-8 783.60 NOTE
r-release-linux-x86_64 0.9-8 4.20 61.36 65.56 NOTE --no-vignettes
r-release-osx-x86_64-mavericks 0.9-8 NOTE
r-release-osx-x86_64-snowleopard 0.9-8 ERROR
r-release-windows-ix86+x86_64 0.9-8 14.00 83.00 97.00 NOTE --no-vignettes
r-oldrel-windows-ix86+x86_64 0.9-8 18.00 172.00 190.00 OK --no-vignettes

Check Details

Version: 0.9-8
Flags: --no-vignettes
Check: DESCRIPTION meta-information
Result: NOTE
    Malformed Description field: should contain one or more complete sentences.
Flavors: r-devel-linux-x86_64-debian-clang, r-devel-linux-x86_64-debian-gcc, r-devel-windows-ix86+x86_64, r-patched-linux-x86_64, r-release-linux-x86_64, r-release-windows-ix86+x86_64

Version: 0.9-8
Check: DESCRIPTION meta-information
Result: NOTE
    Malformed Description field: should contain one or more complete sentences.
Flavors: r-devel-linux-x86_64-fedora-clang, r-devel-linux-x86_64-fedora-gcc, r-devel-osx-x86_64-clang, r-patched-solaris-x86, r-release-osx-x86_64-mavericks

Version: 0.9-8
Flags: --no-tests --no-vignettes
Check: DESCRIPTION meta-information
Result: NOTE
    Malformed Description field: should contain one or more complete sentences.
Flavor: r-patched-solaris-sparc

Version: 0.9-8
Check: package dependencies
Result: ERROR
    Packages required but not available:
     ‘systemfit’ ‘car’ ‘micEcon’ ‘miscTools’
    
    Packages suggested but not available for checking: ‘maxLik’ ‘AER’
    
    See section ‘The DESCRIPTION file’ in the ‘Writing R Extensions’
    manual.
Flavor: r-release-osx-x86_64-snowleopard