CRAN Package Check Results for Package micEconSNQP

Last updated on 2017-06-23 13:48:16.

Flavor Version Tinstall Tcheck Ttotal Status Flags
r-devel-linux-x86_64-debian-clang 0.6-6 3.37 54.28 57.64 NOTE
r-devel-linux-x86_64-debian-gcc 0.6-6 3.64 52.00 55.64 NOTE
r-devel-linux-x86_64-fedora-clang 0.6-6 126.37 NOTE
r-devel-linux-x86_64-fedora-gcc 0.6-6 122.96 NOTE
r-devel-windows-ix86+x86_64 0.6-6 18.00 122.00 140.00 NOTE
r-patched-linux-x86_64 0.6-6 3.54 52.04 55.58 NOTE
r-patched-solaris-sparc 0.6-6 715.90 NOTE
r-patched-solaris-x86 0.6-6 159.40 NOTE
r-release-linux-x86_64 0.6-6 4.24 53.71 57.95 NOTE
r-release-windows-ix86+x86_64 0.6-6 10.00 127.00 137.00 NOTE
r-release-osx-x86_64 0.6-6 NOTE
r-oldrel-windows-ix86+x86_64 0.6-6 16.00 115.00 131.00 NOTE
r-oldrel-osx-x86_64 0.6-6 NOTE

Check Details

Version: 0.6-6
Check: DESCRIPTION meta-information
Result: NOTE
    Malformed Description field: should contain one or more complete sentences.
Flavors: r-devel-linux-x86_64-debian-clang, r-devel-linux-x86_64-debian-gcc, r-devel-linux-x86_64-fedora-clang, r-devel-linux-x86_64-fedora-gcc, r-devel-windows-ix86+x86_64, r-patched-linux-x86_64, r-patched-solaris-sparc, r-patched-solaris-x86, r-release-linux-x86_64, r-release-windows-ix86+x86_64, r-release-osx-x86_64, r-oldrel-windows-ix86+x86_64, r-oldrel-osx-x86_64

Version: 0.6-6
Check: R code for possible problems
Result: NOTE
    .snqProfitImposeConvexityStEr: no visible global function definition
     for ‘runif’
    predict.snqProfitEst: no visible global function definition for
     ‘model.matrix’
    predict.snqProfitEst: no visible global function definition for ‘qt’
    predict.snqProfitEst: no visible global function definition for
     ‘df.residual’
    predict.snqProfitEst: no visible global function definition for
     ‘residuals’
    snqProfitCoef: no visible global function definition for ‘pt’
    snqProfitEla: no visible global function definition for ‘pt’
    snqProfitEst: no visible global function definition for ‘as.formula’
    snqProfitEst: no visible global function definition for ‘coef’
    snqProfitEst: no visible global function definition for ‘vcov’
    snqProfitEst: no visible global function definition for ‘fitted’
    snqProfitEst: no visible global function definition for ‘df.residual’
    snqProfitImposeConvexity: no visible global function definition for
     ‘optim’
    snqProfitSystem: no visible global function definition for ‘as.formula’
    Undefined global functions or variables:
     as.formula coef df.residual fitted model.matrix optim pt qt residuals
     runif vcov
    Consider adding
     importFrom("stats", "as.formula", "coef", "df.residual", "fitted",
     "model.matrix", "optim", "pt", "qt", "residuals", "runif",
     "vcov")
    to your NAMESPACE file.
Flavors: r-devel-linux-x86_64-debian-clang, r-devel-linux-x86_64-debian-gcc, r-devel-linux-x86_64-fedora-clang, r-devel-linux-x86_64-fedora-gcc, r-devel-windows-ix86+x86_64, r-patched-linux-x86_64, r-patched-solaris-sparc, r-patched-solaris-x86, r-release-linux-x86_64, r-release-windows-ix86+x86_64, r-release-osx-x86_64, r-oldrel-windows-ix86+x86_64, r-oldrel-osx-x86_64