CRAN Package Check Results for Package micEconSNQP

Last updated on 2017-10-23 14:48:47.

Flavor Version Tinstall Tcheck Ttotal Status Flags
r-devel-linux-x86_64-debian-clang 0.6-6 3.73 53.34 57.06 NOTE
r-devel-linux-x86_64-debian-gcc 0.6-6 4.52 54.58 59.10 NOTE
r-devel-linux-x86_64-fedora-clang 0.6-6 125.13 NOTE
r-devel-linux-x86_64-fedora-gcc 0.6-6 126.86 NOTE
r-devel-windows-ix86+x86_64 0.6-6 15.00 89.00 104.00 NOTE
r-patched-linux-x86_64 0.6-6 4.03 54.16 58.19 NOTE
r-patched-solaris-x86 0.6-6 167.10 NOTE
r-release-linux-x86_64 0.6-6 3.59 54.83 58.42 NOTE
r-release-windows-ix86+x86_64 0.6-6 15.00 128.00 143.00 NOTE
r-release-osx-x86_64 0.6-6 NOTE
r-oldrel-windows-ix86+x86_64 0.6-6 10.00 76.00 86.00 NOTE
r-oldrel-osx-x86_64 0.6-6 NOTE

Check Details

Version: 0.6-6
Check: DESCRIPTION meta-information
Result: NOTE
    Malformed Description field: should contain one or more complete sentences.
Flavors: r-devel-linux-x86_64-debian-clang, r-devel-linux-x86_64-debian-gcc, r-devel-linux-x86_64-fedora-clang, r-devel-linux-x86_64-fedora-gcc, r-devel-windows-ix86+x86_64, r-patched-linux-x86_64, r-patched-solaris-x86, r-release-linux-x86_64, r-release-windows-ix86+x86_64, r-release-osx-x86_64, r-oldrel-windows-ix86+x86_64, r-oldrel-osx-x86_64

Version: 0.6-6
Check: R code for possible problems
Result: NOTE
    .snqProfitImposeConvexityStEr: no visible global function definition
     for ‘runif’
    predict.snqProfitEst: no visible global function definition for
     ‘model.matrix’
    predict.snqProfitEst: no visible global function definition for ‘qt’
    predict.snqProfitEst: no visible global function definition for
     ‘df.residual’
    predict.snqProfitEst: no visible global function definition for
     ‘residuals’
    snqProfitCoef: no visible global function definition for ‘pt’
    snqProfitEla: no visible global function definition for ‘pt’
    snqProfitEst: no visible global function definition for ‘as.formula’
    snqProfitEst: no visible global function definition for ‘coef’
    snqProfitEst: no visible global function definition for ‘vcov’
    snqProfitEst: no visible global function definition for ‘fitted’
    snqProfitEst: no visible global function definition for ‘df.residual’
    snqProfitImposeConvexity: no visible global function definition for
     ‘optim’
    snqProfitSystem: no visible global function definition for ‘as.formula’
    Undefined global functions or variables:
     as.formula coef df.residual fitted model.matrix optim pt qt residuals
     runif vcov
    Consider adding
     importFrom("stats", "as.formula", "coef", "df.residual", "fitted",
     "model.matrix", "optim", "pt", "qt", "residuals", "runif",
     "vcov")
    to your NAMESPACE file.
Flavors: r-devel-linux-x86_64-debian-clang, r-devel-linux-x86_64-debian-gcc, r-devel-linux-x86_64-fedora-clang, r-devel-linux-x86_64-fedora-gcc, r-devel-windows-ix86+x86_64, r-patched-linux-x86_64, r-patched-solaris-x86, r-release-linux-x86_64, r-release-windows-ix86+x86_64, r-release-osx-x86_64, r-oldrel-windows-ix86+x86_64, r-oldrel-osx-x86_64