CRAN Package Check Results for Package micEconSNQP

Last updated on 2018-09-22 03:49:52 CEST.

Flavor Version Tinstall Tcheck Ttotal Status Flags
r-devel-linux-x86_64-debian-clang 0.6-6 7.56 90.29 97.85 NOTE
r-devel-linux-x86_64-debian-gcc 0.6-6 7.72 70.31 78.03 NOTE
r-devel-linux-x86_64-fedora-clang 0.6-6 116.38 NOTE
r-devel-linux-x86_64-fedora-gcc 0.6-6 108.98 NOTE
r-devel-windows-ix86+x86_64 0.6-6 17.00 101.00 118.00 NOTE
r-patched-linux-x86_64 0.6-6 6.63 74.19 80.82 NOTE
r-patched-solaris-x86 0.6-6 144.90 NOTE
r-release-linux-x86_64 0.6-6 8.04 74.60 82.64 NOTE
r-release-windows-ix86+x86_64 0.6-6 12.00 114.00 126.00 NOTE
r-release-osx-x86_64 0.6-6 NOTE
r-oldrel-windows-ix86+x86_64 0.6-6 9.00 122.00 131.00 NOTE
r-oldrel-osx-x86_64 0.6-6 NOTE

Check Details

Version: 0.6-6
Check: DESCRIPTION meta-information
Result: NOTE
    Malformed Description field: should contain one or more complete sentences.
Flavors: r-devel-linux-x86_64-debian-clang, r-devel-linux-x86_64-debian-gcc, r-devel-linux-x86_64-fedora-clang, r-devel-linux-x86_64-fedora-gcc, r-devel-windows-ix86+x86_64, r-patched-linux-x86_64, r-patched-solaris-x86, r-release-linux-x86_64, r-release-windows-ix86+x86_64, r-release-osx-x86_64, r-oldrel-windows-ix86+x86_64, r-oldrel-osx-x86_64

Version: 0.6-6
Check: R code for possible problems
Result: NOTE
    .snqProfitImposeConvexityStEr: no visible global function definition
     for ‘runif’
    predict.snqProfitEst: no visible global function definition for
     ‘model.matrix’
    predict.snqProfitEst: no visible global function definition for ‘qt’
    predict.snqProfitEst: no visible global function definition for
     ‘df.residual’
    predict.snqProfitEst: no visible global function definition for
     ‘residuals’
    snqProfitCoef: no visible global function definition for ‘pt’
    snqProfitEla: no visible global function definition for ‘pt’
    snqProfitEst: no visible global function definition for ‘as.formula’
    snqProfitEst: no visible global function definition for ‘coef’
    snqProfitEst: no visible global function definition for ‘vcov’
    snqProfitEst: no visible global function definition for ‘fitted’
    snqProfitEst: no visible global function definition for ‘df.residual’
    snqProfitImposeConvexity: no visible global function definition for
     ‘optim’
    snqProfitSystem: no visible global function definition for ‘as.formula’
    Undefined global functions or variables:
     as.formula coef df.residual fitted model.matrix optim pt qt residuals
     runif vcov
    Consider adding
     importFrom("stats", "as.formula", "coef", "df.residual", "fitted",
     "model.matrix", "optim", "pt", "qt", "residuals", "runif",
     "vcov")
    to your NAMESPACE file.
Flavors: r-devel-linux-x86_64-debian-clang, r-devel-linux-x86_64-debian-gcc, r-devel-linux-x86_64-fedora-clang, r-devel-linux-x86_64-fedora-gcc, r-devel-windows-ix86+x86_64, r-patched-linux-x86_64, r-patched-solaris-x86, r-release-linux-x86_64, r-release-windows-ix86+x86_64, r-release-osx-x86_64, r-oldrel-windows-ix86+x86_64, r-oldrel-osx-x86_64