CRAN Package Check Results for Package mice

Last updated on 2014-12-19 08:48:34.

Flavor Version Tinstall Tcheck Ttotal Status Flags
r-devel-linux-x86_64-debian-clang 2.22 8.04 59.51 67.55 NOTE
r-devel-linux-x86_64-debian-gcc 2.22 8.42 56.90 65.32 NOTE
r-devel-linux-x86_64-fedora-clang 2.22 144.55 NOTE
r-devel-linux-x86_64-fedora-gcc 2.22 130.76 NOTE
r-devel-osx-x86_64-clang 2.22 116.59 NOTE
r-devel-windows-ix86+x86_64 2.22 34.00 131.00 165.00 NOTE
r-patched-linux-x86_64 2.22 8.80 60.90 69.70 NOTE
r-patched-solaris-sparc 2.22 826.60 NOTE
r-patched-solaris-x86 2.22 169.60 NOTE
r-release-linux-ix86 2.22 10.84 97.81 108.66 NOTE
r-release-linux-x86_64 2.22 8.48 60.36 68.85 NOTE
r-release-osx-x86_64-mavericks 2.22 OK
r-release-osx-x86_64-snowleopard 2.22 OK
r-release-windows-ix86+x86_64 2.22 34.00 138.00 172.00 NOTE
r-oldrel-windows-ix86+x86_64 2.22 38.00 158.00 196.00 OK

Check Details

Version: 2.22
Check: R code for possible problems
Result: NOTE
    appendbreak: no visible global function definition for ‘bs’
    bwplot.mids: no visible global function definition for
     ‘lattice.getOption’
    bwplot.mids: no visible global function definition for
     ‘latticeParseFormula’
    densityplot.mids: no visible global function definition for
     ‘lattice.getOption’
    densityplot.mids: no visible global function definition for
     ‘latticeParseFormula’
    extractBS: no visible global function definition for ‘ranef’
    extractBS: no visible global function definition for ‘fixef’
    mice.impute.2l.pan: no visible global function definition for ‘pan’
    nelsonaalen: no visible global function definition for ‘basehaz’
    nelsonaalen: no visible global function definition for ‘coxph’
    plot.mids : strip.combined: no visible global function definition for
     ‘panel.rect’
    plot.mids : strip.combined: no visible global function definition for
     ‘panel.text’
    pool: no visible global function definition for ‘fixef’
    stripplot.mids: no visible global function definition for
     ‘lattice.getOption’
    stripplot.mids: no visible global function definition for
     ‘latticeParseFormula’
    xyplot.mids: no visible global function definition for
     ‘lattice.getOption’
    xyplot.mids: no visible global function definition for
     ‘latticeParseFormula’
Flavors: r-devel-linux-x86_64-debian-clang, r-devel-linux-x86_64-debian-gcc, r-devel-linux-x86_64-fedora-clang, r-devel-linux-x86_64-fedora-gcc, r-devel-osx-x86_64-clang, r-devel-windows-ix86+x86_64, r-patched-linux-x86_64, r-patched-solaris-sparc, r-patched-solaris-x86, r-release-linux-ix86, r-release-linux-x86_64, r-release-windows-ix86+x86_64