CRAN Package Check Results for Package mice

Last updated on 2021-10-26 08:10:08 CEST.

Flavor Version Tinstall Tcheck Ttotal Status Flags
r-devel-linux-x86_64-debian-clang 3.13.0 41.57 211.63 253.20 OK
r-devel-linux-x86_64-debian-gcc 3.13.0 28.69 152.94 181.63 OK
r-devel-linux-x86_64-fedora-clang 3.13.0 333.07 OK
r-devel-linux-x86_64-fedora-gcc 3.13.0 307.29 OK
r-devel-windows-x86_64 3.13.0 59.00 290.00 349.00 OK
r-devel-windows-x86_64-gcc10-UCRT 3.13.0 OK
r-patched-linux-x86_64 3.13.0 38.22 197.83 236.05 OK
r-patched-solaris-x86 3.13.0 394.40 OK
r-release-linux-x86_64 3.13.0 34.56 198.27 232.83 OK
r-release-macos-arm64 3.13.0 NOTE
r-release-macos-x86_64 3.13.0 OK
r-release-windows-ix86+x86_64 3.13.0 67.00 457.00 524.00 OK
r-oldrel-macos-x86_64 3.13.0 OK
r-oldrel-windows-ix86+x86_64 3.13.0 96.00 471.00 567.00 OK

Check Details

Version: 3.13.0
Check: package dependencies
Result: NOTE
    Package suggested but not available for checking: ‘haven’
Flavor: r-release-macos-arm64