CRAN Package Check Results for Package mice

Last updated on 2016-06-29 17:48:42.

Flavor Version Tinstall Tcheck Ttotal Status Flags
r-devel-linux-x86_64-debian-gcc 2.25 12.66 73.23 85.89 OK
r-devel-linux-x86_64-fedora-clang 2.25 157.65 OK
r-devel-linux-x86_64-fedora-gcc 2.25 147.49 OK
r-devel-osx-x86_64-clang 2.25 119.08 OK
r-devel-windows-ix86+x86_64 2.25 46.00 152.00 198.00 OK
r-patched-linux-x86_64 2.25 10.60 71.02 81.62 OK
r-patched-solaris-sparc 2.25 961.20 NOTE
r-patched-solaris-x86 2.25 192.80 NOTE
r-release-linux-x86_64 2.25 9.89 69.43 79.32 OK
r-release-osx-x86_64-mavericks 2.25 OK
r-release-windows-ix86+x86_64 2.25 40.00 4.00 44.00 ERROR
r-oldrel-windows-ix86+x86_64 2.25 56.00 163.00 219.00 OK

Check Details

Version: 2.25
Check: installed package size
Result: NOTE
     installed size is 6.0Mb
     sub-directories of 1Mb or more:
     libs 4.9Mb
Flavors: r-patched-solaris-sparc, r-patched-solaris-x86

Version: 2.25
Check: whether package can be installed
Result: ERROR
    Installation failed.
Flavor: r-release-windows-ix86+x86_64