CRAN Package Check Results for Package mice

Last updated on 2014-08-23 08:51:36.

Flavor Version Tinstall Tcheck Ttotal Status Flags
r-devel-linux-x86_64-debian-clang 2.22 8.01 60.30 68.32 NOTE
r-devel-linux-x86_64-debian-gcc 2.22 8.50 58.90 67.40 NOTE
r-devel-linux-x86_64-fedora-clang 2.22 142.66 NOTE
r-devel-linux-x86_64-fedora-gcc 2.22 133.71 NOTE
r-devel-osx-x86_64-clang 2.22 107.07 NOTE
r-devel-windows-ix86+x86_64 2.22 33.00 136.00 169.00 OK
r-patched-linux-x86_64 2.22 9.30 64.22 73.52 OK
r-patched-solaris-sparc 2.22 888.80 OK
r-patched-solaris-x86 2.22 177.20 OK
r-release-linux-ix86 2.22 11.07 83.74 94.82 OK
r-release-linux-x86_64 2.22 8.87 63.97 72.84 OK
r-release-osx-x86_64-mavericks 2.22 OK
r-release-osx-x86_64-snowleopard 2.22 OK
r-release-windows-ix86+x86_64 2.22 34.00 149.00 183.00 OK
r-oldrel-windows-ix86+x86_64 2.22 33.00 159.00 192.00 OK

Check Details

Version: 2.22
Check: R code for possible problems
Result: NOTE
    appendbreak: no visible global function definition for ‘bs’
    bwplot.mids: no visible global function definition for
     ‘lattice.getOption’
    bwplot.mids: no visible global function definition for
     ‘latticeParseFormula’
    densityplot.mids: no visible global function definition for
     ‘lattice.getOption’
    densityplot.mids: no visible global function definition for
     ‘latticeParseFormula’
    extractBS: no visible global function definition for ‘ranef’
    extractBS: no visible global function definition for ‘fixef’
    mice.impute.2l.pan: no visible global function definition for ‘pan’
    nelsonaalen: no visible global function definition for ‘basehaz’
    nelsonaalen: no visible global function definition for ‘coxph’
    plot.mids : strip.combined: no visible global function definition for
     ‘panel.rect’
    plot.mids : strip.combined: no visible global function definition for
     ‘panel.text’
    pool: no visible global function definition for ‘fixef’
    stripplot.mids: no visible global function definition for
     ‘lattice.getOption’
    stripplot.mids: no visible global function definition for
     ‘latticeParseFormula’
    xyplot.mids: no visible global function definition for
     ‘lattice.getOption’
    xyplot.mids: no visible global function definition for
     ‘latticeParseFormula’
Flavors: r-devel-linux-x86_64-debian-clang, r-devel-linux-x86_64-debian-gcc, r-devel-linux-x86_64-fedora-clang, r-devel-linux-x86_64-fedora-gcc, r-devel-osx-x86_64-clang