CRAN Package Check Results for Package mice

Last updated on 2014-04-24 17:49:47.

Flavor Version Tinstall Tcheck Ttotal Status Flags
r-devel-linux-x86_64-debian-clang 2.21 8.22 70.75 78.96 NOTE
r-devel-linux-x86_64-debian-gcc 2.21 8.99 70.82 79.82 NOTE
r-devel-linux-x86_64-fedora-clang 2.21 160.81 NOTE
r-devel-linux-x86_64-fedora-gcc 2.21 154.96 NOTE
r-devel-osx-x86_64-clang 2.21 111.60 NOTE
r-devel-osx-x86_64-gcc 2.21 NOTE
r-devel-windows-ix86+x86_64 2.21 29.00 150.00 179.00 NOTE
r-patched-linux-x86_64 2.21 9.12 68.92 78.04 NOTE
r-patched-solaris-sparc 2.21 900.20 NOTE
r-patched-solaris-x86 2.21 186.60 NOTE
r-release-linux-ix86 2.21 14.00 108.00 122.00 NOTE
r-release-linux-x86_64 2.21 9.00 70.15 79.14 NOTE
r-release-osx-x86_64-mavericks 2.21 NOTE
r-release-osx-x86_64-snowleopard 2.21 OK
r-release-windows-ix86+x86_64 2.21 31.00 150.00 181.00 NOTE
r-oldrel-windows-ix86+x86_64 2.21 35.00 168.00 203.00 NOTE

Check Details

Version: 2.21
Check: R code for possible problems
Result: NOTE
    bwplot.mids: no visible global function definition for
     ‘lattice.getOption’
    bwplot.mids: no visible global function definition for
     ‘latticeParseFormula’
    densityplot.mids: no visible global function definition for
     ‘lattice.getOption’
    densityplot.mids: no visible global function definition for
     ‘latticeParseFormula’
    plot.mids : strip.combined: no visible global function definition for
     ‘panel.rect’
    plot.mids : strip.combined: no visible global function definition for
     ‘panel.text’
    stripplot.mids: no visible global function definition for
     ‘lattice.getOption’
    stripplot.mids: no visible global function definition for
     ‘latticeParseFormula’
    xyplot.mids: no visible global function definition for
     ‘lattice.getOption’
    xyplot.mids: no visible global function definition for
     ‘latticeParseFormula’
Flavors: r-devel-linux-x86_64-debian-clang, r-devel-linux-x86_64-debian-gcc, r-devel-linux-x86_64-fedora-clang, r-devel-linux-x86_64-fedora-gcc, r-devel-osx-x86_64-clang, r-devel-osx-x86_64-gcc, r-devel-windows-ix86+x86_64, r-patched-linux-x86_64, r-patched-solaris-sparc, r-patched-solaris-x86, r-release-linux-ix86, r-release-linux-x86_64, r-release-osx-x86_64-mavericks, r-release-windows-ix86+x86_64, r-oldrel-windows-ix86+x86_64

Version: 2.21
Check: package dependencies
Result: NOTE
    Package suggested but not available for checking: ‘Zelig’
Flavor: r-devel-osx-x86_64-gcc

Version: 2.21
Check: Rd cross-references
Result: NOTE
    Package unavailable to check Rd xrefs: ‘CALIBERrfimpute’
Flavors: r-devel-osx-x86_64-gcc, r-release-osx-x86_64-mavericks