CRAN Package Check Results for Package mice

Last updated on 2017-09-22 02:47:38.

Flavor Version Tinstall Tcheck Ttotal Status Flags
r-devel-linux-x86_64-debian-clang 2.30 11.99 86.26 98.25 NOTE
r-devel-linux-x86_64-debian-gcc 2.30 11.94 83.97 95.91 NOTE
r-devel-linux-x86_64-fedora-clang 2.30 195.77 NOTE
r-devel-linux-x86_64-fedora-gcc 2.30 191.24 NOTE
r-devel-windows-ix86+x86_64 2.30 39.00 193.00 232.00 NOTE
r-patched-linux-x86_64 2.30 12.15 85.35 97.50 NOTE
r-patched-solaris-x86 2.30 238.30 NOTE
r-release-linux-x86_64 2.30 11.85 83.79 95.64 NOTE
r-release-windows-ix86+x86_64 2.30 40.00 214.00 254.00 NOTE
r-release-osx-x86_64 2.30 OK
r-oldrel-windows-ix86+x86_64 2.30 33.00 173.00 206.00 OK
r-oldrel-osx-x86_64 2.30 OK

Check Details

Version: 2.30
Check: S3 generic/method consistency
Result: NOTE
    Found the following apparent S3 methods exported but not registered:
     cbind.mids rbind.mids
    See section ‘Registering S3 methods’ in the ‘Writing R Extensions’
    manual.
Flavors: r-devel-linux-x86_64-debian-clang, r-devel-linux-x86_64-debian-gcc, r-devel-linux-x86_64-fedora-clang, r-devel-linux-x86_64-fedora-gcc, r-patched-linux-x86_64, r-patched-solaris-x86, r-release-linux-x86_64

Version: 2.30
Check: Rd \usage sections
Result: NOTE
    S3 methods shown with full name in documentation object 'cbind.mids':
     ‘cbind.mids’
    
    S3 methods shown with full name in documentation object 'rbind.mids':
     ‘rbind.mids’
    
    The \usage entries for S3 methods should use the \method markup and not
    their full name.
    See chapter ‘Writing R documentation files’ in the ‘Writing R
    Extensions’ manual.
Flavors: r-devel-linux-x86_64-debian-clang, r-devel-linux-x86_64-debian-gcc, r-devel-linux-x86_64-fedora-clang, r-devel-linux-x86_64-fedora-gcc, r-devel-windows-ix86+x86_64, r-patched-linux-x86_64, r-patched-solaris-x86, r-release-linux-x86_64, r-release-windows-ix86+x86_64