CRAN Package Check Results for Package mice

Last updated on 2016-05-06 17:47:16.

Flavor Version Tinstall Tcheck Ttotal Status Flags
r-devel-linux-x86_64-debian-gcc 2.25 9.97 71.17 81.14 OK
r-devel-linux-x86_64-fedora-clang 2.25 157.99 OK
r-devel-linux-x86_64-fedora-gcc 2.25 145.82 OK
r-devel-osx-x86_64-clang 2.25 164.50 OK
r-devel-windows-ix86+x86_64 2.25 36.00 153.00 189.00 ERROR
r-patched-linux-x86_64 2.25 9.66 69.33 78.99 OK
r-patched-solaris-sparc 2.25 750.30 OK
r-patched-solaris-x86 2.25 193.00 OK
r-release-linux-x86_64 2.25 9.75 69.39 79.15 OK
r-release-osx-x86_64-mavericks 2.25 OK
r-release-windows-ix86+x86_64 2.25 36.00 153.00 189.00 ERROR
r-oldrel-windows-ix86+x86_64 2.25 57.00 221.00 278.00 OK

Check Details

Version: 2.25
Check: whether package can be installed
Result: ERROR
    Installation failed.
Flavors: r-devel-windows-ix86+x86_64, r-release-windows-ix86+x86_64