CRAN Package Check Results for Package mice

Last updated on 2017-07-26 02:47:57.

Flavor Version Tinstall Tcheck Ttotal Status Flags
r-devel-linux-x86_64-debian-clang 2.30 11.89 98.60 110.49 NOTE
r-devel-linux-x86_64-debian-gcc 2.30 11.91 97.13 109.03 NOTE
r-devel-linux-x86_64-fedora-clang 2.30 201.49 NOTE
r-devel-linux-x86_64-fedora-gcc 2.30 192.29 NOTE
r-devel-windows-ix86+x86_64 2.30 56.00 254.00 310.00 NOTE
r-patched-linux-x86_64 2.30 11.91 97.72 109.63 NOTE
r-patched-solaris-x86 2.30 241.80 NOTE
r-release-linux-x86_64 2.30 11.71 98.80 110.52 NOTE
r-release-windows-ix86+x86_64 2.30 41.00 255.00 296.00 NOTE
r-release-osx-x86_64 2.30 OK
r-oldrel-windows-ix86+x86_64 2.30 38.00 171.00 209.00 OK
r-oldrel-osx-x86_64 2.30 OK

Check Details

Version: 2.30
Check: S3 generic/method consistency
Result: NOTE
    Found the following apparent S3 methods exported but not registered:
     cbind.mids rbind.mids
    See section ‘Registering S3 methods’ in the ‘Writing R Extensions’
    manual.
Flavors: r-devel-linux-x86_64-debian-clang, r-devel-linux-x86_64-debian-gcc, r-devel-linux-x86_64-fedora-clang, r-devel-linux-x86_64-fedora-gcc, r-patched-linux-x86_64, r-patched-solaris-x86, r-release-linux-x86_64

Version: 2.30
Check: Rd \usage sections
Result: NOTE
    S3 methods shown with full name in documentation object 'cbind.mids':
     ‘cbind.mids’
    
    S3 methods shown with full name in documentation object 'rbind.mids':
     ‘rbind.mids’
    
    The \usage entries for S3 methods should use the \method markup and not
    their full name.
    See chapter ‘Writing R documentation files’ in the ‘Writing R
    Extensions’ manual.
Flavors: r-devel-linux-x86_64-debian-clang, r-devel-linux-x86_64-debian-gcc, r-devel-linux-x86_64-fedora-clang, r-devel-linux-x86_64-fedora-gcc, r-devel-windows-ix86+x86_64, r-patched-linux-x86_64, r-patched-solaris-x86, r-release-linux-x86_64, r-release-windows-ix86+x86_64