CRAN Package Check Results for Package mice

Last updated on 2015-03-05 22:47:30.

Flavor Version Tinstall Tcheck Ttotal Status Flags
r-devel-linux-x86_64-debian-clang 2.22 8.33 53.14 61.48 NOTE
r-devel-linux-x86_64-debian-gcc 2.22 9.25 52.41 61.66 NOTE
r-devel-linux-x86_64-fedora-clang 2.22 122.74 NOTE
r-devel-linux-x86_64-fedora-gcc 2.22 116.06 NOTE
r-devel-osx-x86_64-clang 2.22 103.99 NOTE
r-devel-windows-ix86+x86_64 2.22 28.00 125.00 153.00 NOTE
r-patched-linux-x86_64 2.22 9.32 61.32 70.64 NOTE
r-patched-solaris-sparc 2.22 865.50 NOTE
r-patched-solaris-x86 2.22 175.10 NOTE
r-release-linux-ix86 2.22 10.97 78.00 88.97 NOTE
r-release-linux-x86_64 2.22 8.70 63.09 71.79 NOTE
r-release-osx-x86_64-mavericks 2.22 NOTE
r-release-osx-x86_64-snowleopard 2.22 OK
r-release-windows-ix86+x86_64 2.22 36.00 141.00 177.00 NOTE
r-oldrel-windows-ix86+x86_64 2.22 34.00 166.00 200.00 OK

Check Details

Version: 2.22
Check: dependencies in R code
Result: NOTE
    'library' or 'require' calls in package code:
     ‘lme4’ ‘nlme’ ‘pan’ ‘survival’
     Please use :: or requireNamespace() instead.
     See section 'Suggested packages' in the 'Writing R Extensions' manual.
Flavors: r-devel-linux-x86_64-debian-clang, r-devel-linux-x86_64-debian-gcc, r-devel-linux-x86_64-fedora-clang, r-devel-linux-x86_64-fedora-gcc, r-devel-osx-x86_64-clang, r-devel-windows-ix86+x86_64, r-patched-linux-x86_64, r-patched-solaris-sparc, r-patched-solaris-x86

Version: 2.22
Check: R code for possible problems
Result: NOTE
    appendbreak: no visible global function definition for ‘bs’
    bwplot.mids: no visible global function definition for
     ‘lattice.getOption’
    bwplot.mids: no visible global function definition for
     ‘latticeParseFormula’
    densityplot.mids: no visible global function definition for
     ‘lattice.getOption’
    densityplot.mids: no visible global function definition for
     ‘latticeParseFormula’
    extractBS: no visible global function definition for ‘ranef’
    extractBS: no visible global function definition for ‘fixef’
    mice.impute.2l.pan: no visible global function definition for ‘pan’
    nelsonaalen: no visible global function definition for ‘basehaz’
    nelsonaalen: no visible global function definition for ‘coxph’
    plot.mids : strip.combined: no visible global function definition for
     ‘panel.rect’
    plot.mids : strip.combined: no visible global function definition for
     ‘panel.text’
    pool: no visible global function definition for ‘fixef’
    stripplot.mids: no visible global function definition for
     ‘lattice.getOption’
    stripplot.mids: no visible global function definition for
     ‘latticeParseFormula’
    xyplot.mids: no visible global function definition for
     ‘lattice.getOption’
    xyplot.mids: no visible global function definition for
     ‘latticeParseFormula’
Flavors: r-devel-linux-x86_64-debian-clang, r-devel-linux-x86_64-debian-gcc, r-devel-linux-x86_64-fedora-clang, r-devel-linux-x86_64-fedora-gcc, r-devel-osx-x86_64-clang, r-devel-windows-ix86+x86_64, r-patched-linux-x86_64, r-patched-solaris-sparc, r-patched-solaris-x86, r-release-linux-ix86, r-release-linux-x86_64, r-release-osx-x86_64-mavericks, r-release-windows-ix86+x86_64