CRAN Package Check Results for Package mice

Last updated on 2015-05-27 19:47:13.

Flavor Version Tinstall Tcheck Ttotal Status Flags
r-devel-linux-x86_64-debian-clang 2.22 8.71 54.06 62.77 NOTE
r-devel-linux-x86_64-debian-gcc 2.22 8.56 53.88 62.43 NOTE
r-devel-linux-x86_64-fedora-clang 2.22 122.58 NOTE
r-devel-linux-x86_64-fedora-gcc 2.22 115.04 NOTE
r-devel-osx-x86_64-clang 2.22 100.82 NOTE
r-devel-windows-ix86+x86_64 2.22 44.00 131.00 175.00 NOTE
r-patched-linux-x86_64 2.22 8.62 52.13 60.75 NOTE
r-patched-solaris-sparc 2.22 776.90 NOTE
r-patched-solaris-x86 2.22 150.30 NOTE
r-release-linux-x86_64 2.22 8.55 52.06 60.62 NOTE
r-release-osx-x86_64-mavericks 2.22 NOTE
r-release-osx-x86_64-snowleopard 2.22 NOTE
r-release-windows-ix86+x86_64 2.22 35.00 134.00 169.00 NOTE
r-oldrel-windows-ix86+x86_64 2.22 33.00 144.00 177.00 NOTE

Check Details

Version: 2.22
Check: dependencies in R code
Result: NOTE
    'library' or 'require' calls in package code:
     ‘lme4’ ‘nlme’ ‘pan’ ‘survival’
     Please use :: or requireNamespace() instead.
     See section 'Suggested packages' in the 'Writing R Extensions' manual.
Flavors: r-devel-linux-x86_64-debian-clang, r-devel-linux-x86_64-debian-gcc, r-devel-linux-x86_64-fedora-clang, r-devel-linux-x86_64-fedora-gcc, r-devel-osx-x86_64-clang, r-devel-windows-ix86+x86_64, r-patched-linux-x86_64, r-patched-solaris-sparc, r-patched-solaris-x86, r-release-linux-x86_64, r-release-osx-x86_64-mavericks, r-release-osx-x86_64-snowleopard, r-release-windows-ix86+x86_64, r-oldrel-windows-ix86+x86_64

Version: 2.22
Check: R code for possible problems
Result: NOTE
    appendbreak: no visible global function definition for ‘bs’
    bwplot.mids: no visible global function definition for
     ‘lattice.getOption’
    bwplot.mids: no visible global function definition for
     ‘latticeParseFormula’
    densityplot.mids: no visible global function definition for
     ‘lattice.getOption’
    densityplot.mids: no visible global function definition for
     ‘latticeParseFormula’
    extractBS: no visible global function definition for ‘ranef’
    extractBS: no visible global function definition for ‘fixef’
    mice.impute.2l.pan: no visible global function definition for ‘pan’
    nelsonaalen: no visible global function definition for ‘basehaz’
    nelsonaalen: no visible global function definition for ‘coxph’
    plot.mids : strip.combined: no visible global function definition for
     ‘panel.rect’
    plot.mids : strip.combined: no visible global function definition for
     ‘panel.text’
    pool: no visible global function definition for ‘fixef’
    stripplot.mids: no visible global function definition for
     ‘lattice.getOption’
    stripplot.mids: no visible global function definition for
     ‘latticeParseFormula’
    xyplot.mids: no visible global function definition for
     ‘lattice.getOption’
    xyplot.mids: no visible global function definition for
     ‘latticeParseFormula’
Flavors: r-devel-linux-x86_64-debian-clang, r-devel-linux-x86_64-debian-gcc, r-devel-linux-x86_64-fedora-clang, r-devel-linux-x86_64-fedora-gcc, r-devel-osx-x86_64-clang, r-devel-windows-ix86+x86_64, r-patched-linux-x86_64, r-patched-solaris-sparc, r-patched-solaris-x86, r-release-linux-x86_64, r-release-osx-x86_64-mavericks, r-release-osx-x86_64-snowleopard, r-release-windows-ix86+x86_64, r-oldrel-windows-ix86+x86_64

Version: 2.22
Check: package dependencies
Result: NOTE
    Package suggested but not available for checking: ‘Zelig’
Flavor: r-release-osx-x86_64-snowleopard