CRAN Package Check Results for Package mice

Last updated on 2015-01-31 20:46:51.

Flavor Version Tinstall Tcheck Ttotal Status Flags
r-devel-linux-x86_64-debian-clang 2.22 8.07 53.18 61.25 NOTE
r-devel-linux-x86_64-debian-gcc 2.22 8.55 51.06 59.62 NOTE
r-devel-linux-x86_64-fedora-clang 2.22 141.02 NOTE
r-devel-linux-x86_64-fedora-gcc 2.22 130.30 NOTE
r-devel-osx-x86_64-clang 2.22 110.98 NOTE
r-devel-windows-ix86+x86_64 2.22 51.00 121.00 172.00 NOTE
r-patched-linux-x86_64 2.22 10.17 61.53 71.70 NOTE
r-patched-solaris-sparc 2.22 853.50 NOTE
r-patched-solaris-x86 2.22 172.50 NOTE
r-release-linux-ix86 2.22 11.11 78.39 89.50 NOTE
r-release-linux-x86_64 2.22 9.63 62.10 71.73 NOTE
r-release-osx-x86_64-mavericks 2.22 NOTE
r-release-osx-x86_64-snowleopard 2.22 OK
r-release-windows-ix86+x86_64 2.22 35.00 151.00 186.00 NOTE
r-oldrel-windows-ix86+x86_64 2.22 37.00 162.00 199.00 OK

Check Details

Version: 2.22
Check: dependencies in R code
Result: NOTE
    'library' or 'require' calls in package code:
     ‘lme4’ ‘nlme’ ‘pan’ ‘survival’
     Please use :: or requireNamespace() instead.
     See section 'Suggested packages' in the 'Writing R Extensions' manual.
Flavors: r-devel-linux-x86_64-debian-clang, r-devel-linux-x86_64-debian-gcc, r-devel-linux-x86_64-fedora-clang, r-devel-linux-x86_64-fedora-gcc, r-devel-osx-x86_64-clang, r-devel-windows-ix86+x86_64

Version: 2.22
Check: R code for possible problems
Result: NOTE
    appendbreak: no visible global function definition for ‘bs’
    bwplot.mids: no visible global function definition for
     ‘lattice.getOption’
    bwplot.mids: no visible global function definition for
     ‘latticeParseFormula’
    densityplot.mids: no visible global function definition for
     ‘lattice.getOption’
    densityplot.mids: no visible global function definition for
     ‘latticeParseFormula’
    extractBS: no visible global function definition for ‘ranef’
    extractBS: no visible global function definition for ‘fixef’
    mice.impute.2l.pan: no visible global function definition for ‘pan’
    nelsonaalen: no visible global function definition for ‘basehaz’
    nelsonaalen: no visible global function definition for ‘coxph’
    plot.mids : strip.combined: no visible global function definition for
     ‘panel.rect’
    plot.mids : strip.combined: no visible global function definition for
     ‘panel.text’
    pool: no visible global function definition for ‘fixef’
    stripplot.mids: no visible global function definition for
     ‘lattice.getOption’
    stripplot.mids: no visible global function definition for
     ‘latticeParseFormula’
    xyplot.mids: no visible global function definition for
     ‘lattice.getOption’
    xyplot.mids: no visible global function definition for
     ‘latticeParseFormula’
Flavors: r-devel-linux-x86_64-debian-clang, r-devel-linux-x86_64-debian-gcc, r-devel-linux-x86_64-fedora-clang, r-devel-linux-x86_64-fedora-gcc, r-devel-osx-x86_64-clang, r-devel-windows-ix86+x86_64, r-patched-linux-x86_64, r-patched-solaris-sparc, r-patched-solaris-x86, r-release-linux-ix86, r-release-linux-x86_64, r-release-osx-x86_64-mavericks, r-release-windows-ix86+x86_64