CRAN Package Check Results for Package microbenchmark

Last updated on 2017-06-27 16:46:54.

Flavor Version Tinstall Tcheck Ttotal Status Flags
r-devel-linux-x86_64-debian-clang 1.4-2.1 1.90 22.36 24.26 NOTE
r-devel-linux-x86_64-debian-gcc 1.4-2.1 1.73 21.81 23.54 NOTE
r-devel-linux-x86_64-fedora-clang 1.4-2.1 44.83 NOTE
r-devel-linux-x86_64-fedora-gcc 1.4-2.1 47.17 NOTE
r-devel-windows-ix86+x86_64 1.4-2.1 15.00 61.00 76.00 NOTE
r-patched-linux-x86_64 1.4-2.1 1.73 22.00 23.73 NOTE
r-release-linux-x86_64 1.4-2.1 1.82 22.40 24.22 NOTE
r-release-windows-ix86+x86_64 1.4-2.1 9.00 87.00 96.00 NOTE
r-release-osx-x86_64 1.4-2.1 NOTE
r-oldrel-windows-ix86+x86_64 1.4-2.1 14.00 73.00 87.00 NOTE
r-oldrel-osx-x86_64 1.4-2.1 NOTE

Check Details

Version: 1.4-2.1
Check: for GNU extensions in Makefiles
Result: NOTE
    GNU make is a SystemRequirements.
Flavors: r-devel-linux-x86_64-debian-clang, r-devel-linux-x86_64-debian-gcc, r-devel-linux-x86_64-fedora-clang, r-devel-linux-x86_64-fedora-gcc, r-devel-windows-ix86+x86_64, r-patched-linux-x86_64, r-release-linux-x86_64, r-release-windows-ix86+x86_64, r-release-osx-x86_64, r-oldrel-windows-ix86+x86_64, r-oldrel-osx-x86_64

Version: 1.4-2.1
Check: compiled code
Result: NOTE
    File ‘microbenchmark/libs/microbenchmark.so’:
     Found no calls to: ‘R_registerRoutines’, ‘R_useDynamicSymbols’
    
    It is good practice to register native routines and to disable symbol
    search.
    
    See ‘Writing portable packages’ in the ‘Writing R Extensions’ manual.
Flavors: r-devel-linux-x86_64-debian-clang, r-devel-linux-x86_64-debian-gcc, r-devel-linux-x86_64-fedora-clang, r-devel-linux-x86_64-fedora-gcc, r-patched-linux-x86_64, r-release-linux-x86_64