CRAN Package Check Results for Package microbenchmark

Last updated on 2017-04-27 23:50:01.

Flavor Version Tinstall Tcheck Ttotal Status Flags
r-devel-linux-x86_64-debian-clang 1.4-2.1 1.72 22.99 24.70 NOTE
r-devel-linux-x86_64-debian-gcc 1.4-2.1 1.77 22.60 24.37 NOTE
r-devel-linux-x86_64-fedora-clang 1.4-2.1 46.48 NOTE --no-stop-on-test-error
r-devel-linux-x86_64-fedora-gcc 1.4-2.1 43.11 NOTE --no-stop-on-test-error
r-devel-windows-ix86+x86_64 1.4-2.1 8.00 87.00 95.00 NOTE
r-patched-linux-x86_64 1.4-2.1 1.68 22.26 23.94 NOTE
r-release-linux-x86_64 1.4-2.1 1.60 22.40 24.00 NOTE
r-release-windows-ix86+x86_64 1.4-2.1 8.00 64.00 72.00 NOTE
r-release-osx-x86_64 1.4-2.1 NOTE
r-oldrel-windows-ix86+x86_64 1.4-2.1 14.00 53.00 67.00 NOTE
r-oldrel-osx-x86_64 1.4-2.1 NOTE

Check Details

Version: 1.4-2.1
Check: for GNU extensions in Makefiles
Result: NOTE
    GNU make is a SystemRequirements.
Flavors: r-devel-linux-x86_64-debian-clang, r-devel-linux-x86_64-debian-gcc, r-devel-windows-ix86+x86_64, r-patched-linux-x86_64, r-release-linux-x86_64, r-release-windows-ix86+x86_64, r-release-osx-x86_64, r-oldrel-windows-ix86+x86_64, r-oldrel-osx-x86_64

Version: 1.4-2.1
Check: compiled code
Result: NOTE
    File ‘microbenchmark/libs/microbenchmark.so’:
     Found no calls to: ‘R_registerRoutines’, ‘R_useDynamicSymbols’
    
    It is good practice to register native routines and to disable symbol
    search.
    
    See ‘Writing portable packages’ in the ‘Writing R Extensions’ manual.
Flavors: r-devel-linux-x86_64-debian-clang, r-devel-linux-x86_64-debian-gcc, r-patched-linux-x86_64, r-release-linux-x86_64

Version: 1.4-2.1
Flags: --no-stop-on-test-error
Check: for GNU extensions in Makefiles
Result: NOTE
    GNU make is a SystemRequirements.
Flavors: r-devel-linux-x86_64-fedora-clang, r-devel-linux-x86_64-fedora-gcc

Version: 1.4-2.1
Flags: --no-stop-on-test-error
Check: compiled code
Result: NOTE
    File ‘microbenchmark/libs/microbenchmark.so’:
     Found no calls to: ‘R_registerRoutines’, ‘R_useDynamicSymbols’
    
    It is good practice to register native routines and to disable symbol
    search.
    
    See ‘Writing portable packages’ in the ‘Writing R Extensions’ manual.
Flavors: r-devel-linux-x86_64-fedora-clang, r-devel-linux-x86_64-fedora-gcc