CRAN Package Check Results for Package microbenchmark

Last updated on 2016-12-02 23:48:10.

Flavor Version Tinstall Tcheck Ttotal Status Flags
r-devel-linux-x86_64-debian-clang 1.4-2.1 1.80 22.57 24.37 NOTE
r-devel-linux-x86_64-debian-gcc 1.4-2.1 1.84 22.21 24.04 NOTE
r-devel-linux-x86_64-fedora-clang 1.4-2.1 46.95 NOTE
r-devel-linux-x86_64-fedora-gcc 1.4-2.1 47.40 NOTE
r-devel-macos-x86_64-clang 1.4-2.1 36.56 NOTE
r-devel-windows-ix86+x86_64 1.4-2.1 8.00 62.00 70.00 NOTE
r-patched-linux-x86_64 1.4-2.1 1.49 18.29 19.77 NOTE
r-release-linux-x86_64 1.4-2.1 1.60 18.82 20.42 NOTE
r-release-osx-x86_64-mavericks 1.4-2.1 NOTE
r-release-windows-ix86+x86_64 1.4-2.1 14.00 70.00 84.00 NOTE
r-oldrel-windows-ix86+x86_64 1.4-2.1 17.00 74.00 91.00 NOTE

Check Details

Version: 1.4-2.1
Check: for GNU extensions in Makefiles
Result: NOTE
    GNU make is a SystemRequirements.
Flavors: r-devel-linux-x86_64-debian-clang, r-devel-linux-x86_64-debian-gcc, r-devel-linux-x86_64-fedora-clang, r-devel-linux-x86_64-fedora-gcc, r-devel-macos-x86_64-clang, r-devel-windows-ix86+x86_64, r-patched-linux-x86_64, r-release-linux-x86_64, r-release-osx-x86_64-mavericks, r-release-windows-ix86+x86_64, r-oldrel-windows-ix86+x86_64