CRAN Package Check Results for Package microbenchmark

Last updated on 2015-07-07 06:46:40.

Flavor Version Tinstall Tcheck Ttotal Status Flags
r-devel-linux-x86_64-debian-clang 1.4-2 1.54 16.74 18.28 WARN
r-devel-linux-x86_64-debian-gcc 1.4-2 1.57 16.57 18.14 WARN
r-devel-linux-x86_64-fedora-clang 1.4-2 35.41 WARN
r-devel-linux-x86_64-fedora-gcc 1.4-2 33.26 WARN
r-devel-osx-x86_64-clang 1.4-2 33.88 WARN
r-devel-windows-ix86+x86_64 1.4-2 10.00 43.00 53.00 WARN
r-patched-linux-x86_64 1.4-2 1.56 17.32 18.88 WARN
r-patched-solaris-x86 1.4-2 53.60 WARN
r-release-linux-x86_64 1.4-2 1.56 16.93 18.49 WARN
r-release-osx-x86_64-mavericks 1.4-2 WARN
r-release-windows-ix86+x86_64 1.4-2 13.00 47.00 60.00 WARN
r-oldrel-windows-ix86+x86_64 1.4-2 14.00 71.00 85.00 WARN

Check Details

Version: 1.4-2
Check: R code for possible problems
Result: NOTE
    summary.microbenchmark: no visible global function definition for
     ‘aggregate’
    summary.microbenchmark : <anonymous>: no visible global function
     definition for ‘fivenum’
    summary.microbenchmark: no visible global function definition for ‘lm’
    Undefined global functions or variables:
     aggregate fivenum lm
Flavors: r-devel-linux-x86_64-debian-clang, r-devel-linux-x86_64-debian-gcc, r-devel-linux-x86_64-fedora-clang, r-devel-linux-x86_64-fedora-gcc, r-devel-windows-ix86+x86_64

Version: 1.4-2
Check: for GNU extensions in Makefiles
Result: WARN
    Found the following file(s) containing GNU extensions:
     src/Makevars
    Portable Makefiles do not use GNU extensions such as +=, :=, $(shell),
    $(wildcard), ifeq ... endif. See section ‘Writing portable packages’ in
    the ‘Writing R Extensions’ manual.
Flavors: r-devel-linux-x86_64-debian-clang, r-devel-linux-x86_64-debian-gcc, r-devel-linux-x86_64-fedora-clang, r-devel-linux-x86_64-fedora-gcc, r-devel-osx-x86_64-clang, r-devel-windows-ix86+x86_64, r-patched-linux-x86_64, r-patched-solaris-x86, r-release-linux-x86_64, r-release-osx-x86_64-mavericks, r-release-windows-ix86+x86_64, r-oldrel-windows-ix86+x86_64

Version: 1.4-2
Check: package dependencies
Result: NOTE
    Package suggested but not available for checking: ‘multcomp’
Flavor: r-release-osx-x86_64-mavericks