CRAN Package Check Results for Package microbenchmark

Last updated on 2014-10-02 03:47:49.

Flavor Version Tinstall Tcheck Ttotal Status Flags
r-devel-linux-x86_64-debian-clang 1.4-2 2.11 22.68 24.79 OK
r-devel-linux-x86_64-debian-gcc 1.4-2 2.09 23.45 25.54 OK
r-devel-linux-x86_64-fedora-clang 1.4-2 27.29 OK
r-devel-linux-x86_64-fedora-gcc 1.4-2 47.53 OK
r-devel-osx-x86_64-clang 1.4-2 45.71 OK
r-devel-windows-ix86+x86_64 1.4-2 10.00 57.00 67.00 OK
r-patched-linux-x86_64 1.4-2 2.16 23.62 25.78 OK
r-release-linux-ix86 1.3-0 1.31 17.37 18.68 NOTE
r-release-linux-x86_64 1.4-2 2.15 23.73 25.88 OK
r-release-osx-x86_64-mavericks 1.4-2 OK
r-release-osx-x86_64-snowleopard 1.4-2 OK
r-release-windows-ix86+x86_64 1.4-2 12.00 58.00 70.00 OK
r-oldrel-windows-ix86+x86_64 1.4-2 11.00 61.00 72.00 OK

Check Details

Version: 1.3-0
Check: DESCRIPTION meta-information
Result: NOTE
    Deprecated license: BSD
Flavor: r-release-linux-ix86