CRAN Package Check Results for Package microbenchmark

Last updated on 2017-12-17 19:47:56 CET.

Flavor Version Tinstall Tcheck Ttotal Status Flags
r-devel-linux-x86_64-debian-clang 1.4-2.1 2.01 33.27 35.28 NOTE
r-devel-linux-x86_64-debian-gcc 1.4-2.1 1.68 27.01 28.69 NOTE
r-devel-linux-x86_64-fedora-clang 1.4-2.1 42.84 NOTE
r-devel-linux-x86_64-fedora-gcc 1.4-2.1 42.69 NOTE
r-devel-windows-ix86+x86_64 1.4-2.1 10.00 60.00 70.00 NOTE
r-patched-linux-x86_64 1.4-2.1 2.18 34.26 36.44 NOTE
r-release-linux-x86_64 1.4-2.1 2.24 34.42 36.66 NOTE
r-release-windows-ix86+x86_64 1.4-2.1 9.00 62.00 71.00 NOTE
r-release-osx-x86_64 1.4-2.1 NOTE
r-oldrel-windows-ix86+x86_64 1.4-2.1 12.00 69.00 81.00 NOTE
r-oldrel-osx-x86_64 1.4-2.1 NOTE

Check Details

Version: 1.4-2.1
Check: for GNU extensions in Makefiles
Result: NOTE
    GNU make is a SystemRequirements.
Flavors: r-devel-linux-x86_64-debian-clang, r-devel-linux-x86_64-debian-gcc, r-devel-linux-x86_64-fedora-clang, r-devel-linux-x86_64-fedora-gcc, r-devel-windows-ix86+x86_64, r-patched-linux-x86_64, r-release-linux-x86_64, r-release-windows-ix86+x86_64, r-release-osx-x86_64, r-oldrel-windows-ix86+x86_64, r-oldrel-osx-x86_64

Version: 1.4-2.1
Check: compiled code
Result: NOTE
    File ‘microbenchmark/libs/microbenchmark.so’:
     Found no calls to: ‘R_registerRoutines’, ‘R_useDynamicSymbols’
    
    It is good practice to register native routines and to disable symbol
    search.
    
    See ‘Writing portable packages’ in the ‘Writing R Extensions’ manual.
Flavors: r-devel-linux-x86_64-debian-clang, r-devel-linux-x86_64-debian-gcc, r-devel-linux-x86_64-fedora-clang, r-devel-linux-x86_64-fedora-gcc, r-patched-linux-x86_64, r-release-linux-x86_64