CRAN Package Check Results for Package microbenchmark

Last updated on 2016-06-26 20:50:04.

Flavor Version Tinstall Tcheck Ttotal Status Flags
r-devel-linux-x86_64-debian-gcc 1.4-2.1 1.51 17.24 18.75 NOTE
r-devel-linux-x86_64-fedora-clang 1.4-2.1 36.09 NOTE
r-devel-linux-x86_64-fedora-gcc 1.4-2.1 32.74 NOTE
r-devel-osx-x86_64-clang 1.4-2.1 30.15 NOTE
r-devel-windows-ix86+x86_64 1.4-2.1 10.00 52.00 62.00 NOTE
r-patched-linux-x86_64 1.4-2.1 1.98 18.05 20.03 NOTE
r-release-linux-x86_64 1.4-2.1 1.54 18.76 20.30 NOTE
r-release-osx-x86_64-mavericks 1.4-2.1 NOTE
r-release-windows-ix86+x86_64 1.4-2.1 8.00 55.00 63.00 NOTE
r-oldrel-windows-ix86+x86_64 1.4-2.1 11.00 56.00 67.00 NOTE

Check Details

Version: 1.4-2.1
Check: for GNU extensions in Makefiles
Result: NOTE
    GNU make is a SystemRequirements.
Flavors: r-devel-linux-x86_64-debian-gcc, r-devel-linux-x86_64-fedora-clang, r-devel-linux-x86_64-fedora-gcc, r-devel-osx-x86_64-clang, r-devel-windows-ix86+x86_64, r-patched-linux-x86_64, r-release-linux-x86_64, r-release-osx-x86_64-mavericks, r-release-windows-ix86+x86_64, r-oldrel-windows-ix86+x86_64