CRAN Package Check Results for Package microbenchmark

Last updated on 2015-03-29 19:48:45.

Flavor Version Tinstall Tcheck Ttotal Status Flags
r-devel-linux-x86_64-debian-clang 1.4-2 1.50 17.42 18.92 WARN
r-devel-linux-x86_64-debian-gcc 1.4-2 1.64 16.58 18.22 WARN
r-devel-linux-x86_64-fedora-clang 1.4-2 36.92 WARN
r-devel-linux-x86_64-fedora-gcc 1.4-2 38.57 WARN
r-devel-osx-x86_64-clang 1.4-2 40.05 WARN
r-prerel-windows-ix86+x86_64 1.4-2 11.00 41.00 52.00 WARN
r-prerel-linux-x86_64 1.4-2 1.56 16.03 17.58 WARN
r-prerel-solaris-x86 1.4-2 48.70 WARN
r-release-linux-x86_64 1.4-2 2.30 24.72 27.02 WARN
r-release-osx-x86_64-mavericks 1.4-2 WARN
r-release-osx-x86_64-snowleopard 1.4-2 OK
r-release-windows-ix86+x86_64 1.4-2 11.00 61.00 72.00 WARN
r-oldrel-windows-ix86+x86_64 1.4-2 12.00 67.00 79.00 OK

Check Details

Version: 1.4-2
Check: for GNU extensions in Makefiles
Result: WARN
    Found the following file(s) containing GNU extensions:
     src/Makevars
    Portable Makefiles do not use GNU extensions such as +=, :=, $(shell),
    $(wildcard), ifeq ... endif. See section ‘Writing portable packages’ in
    the ‘Writing R Extensions’ manual.
Flavors: r-devel-linux-x86_64-debian-clang, r-devel-linux-x86_64-debian-gcc, r-devel-linux-x86_64-fedora-clang, r-devel-linux-x86_64-fedora-gcc, r-devel-osx-x86_64-clang, r-prerel-windows-ix86+x86_64, r-prerel-linux-x86_64, r-prerel-solaris-x86, r-release-linux-x86_64, r-release-osx-x86_64-mavericks, r-release-windows-ix86+x86_64