CRAN Package Check Results for Package microbenchmark

Last updated on 2015-11-26 04:49:32.

Flavor Version Tinstall Tcheck Ttotal Status Flags
r-devel-linux-x86_64-debian-gcc 1.4-2 1.52 15.28 16.80 WARN
r-devel-linux-x86_64-fedora-clang 1.4-2.1 34.46 NOTE
r-devel-linux-x86_64-fedora-gcc 1.4-2.1 31.74 NOTE
r-devel-osx-x86_64-clang 1.4-2.1 19.48 NOTE
r-devel-windows-ix86+x86_64 1.4-2.1 9.00 49.00 58.00 NOTE
r-patched-linux-x86_64 1.4-2 1.77 15.95 17.72 WARN
r-release-linux-x86_64 1.4-2 1.68 17.76 19.44 WARN
r-release-osx-x86_64-mavericks 1.4-2 WARN
r-release-windows-ix86+x86_64 1.4-2.1 12.00 66.00 78.00 NOTE
r-oldrel-windows-ix86+x86_64 1.4-2.1 20.00 115.00 135.00 NOTE

Check Details

Version: 1.4-2
Check: R code for possible problems
Result: NOTE
    summary.microbenchmark: no visible global function definition for
    summary.microbenchmark : <anonymous>: no visible global function
     definition for ‘fivenum’
    summary.microbenchmark: no visible global function definition for ‘lm’
    Undefined global functions or variables:
     aggregate fivenum lm
    Consider adding
     importFrom("stats", "aggregate", "fivenum", "lm")
    to your NAMESPACE.
Flavor: r-devel-linux-x86_64-debian-gcc

Version: 1.4-2
Check: for GNU extensions in Makefiles
Result: WARN
    Found the following file(s) containing GNU extensions:
    Portable Makefiles do not use GNU extensions such as +=, :=, $(shell),
    $(wildcard), ifeq ... endif. See section ‘Writing portable packages’ in
    the ‘Writing R Extensions’ manual.
Flavors: r-devel-linux-x86_64-debian-gcc, r-patched-linux-x86_64, r-release-linux-x86_64, r-release-osx-x86_64-mavericks

Version: 1.4-2.1
Check: for GNU extensions in Makefiles
Result: NOTE
    GNU make is a SystemRequirements.
Flavors: r-devel-linux-x86_64-fedora-clang, r-devel-linux-x86_64-fedora-gcc, r-devel-osx-x86_64-clang, r-devel-windows-ix86+x86_64, r-release-windows-ix86+x86_64, r-oldrel-windows-ix86+x86_64

Version: 1.4-2
Check: package dependencies
Result: NOTE
    Package suggested but not available for checking: ‘multcomp’
Flavor: r-release-osx-x86_64-mavericks