CRAN Package Check Results for Package microbenchmark

Last updated on 2014-04-23 07:55:02.

Flavor Version Tinstall Tcheck Ttotal Status Flags
r-devel-linux-x86_64-debian-clang 1.3-0 0.87 11.10 11.97 NOTE
r-devel-linux-x86_64-debian-gcc 1.3-0 0.96 11.25 12.21 NOTE
r-devel-linux-x86_64-fedora-clang 1.3-0 23.72 NOTE
r-devel-linux-x86_64-fedora-gcc 1.3-0 22.50 NOTE
r-devel-osx-x86_64-clang 1.3-0 24.18 NOTE
r-devel-osx-x86_64-gcc 1.3-0 ERROR
r-devel-windows-ix86+x86_64 1.3-0 6.00 29.00 35.00 OK
r-patched-linux-x86_64 1.3-0 0.88 11.06 11.94 NOTE
r-patched-solaris-sparc 1.3-0 117.60 ERROR
r-patched-solaris-x86 1.3-0 33.60 NOTE
r-release-linux-ix86 1.3-0 1.00 25.00 26.00 NOTE
r-release-linux-x86_64 1.3-0 0.88 11.39 12.27 NOTE
r-release-osx-x86_64-mavericks 1.3-0 WARN
r-release-windows-ix86+x86_64 1.3-0 6.00 27.00 33.00 OK
r-oldrel-windows-ix86+x86_64 1.3-0 6.00 30.00 36.00 OK

Check Details

Version: 1.3-0
Check: DESCRIPTION meta-information
Result: NOTE
    Deprecated license: BSD
Flavors: r-devel-linux-x86_64-debian-clang, r-devel-linux-x86_64-debian-gcc, r-devel-linux-x86_64-fedora-clang, r-devel-linux-x86_64-fedora-gcc, r-devel-osx-x86_64-clang, r-devel-osx-x86_64-gcc, r-patched-linux-x86_64, r-patched-solaris-sparc, r-patched-solaris-x86, r-release-linux-ix86, r-release-linux-x86_64, r-release-osx-x86_64-mavericks

Version: 1.3-0
Check: package dependencies
Result: NOTE
    Package suggested but not available for checking: ‘ggplot2’
Flavor: r-devel-osx-x86_64-gcc

Version: 1.3-0
Check: R code for possible problems
Result: NOTE
    autoplot.microbenchmark: no visible global function definition for
     ‘ggplot’
    autoplot.microbenchmark: no visible global function definition for
     ‘aes_string’
    autoplot.microbenchmark: no visible global function definition for
     ‘coord_cartesian’
    autoplot.microbenchmark: no visible global function definition for
     ‘stat_ydensity’
    autoplot.microbenchmark: no visible global function definition for
     ‘scale_x_discrete’
    autoplot.microbenchmark: no visible global function definition for
     ‘scale_y_log10’
    autoplot.microbenchmark: no visible global function definition for
     ‘scale_y_continuous’
    autoplot.microbenchmark: no visible global function definition for
     ‘coord_flip’
Flavor: r-devel-osx-x86_64-gcc

Version: 1.3-0
Check: examples
Result: ERROR
    Running examples in ‘microbenchmark-Ex.R’ failed
    The error most likely occurred in:
    
    > ### Name: autoplot.microbenchmark
    > ### Title: Autoplot method for microbenchmark objects: Prettier graphs for
    > ### microbenchmark using ggplot2
    > ### Aliases: autoplot.microbenchmark
    >
    > ### ** Examples
    >
    > library("ggplot2")
    Error in library("ggplot2") : there is no package called ‘ggplot2’
    Execution halted
Flavor: r-devel-osx-x86_64-gcc

Version: 1.3-0
Check: examples
Result: ERROR
    Running examples in ‘microbenchmark-Ex.R’ failed
    The error most likely occurred in:
    
    > ### Name: autoplot.microbenchmark
    > ### Title: Autoplot method for microbenchmark objects: Prettier graphs for
    > ### microbenchmark using ggplot2
    > ### Aliases: autoplot.microbenchmark
    >
    > ### ** Examples
    >
    > library("ggplot2")
    >
    > tm <- microbenchmark(rchisq(100, 0),
    + rchisq(100, 1),
    + rchisq(100, 2),
    + rchisq(100, 3),
    + rchisq(100, 5), times=1000L)
    Error in microbenchmark(rchisq(100, 0), rchisq(100, 1), rchisq(100, 2), :
     Overhead estimation failed. No overhead could be observed or the observed overhead was maximally large.
    Calls: microbenchmark -> .Call
    Execution halted
Flavor: r-patched-solaris-sparc

Version: 1.3-0
Check: PDF version of manual
Result: WARNING
    LaTeX errors when creating PDF version.
    This typically indicates Rd problems.
    LaTeX errors found:
    ! LaTeX Error: File `upquote.sty' not found.
    
    Type X to quit or <RETURN> to proceed,
    or enter new name. (Default extension: sty)
    
    717bd5a6/Rd2.tex:8: ==> Fatal error occurred, no output PDF file produced!
Flavor: r-release-osx-x86_64-mavericks