CRAN Package Check Results for Package microbenchmark

Last updated on 2016-07-24 06:46:57.

Flavor Version Tinstall Tcheck Ttotal Status Flags
r-devel-linux-x86_64-debian-clang 1.4-2.1 1.96 21.45 23.40 NOTE
r-devel-linux-x86_64-debian-gcc 1.4-2.1 1.89 21.44 23.33 NOTE
r-devel-linux-x86_64-fedora-clang 1.4-2.1 34.71 NOTE
r-devel-linux-x86_64-fedora-gcc 1.4-2.1 33.13 NOTE
r-devel-osx-x86_64-clang 1.4-2.1 30.29 NOTE
r-devel-windows-ix86+x86_64 1.4-2.1 7.00 57.00 64.00 NOTE
r-patched-linux-x86_64 1.4-2.1 1.81 21.32 23.14 NOTE
r-release-linux-x86_64 1.4-2.1 1.85 22.60 24.44 NOTE
r-release-osx-x86_64-mavericks 1.4-2.1 NOTE
r-release-windows-ix86+x86_64 1.4-2.1 8.00 52.00 60.00 NOTE
r-oldrel-windows-ix86+x86_64 1.4-2.1 11.00 57.00 68.00 NOTE

Check Details

Version: 1.4-2.1
Check: for GNU extensions in Makefiles
Result: NOTE
    GNU make is a SystemRequirements.
Flavors: r-devel-linux-x86_64-debian-clang, r-devel-linux-x86_64-debian-gcc, r-devel-linux-x86_64-fedora-clang, r-devel-linux-x86_64-fedora-gcc, r-devel-osx-x86_64-clang, r-devel-windows-ix86+x86_64, r-patched-linux-x86_64, r-release-linux-x86_64, r-release-osx-x86_64-mavericks, r-release-windows-ix86+x86_64, r-oldrel-windows-ix86+x86_64