CRAN Package Check Results for Package microbenchmark

Last updated on 2016-02-07 12:47:07.

Flavor Version Tinstall Tcheck Ttotal Status Flags
r-devel-linux-x86_64-debian-gcc 1.4-2.1 1.45 14.60 16.05 NOTE
r-devel-linux-x86_64-fedora-clang 1.4-2.1 30.68 NOTE
r-devel-linux-x86_64-fedora-gcc 1.4-2.1 30.15 NOTE
r-devel-osx-x86_64-clang 1.4-2.1 34.73 NOTE
r-devel-windows-ix86+x86_64 1.4-2.1 7.00 44.00 51.00 NOTE
r-patched-linux-x86_64 1.4-2.1 1.65 15.83 17.48 NOTE
r-release-linux-x86_64 1.4-2.1 1.49 15.89 17.39 NOTE
r-release-osx-x86_64-mavericks 1.4-2.1 NOTE
r-release-windows-ix86+x86_64 1.4-2.1 10.00 42.00 52.00 NOTE
r-oldrel-windows-ix86+x86_64 1.4-2.1 17.00 70.00 87.00 NOTE

Check Details

Version: 1.4-2.1
Check: for GNU extensions in Makefiles
Result: NOTE
    GNU make is a SystemRequirements.
Flavors: r-devel-linux-x86_64-debian-gcc, r-devel-linux-x86_64-fedora-clang, r-devel-linux-x86_64-fedora-gcc, r-devel-osx-x86_64-clang, r-devel-windows-ix86+x86_64, r-patched-linux-x86_64, r-release-linux-x86_64, r-release-osx-x86_64-mavericks, r-release-windows-ix86+x86_64, r-oldrel-windows-ix86+x86_64