CRAN Package Check Results for Package microbenchmark

Last updated on 2015-04-25 15:46:16.

Flavor Version Tinstall Tcheck Ttotal Status Flags
r-devel-linux-x86_64-debian-clang 1.4-2 1.63 16.61 18.24 WARN
r-devel-linux-x86_64-debian-gcc 1.4-2 1.56 17.00 18.56 WARN
r-devel-linux-x86_64-fedora-clang 1.4-2 37.05 WARN
r-devel-linux-x86_64-fedora-gcc 1.4-2 33.77 WARN
r-devel-osx-x86_64-clang 1.4-2 36.11 WARN
r-devel-windows-ix86+x86_64 1.4-2 8.00 42.00 50.00 WARN
r-patched-linux-x86_64 1.4-2 1.48 16.10 17.58 WARN
r-patched-solaris-x86 1.4-2 47.90 WARN
r-release-linux-x86_64 1.4-2 1.50 17.02 18.52 WARN
r-release-osx-x86_64-mavericks 1.4-2 WARN
r-release-osx-x86_64-snowleopard 1.4-2 ERROR
r-release-windows-ix86+x86_64 1.4-2 9.00 44.00 53.00 WARN
r-oldrel-windows-ix86+x86_64 1.4-2 9.00 60.00 69.00 WARN

Check Details

Version: 1.4-2
Check: for GNU extensions in Makefiles
Result: WARN
    Found the following file(s) containing GNU extensions:
     src/Makevars
    Portable Makefiles do not use GNU extensions such as +=, :=, $(shell),
    $(wildcard), ifeq ... endif. See section 'Writing portable packages' in
    the 'Writing R Extensions' manual.
Flavors: r-devel-windows-ix86+x86_64, r-release-windows-ix86+x86_64, r-oldrel-windows-ix86+x86_64