CRAN Package Check Results for Package microbenchmark

Last updated on 2016-05-05 20:47:58.

Flavor Version Tinstall Tcheck Ttotal Status Flags
r-devel-linux-x86_64-debian-gcc 1.4-2.1 1.43 17.46 18.89 NOTE
r-devel-linux-x86_64-fedora-clang 1.4-2.1 35.09 NOTE
r-devel-linux-x86_64-fedora-gcc 1.4-2.1 33.11 NOTE
r-devel-osx-x86_64-clang 1.4-2.1 40.72 NOTE
r-devel-windows-ix86+x86_64 1.4-2.1 7.00 49.00 56.00 NOTE
r-patched-linux-x86_64 1.4-2.1 1.45 17.36 18.81 NOTE
r-release-linux-x86_64 1.4-2.1 1.48 17.25 18.73 NOTE
r-release-osx-x86_64-mavericks 1.4-2.1 NOTE
r-release-windows-ix86+x86_64 1.4-2.1 7.00 49.00 56.00 NOTE
r-oldrel-windows-ix86+x86_64 1.4-2.1 11.00 68.00 79.00 NOTE

Check Details

Version: 1.4-2.1
Check: for GNU extensions in Makefiles
Result: NOTE
    GNU make is a SystemRequirements.
Flavors: r-devel-linux-x86_64-debian-gcc, r-devel-linux-x86_64-fedora-clang, r-devel-linux-x86_64-fedora-gcc, r-devel-osx-x86_64-clang, r-devel-windows-ix86+x86_64, r-patched-linux-x86_64, r-release-linux-x86_64, r-release-osx-x86_64-mavericks, r-release-windows-ix86+x86_64, r-oldrel-windows-ix86+x86_64