CRAN Package Check Results for Package microbenchmark

Last updated on 2015-10-13 17:48:24.

Flavor Version Tinstall Tcheck Ttotal Status Flags
r-devel-linux-x86_64-debian-gcc 1.4-2 1.49 15.42 16.92 WARN
r-devel-linux-x86_64-fedora-clang 1.4-2 33.66 WARN
r-devel-linux-x86_64-fedora-gcc 1.4-2 31.33 WARN
r-devel-osx-x86_64-clang 1.4-2 32.46 WARN
r-devel-windows-ix86+x86_64 1.4-2 15.00 49.00 64.00 WARN
r-patched-linux-x86_64 1.4-2 1.54 16.26 17.80 WARN
r-release-linux-x86_64 1.4-2 1.56 16.94 18.50 WARN
r-release-osx-x86_64-mavericks 1.4-2 WARN
r-release-windows-ix86+x86_64 1.4-2 13.00 42.00 55.00 WARN
r-oldrel-windows-ix86+x86_64 1.4-2 19.00 78.00 97.00 WARN

Check Details

Version: 1.4-2
Check: R code for possible problems
Result: NOTE
    summary.microbenchmark: no visible global function definition for
    summary.microbenchmark : <anonymous>: no visible global function
     definition for ‘fivenum’
    summary.microbenchmark: no visible global function definition for ‘lm’
    Undefined global functions or variables:
     aggregate fivenum lm
    Consider adding
     importFrom("stats", "aggregate", "fivenum", "lm")
    to your NAMESPACE.
Flavors: r-devel-linux-x86_64-debian-gcc, r-devel-linux-x86_64-fedora-clang, r-devel-linux-x86_64-fedora-gcc, r-devel-windows-ix86+x86_64

Version: 1.4-2
Check: for GNU extensions in Makefiles
Result: WARN
    Found the following file(s) containing GNU extensions:
    Portable Makefiles do not use GNU extensions such as +=, :=, $(shell),
    $(wildcard), ifeq ... endif. See section ‘Writing portable packages’ in
    the ‘Writing R Extensions’ manual.
Flavors: r-devel-linux-x86_64-debian-gcc, r-devel-linux-x86_64-fedora-clang, r-devel-linux-x86_64-fedora-gcc, r-devel-osx-x86_64-clang, r-devel-windows-ix86+x86_64, r-patched-linux-x86_64, r-release-linux-x86_64, r-release-osx-x86_64-mavericks, r-release-windows-ix86+x86_64, r-oldrel-windows-ix86+x86_64

Version: 1.4-2
Check: package dependencies
Result: NOTE
    Package suggested but not available for checking: ‘multcomp’
Flavor: r-release-osx-x86_64-mavericks