CRAN Package Check Results for Package microbenchmark

Last updated on 2017-02-27 19:50:45.

Flavor Version Tinstall Tcheck Ttotal Status Flags
r-devel-linux-x86_64-debian-clang 1.4-2.1 1.68 22.71 24.39 NOTE
r-devel-linux-x86_64-debian-gcc 1.4-2.1 1.88 22.15 24.04 NOTE
r-devel-linux-x86_64-fedora-clang 1.4-2.1 45.38 NOTE --no-stop-on-test-error
r-devel-linux-x86_64-fedora-gcc 1.4-2.1 42.93 NOTE --no-stop-on-test-error
r-devel-macos-x86_64-clang 1.4-2.1 37.07 NOTE --no-stop-on-test-error
r-devel-windows-ix86+x86_64 1.4-2.1 16.00 129.00 145.00 NOTE
r-patched-linux-x86_64 1.4-2.1 2.12 18.14 20.25 NOTE
r-release-linux-x86_64 1.4-2.1 1.91 18.11 20.01 NOTE
r-release-osx-x86_64-mavericks 1.4-2.1 NOTE
r-release-windows-ix86+x86_64 1.4-2.1 25.00 126.00 151.00 NOTE
r-oldrel-windows-ix86+x86_64 1.4-2.1 9.00 75.00 84.00 NOTE

Check Details

Version: 1.4-2.1
Check: for GNU extensions in Makefiles
Result: NOTE
    GNU make is a SystemRequirements.
Flavors: r-devel-linux-x86_64-debian-clang, r-devel-linux-x86_64-debian-gcc, r-devel-windows-ix86+x86_64, r-patched-linux-x86_64, r-release-linux-x86_64, r-release-osx-x86_64-mavericks, r-release-windows-ix86+x86_64, r-oldrel-windows-ix86+x86_64

Version: 1.4-2.1
Check: compiled code
Result: NOTE
    File ‘microbenchmark/libs/microbenchmark.so’:
     Found no calls to: ‘R_registerRoutines’, ‘R_useDynamicSymbols’
    
    It is good practice to register native routines and to disable symbol
    search.
    
    See ‘Writing portable packages’ in the ‘Writing R Extensions’ manual.
Flavors: r-devel-linux-x86_64-debian-clang, r-devel-linux-x86_64-debian-gcc

Version: 1.4-2.1
Flags: --no-stop-on-test-error
Check: for GNU extensions in Makefiles
Result: NOTE
    GNU make is a SystemRequirements.
Flavors: r-devel-linux-x86_64-fedora-clang, r-devel-linux-x86_64-fedora-gcc, r-devel-macos-x86_64-clang

Version: 1.4-2.1
Flags: --no-stop-on-test-error
Check: compiled code
Result: NOTE
    File ‘microbenchmark/libs/microbenchmark.so’:
     Found no calls to: ‘R_registerRoutines’, ‘R_useDynamicSymbols’
    
    It is good practice to register native routines and to disable symbol
    search.
    
    See ‘Writing portable packages’ in the ‘Writing R Extensions’ manual.
Flavors: r-devel-linux-x86_64-fedora-clang, r-devel-linux-x86_64-fedora-gcc, r-devel-macos-x86_64-clang