CRAN Package Check Results for Package microbenchmark

Last updated on 2014-07-25 19:50:16.

Flavor Version Tinstall Tcheck Ttotal Status Flags
r-devel-linux-x86_64-debian-clang 1.3-0 0.90 10.43 11.32 NOTE
r-devel-linux-x86_64-debian-gcc 1.3-0 0.81 10.19 11.00 NOTE
r-devel-linux-x86_64-fedora-clang 1.3-0 23.33 NOTE
r-devel-linux-x86_64-fedora-gcc 1.3-0 21.71 NOTE
r-devel-osx-x86_64-clang 1.3-0 25.46 NOTE
r-devel-windows-ix86+x86_64 1.3-0 5.00 29.00 34.00 OK
r-patched-linux-x86_64 1.3-0 0.81 10.74 11.55 NOTE
r-patched-solaris-sparc 1.3-0 117.60 ERROR
r-patched-solaris-x86 1.3-0 32.50 NOTE
r-release-linux-ix86 1.3-0 1.30 17.27 18.57 NOTE
r-release-linux-x86_64 1.3-0 0.84 10.78 11.62 NOTE
r-release-osx-x86_64-mavericks 1.3-0 NOTE
r-release-windows-ix86+x86_64 1.3-0 6.00 28.00 34.00 OK
r-oldrel-windows-ix86+x86_64 1.3-0 6.00 28.00 34.00 OK

Check Details

Version: 1.3-0
Check: DESCRIPTION meta-information
Result: NOTE
    Deprecated license: BSD
Flavors: r-devel-linux-x86_64-debian-clang, r-devel-linux-x86_64-debian-gcc, r-devel-linux-x86_64-fedora-clang, r-devel-linux-x86_64-fedora-gcc, r-devel-osx-x86_64-clang, r-patched-linux-x86_64, r-patched-solaris-sparc, r-patched-solaris-x86, r-release-linux-ix86, r-release-linux-x86_64, r-release-osx-x86_64-mavericks

Version: 1.3-0
Check: examples
Result: ERROR
    Running examples in ‘microbenchmark-Ex.R’ failed
    The error most likely occurred in:
    
    > ### Name: autoplot.microbenchmark
    > ### Title: Autoplot method for microbenchmark objects: Prettier graphs for
    > ### microbenchmark using ggplot2
    > ### Aliases: autoplot.microbenchmark
    >
    > ### ** Examples
    >
    > library("ggplot2")
    >
    > tm <- microbenchmark(rchisq(100, 0),
    + rchisq(100, 1),
    + rchisq(100, 2),
    + rchisq(100, 3),
    + rchisq(100, 5), times=1000L)
    Error in microbenchmark(rchisq(100, 0), rchisq(100, 1), rchisq(100, 2), :
     Overhead estimation failed. No overhead could be observed or the observed overhead was maximally large.
    Calls: microbenchmark -> .Call
    Execution halted
Flavor: r-patched-solaris-sparc