CRAN Package Check Results for Package microbenchmark

Last updated on 2016-09-29 14:47:33.

Flavor Version Tinstall Tcheck Ttotal Status Flags
r-devel-linux-x86_64-debian-clang 1.4-2.1 1.61 18.04 19.65 NOTE
r-devel-linux-x86_64-debian-gcc 1.4-2.1 1.50 17.26 18.77 NOTE
r-devel-linux-x86_64-fedora-clang 1.4-2.1 35.84 NOTE
r-devel-linux-x86_64-fedora-gcc 1.4-2.1 32.67 NOTE
r-devel-macos-x86_64-clang 1.4-2.1 28.40 NOTE
r-devel-windows-ix86+x86_64 1.4-2.1 18.00 61.00 79.00 NOTE
r-patched-linux-x86_64 1.4-2.1 1.81 17.67 19.49 NOTE
r-release-linux-x86_64 1.4-2.1 1.54 17.63 19.17 NOTE
r-release-osx-x86_64-mavericks 1.4-2.1 NOTE
r-release-windows-ix86+x86_64 1.4-2.1 11.00 65.00 76.00 NOTE
r-oldrel-windows-ix86+x86_64 1.4-2.1 12.00 67.00 79.00 NOTE

Check Details

Version: 1.4-2.1
Check: for GNU extensions in Makefiles
Result: NOTE
    GNU make is a SystemRequirements.
Flavors: r-devel-linux-x86_64-debian-clang, r-devel-linux-x86_64-debian-gcc, r-devel-linux-x86_64-fedora-clang, r-devel-linux-x86_64-fedora-gcc, r-devel-macos-x86_64-clang, r-devel-windows-ix86+x86_64, r-patched-linux-x86_64, r-release-linux-x86_64, r-release-osx-x86_64-mavericks, r-release-windows-ix86+x86_64, r-oldrel-windows-ix86+x86_64