CRAN Package Check Results for Package microbenchmark

Last updated on 2018-07-23 06:46:45 CEST.

Flavor Version Tinstall Tcheck Ttotal Status Flags
r-devel-linux-x86_64-debian-clang 1.4-4 4.94 22.53 27.47 ERROR
r-devel-linux-x86_64-debian-gcc 1.4-4 3.03 18.86 21.89 ERROR
r-devel-linux-x86_64-fedora-clang 1.4-4 37.64 OK
r-devel-linux-x86_64-fedora-gcc 1.4-4 35.61 OK
r-devel-windows-ix86+x86_64 1.4-4 13.00 60.00 73.00 OK
r-patched-linux-x86_64 1.4-4 ERROR
r-patched-solaris-x86 1.4-4 58.60 OK
r-release-linux-x86_64 1.4-4 3.38 22.04 25.42 ERROR
r-release-windows-ix86+x86_64 1.4-4 8.00 55.00 63.00 OK
r-release-osx-x86_64 1.4-4 OK
r-oldrel-windows-ix86+x86_64 1.4-4 9.00 80.00 89.00 OK
r-oldrel-osx-x86_64 1.4-4 OK

Check Details

Version: 1.4-4
Check: examples
Result: ERROR
    Running examples in ‘microbenchmark-Ex.R’ failed
    The error most likely occurred in:
    
    > base::assign(".ptime", proc.time(), pos = "CheckExEnv")
    > ### Name: autoplot.microbenchmark
    > ### Title: Autoplot method for microbenchmark objects: Prettier graphs for
    > ### microbenchmark using ggplot2
    > ### Aliases: autoplot.microbenchmark
    >
    > ### ** Examples
    >
    > if (require("ggplot2")) {
    +
    + tm <- microbenchmark(rchisq(100, 0),
    + rchisq(100, 1),
    + rchisq(100, 2),
    + rchisq(100, 3),
    + rchisq(100, 5), times=1000L)
    + autoplot(tm)
    + }
    Loading required package: ggplot2
    Error: Objects of type microbenchmark/data.frame not supported by autoplot.
    Execution halted
Flavors: r-devel-linux-x86_64-debian-clang, r-devel-linux-x86_64-debian-gcc, r-patched-linux-x86_64, r-release-linux-x86_64