CRAN Package Check Results for Package microbenchmark

Last updated on 2014-09-23 15:48:54.

Flavor Version Tinstall Tcheck Ttotal Status Flags
r-devel-linux-x86_64-debian-clang 1.3-0 0.81 9.94 10.75 NOTE
r-devel-linux-x86_64-debian-gcc 1.3-0 0.81 10.25 11.06 NOTE
r-devel-linux-x86_64-fedora-clang 1.3-0 21.49 NOTE
r-devel-linux-x86_64-fedora-gcc 1.3-0 20.97 NOTE
r-devel-osx-x86_64-clang 1.3-0 26.16 NOTE
r-devel-windows-ix86+x86_64 1.3-0 6.00 23.00 29.00 NOTE
r-patched-linux-x86_64 1.3-0 0.84 10.99 11.83 NOTE
r-release-linux-ix86 1.3-0 1.30 17.44 18.74 NOTE
r-release-linux-x86_64 1.3-0 0.84 11.11 11.95 NOTE
r-release-osx-x86_64-mavericks 1.3-0 NOTE
r-release-windows-ix86+x86_64 1.3-0 7.00 26.00 33.00 OK
r-oldrel-windows-ix86+x86_64 1.3-0 6.00 28.00 34.00 OK

Check Details

Version: 1.3-0
Check: DESCRIPTION meta-information
Result: NOTE
    Deprecated license: BSD
Flavors: r-devel-linux-x86_64-debian-clang, r-devel-linux-x86_64-debian-gcc, r-devel-linux-x86_64-fedora-clang, r-devel-linux-x86_64-fedora-gcc, r-devel-osx-x86_64-clang, r-patched-linux-x86_64, r-release-linux-ix86, r-release-linux-x86_64, r-release-osx-x86_64-mavericks

Version: 1.3-0
Check: R code for possible problems
Result: NOTE
    autoplot.microbenchmark: no visible global function definition for
     ‘ggplot’
    autoplot.microbenchmark: no visible global function definition for
     ‘aes_string’
    autoplot.microbenchmark: no visible global function definition for
     ‘coord_cartesian’
    autoplot.microbenchmark: no visible global function definition for
     ‘stat_ydensity’
    autoplot.microbenchmark: no visible global function definition for
     ‘scale_x_discrete’
    autoplot.microbenchmark: no visible global function definition for
     ‘scale_y_log10’
    autoplot.microbenchmark: no visible global function definition for
     ‘scale_y_continuous’
    autoplot.microbenchmark: no visible global function definition for
     ‘coord_flip’
Flavors: r-devel-linux-x86_64-debian-clang, r-devel-linux-x86_64-debian-gcc, r-devel-linux-x86_64-fedora-clang, r-devel-linux-x86_64-fedora-gcc, r-devel-osx-x86_64-clang, r-devel-windows-ix86+x86_64