CRAN Package Check Results for Package microbenchmark

Last updated on 2017-01-20 17:52:13.

Flavor Version Tinstall Tcheck Ttotal Status Flags
r-devel-linux-x86_64-debian-clang 1.4-2.1 1.77 23.27 25.04 NOTE
r-devel-linux-x86_64-debian-gcc 1.4-2.1 1.98 22.65 24.63 NOTE
r-devel-linux-x86_64-fedora-clang 1.4-2.1 45.15 NOTE --no-stop-on-test-error
r-devel-linux-x86_64-fedora-gcc 1.4-2.1 43.51 NOTE --no-stop-on-test-error
r-devel-macos-x86_64-clang 1.4-2.1 36.31 NOTE --no-stop-on-test-error
r-devel-windows-ix86+x86_64 1.4-2.1 12.00 82.00 94.00 NOTE
r-patched-linux-x86_64 1.4-2.1 1.77 17.87 19.64 NOTE
r-release-linux-x86_64 1.4-2.1 1.61 18.51 20.11 NOTE
r-release-osx-x86_64-mavericks 1.4-2.1 NOTE
r-release-windows-ix86+x86_64 1.4-2.1 8.00 50.00 58.00 NOTE
r-oldrel-windows-ix86+x86_64 1.4-2.1 11.00 71.00 82.00 NOTE

Check Details

Version: 1.4-2.1
Check: for GNU extensions in Makefiles
Result: NOTE
    GNU make is a SystemRequirements.
Flavors: r-devel-linux-x86_64-debian-clang, r-devel-linux-x86_64-debian-gcc, r-devel-windows-ix86+x86_64, r-patched-linux-x86_64, r-release-linux-x86_64, r-release-osx-x86_64-mavericks, r-release-windows-ix86+x86_64, r-oldrel-windows-ix86+x86_64

Version: 1.4-2.1
Flags: --no-stop-on-test-error
Check: for GNU extensions in Makefiles
Result: NOTE
    GNU make is a SystemRequirements.
Flavors: r-devel-linux-x86_64-fedora-clang, r-devel-linux-x86_64-fedora-gcc, r-devel-macos-x86_64-clang