CRAN Package Check Results for Package microbenchmark

Last updated on 2017-08-21 02:49:00.

Flavor Version Tinstall Tcheck Ttotal Status Flags
r-devel-linux-x86_64-debian-clang 1.4-2.1 1.83 23.11 24.94 NOTE
r-devel-linux-x86_64-debian-gcc 1.4-2.1 1.76 22.71 24.47 NOTE
r-devel-linux-x86_64-fedora-clang 1.4-2.1 44.81 NOTE
r-devel-linux-x86_64-fedora-gcc 1.4-2.1 43.44 NOTE
r-devel-windows-ix86+x86_64 1.4-2.1 9.00 60.00 69.00 NOTE
r-patched-linux-x86_64 1.4-2.1 1.70 23.24 24.94 NOTE
r-release-linux-x86_64 1.4-2.1 1.69 23.54 25.23 NOTE
r-release-windows-ix86+x86_64 1.4-2.1 13.00 78.00 91.00 NOTE
r-release-osx-x86_64 1.4-2.1 NOTE
r-oldrel-windows-ix86+x86_64 1.4-2.1 8.00 54.00 62.00 NOTE
r-oldrel-osx-x86_64 1.4-2.1 NOTE

Check Details

Version: 1.4-2.1
Check: for GNU extensions in Makefiles
Result: NOTE
    GNU make is a SystemRequirements.
Flavors: r-devel-linux-x86_64-debian-clang, r-devel-linux-x86_64-debian-gcc, r-devel-linux-x86_64-fedora-clang, r-devel-linux-x86_64-fedora-gcc, r-devel-windows-ix86+x86_64, r-patched-linux-x86_64, r-release-linux-x86_64, r-release-windows-ix86+x86_64, r-release-osx-x86_64, r-oldrel-windows-ix86+x86_64, r-oldrel-osx-x86_64

Version: 1.4-2.1
Check: compiled code
Result: NOTE
    File ‘microbenchmark/libs/microbenchmark.so’:
     Found no calls to: ‘R_registerRoutines’, ‘R_useDynamicSymbols’
    
    It is good practice to register native routines and to disable symbol
    search.
    
    See ‘Writing portable packages’ in the ‘Writing R Extensions’ manual.
Flavors: r-devel-linux-x86_64-debian-clang, r-devel-linux-x86_64-debian-gcc, r-devel-linux-x86_64-fedora-clang, r-devel-linux-x86_64-fedora-gcc, r-patched-linux-x86_64, r-release-linux-x86_64