CRAN Package Check Results for Package microbenchmark

Last updated on 2015-05-29 13:49:13.

Flavor Version Tinstall Tcheck Ttotal Status Flags
r-devel-linux-x86_64-debian-clang 1.4-2 1.58 17.04 18.62 WARN
r-devel-linux-x86_64-debian-gcc 1.4-2 1.55 17.34 18.89 WARN
r-devel-linux-x86_64-fedora-clang 1.4-2 36.67 WARN
r-devel-linux-x86_64-fedora-gcc 1.4-2 34.05 WARN
r-devel-osx-x86_64-clang 1.4-2 36.66 WARN
r-devel-windows-ix86+x86_64 1.4-2 9.00 45.00 54.00 WARN
r-patched-linux-x86_64 1.4-2 1.61 17.24 18.85 WARN
r-patched-solaris-x86 1.4-2 52.20 WARN
r-release-linux-x86_64 1.4-2 1.60 17.48 19.08 WARN
r-release-osx-x86_64-mavericks 1.4-2 WARN
r-release-osx-x86_64-snowleopard 1.4-2 ERROR
r-release-windows-ix86+x86_64 1.4-2 8.00 48.00 56.00 WARN
r-oldrel-windows-ix86+x86_64 1.4-2 13.00 69.00 82.00 WARN

Check Details

Version: 1.4-2
Check: for GNU extensions in Makefiles
Result: WARN
    Found the following file(s) containing GNU extensions:
     src/Makevars
    Portable Makefiles do not use GNU extensions such as +=, :=, $(shell),
    $(wildcard), ifeq ... endif. See section ‘Writing portable packages’ in
    the ‘Writing R Extensions’ manual.
Flavors: r-devel-linux-x86_64-debian-clang, r-devel-linux-x86_64-debian-gcc, r-devel-linux-x86_64-fedora-clang, r-devel-linux-x86_64-fedora-gcc, r-devel-osx-x86_64-clang, r-devel-windows-ix86+x86_64, r-patched-linux-x86_64, r-patched-solaris-x86, r-release-linux-x86_64, r-release-osx-x86_64-mavericks, r-release-windows-ix86+x86_64, r-oldrel-windows-ix86+x86_64

Version: 1.4-2
Check: package dependencies
Result: NOTE
    Package suggested but not available for checking: ‘multcomp’
Flavor: r-release-osx-x86_64-mavericks

Version: 1.4-2
Check: package dependencies
Result: ERROR
    Package required but not available: ‘ggplot2’
    
    Package suggested but not available for checking: ‘multcomp’
    
    See section ‘The DESCRIPTION file’ in the ‘Writing R Extensions’
    manual.
Flavor: r-release-osx-x86_64-snowleopard