CRAN Package Check Results for Package microbenchmark

Last updated on 2016-08-31 21:47:09.

Flavor Version Tinstall Tcheck Ttotal Status Flags
r-devel-linux-x86_64-debian-clang 1.4-2.1 1.62 17.80 19.43 NOTE
r-devel-linux-x86_64-debian-gcc 1.4-2.1 1.72 17.53 19.24 NOTE
r-devel-linux-x86_64-fedora-clang 1.4-2.1 34.97 NOTE
r-devel-linux-x86_64-fedora-gcc 1.4-2.1 32.93 NOTE
r-devel-osx-x86_64-clang 1.4-2.1 30.39 NOTE
r-devel-windows-ix86+x86_64 1.4-2.1 12.00 69.00 81.00 NOTE
r-patched-linux-x86_64 1.4-2.1 2.34 18.00 20.35 NOTE
r-release-linux-x86_64 1.4-2.1 1.54 17.70 19.24 NOTE
r-release-osx-x86_64-mavericks 1.4-2.1 NOTE
r-release-windows-ix86+x86_64 1.4-2.1 13.00 63.00 76.00 NOTE
r-oldrel-windows-ix86+x86_64 1.4-2.1 16.00 66.00 82.00 NOTE

Check Details

Version: 1.4-2.1
Check: for GNU extensions in Makefiles
Result: NOTE
    GNU make is a SystemRequirements.
Flavors: r-devel-linux-x86_64-debian-clang, r-devel-linux-x86_64-debian-gcc, r-devel-linux-x86_64-fedora-clang, r-devel-linux-x86_64-fedora-gcc, r-devel-osx-x86_64-clang, r-devel-windows-ix86+x86_64, r-patched-linux-x86_64, r-release-linux-x86_64, r-release-osx-x86_64-mavericks, r-release-windows-ix86+x86_64, r-oldrel-windows-ix86+x86_64